000
CXUS53 KLSX 011600
CF6CPS
PRELIMINARY LOCAL CLIMATOLOGICAL DATA (WS FORM: F-6)

                                          STATION:   CAHOKIA/ST. LOUIS
                                          MONTH:     JUNE
                                          YEAR:      2013
                                          LATITUDE:   38 34 N
                                          LONGITUDE:  90  9 W

  TEMPERATURE IN F:       :PCPN:    SNOW:  WIND      :SUNSHINE: SKY     :PK WND
================================================================================
1   2   3   4   5  6A  6B    7    8   9   10  11  12  13   14  15   16   17  18
                                     12Z  AVG MX 2MIN
DY MAX MIN AVG DEP HDD CDD  WTR  SNW DPTH SPD SPD DIR MIN PSBL S-S WX    SPD DR
================================================================================

 1  78  63  71   1   0   6 0.44  0.0    0  7.4 20 150   M    M   7 13     28 150
 2  69  58  64  -7   1   0    T  0.0    0  7.9 17 300   M    M   8        24 290
 3  72  54  63  -8   2   0 0.00  0.0    0  3.4 12  60   M    M   4        15 330
 4  77  50  64  -7   1   0 0.00  0.0    0  2.5 12  80   M    M   0 1      15 170
 5  82  60  71  -1   0   6 0.05  0.0    0  2.4  9 330   M    M   3 18     13 350
 6  80  65  73   1   0   8 0.00  0.0    0  8.3 17 340   M    M   5 1      21 350
 7  77  58  68  -4   0   3 0.00  0.0    0  7.9 16 340   M    M   5 18     22  10
 8  81  54  68  -4   0   3 0.00  0.0    0  3.7 12 220   M    M   2 1      16  50
 9  81  62  72  -1   0   7 0.04  0.0    0  5.0 21 290   M    M   3 3      36 240
10  81  62  72  -1   0   7 0.06  0.0    0  4.3 15 320   M    M   7 13     20 330
11  94  58  76   3   0  11 0.00  0.0    0  4.2 13 250   M    M   0 1      18 170
12  95  69  82   9   0  17 0.00  0.0    0  7.9 18 200   M    M   1        30 240
13  86  62  74   0   0   9 0.00  0.0    0 10.3 23 300   M    M   5        31 300
14  85  58  72  -2   0   7 0.00  0.0    0  3.5 13 140   M    M   0        16 140
15  90  66  78   4   0  13 0.09  0.0    0  5.5 28 310   M    M   3 13     37 310
16  85  69  77   3   0  12 0.33  0.0    0  3.1  7 120   M    M   6 13      M  M
17  87  64  76   1   0  11 1.02  0.0    0  3.0 18 290   M    M   3 13     25 280
18  91  62  77   2   0  12 0.00  0.0    0  4.8 15 340   M    M   0 1      20 360
19  86  65  76   1   0  11 0.00  0.0    0  3.0 10  60   M    M   1        13  50
20  91  65  78   3   0  13 0.00  0.0    0  4.4 12 170   M    M   1 1      16 170
21  92  70  81   6   0  16 0.00  0.0    0  6.0 14 170   M    M   1 1      20 170
22  91  66  79   3   0  14 1.23  0.0    0  5.2 25 340   M    M   2 123    31 340
23  89  66  78   2   0  13 1.96  0.0    0  5.5 28 350   M    M   5 13     36 360
24  92  67  80   4   0  15 0.00  0.0    0  5.3 12 220   M    M   0        20  40
25  93  75  84   8   0  19 0.00  0.0    0  5.7 15 170   M    M   1        22 170
26  93  74  84   8   0  19 0.42  0.0    0  5.7 29 290   M    M   3 13     39 300
27  97  74  86  10   0  21 0.00  0.0    0  7.1 22 330   M    M   0        28 310
28  91  73  82   5   0  17 0.01  0.0    0 10.1 24 330   M    M   3        31 330
29  85  64  75  -2   0  10 0.14  0.0    0 10.8 26 330   M    M   4 138    33 340
30  79  65  72  -5   0   7 0.18  0.0    0 11.1 23  10   M    M   9        29 360
================================================================================
SM 2570 1918         4 307  5.97     0.0 175.0          M       92
================================================================================
AV 85.7 63.9                               5.8 FASTST   M    M   3    MAX(MPH)
                                 MISC ---->  # 29 290               # 39  300
================================================================================
NOTES:
# LAST OF SEVERAL OCCURRENCES

COLUMN 17 PEAK WIND IN M.P.H.

PRELIMINARY LOCAL CLIMATOLOGICAL DATA (WS FORM: F-6) , PAGE 2

                                          STATION:  CAHOKIA/ST. LOUIS
                                          MONTH:    JUNE
                                          YEAR:     2013
                                          LATITUDE:   38 34 N
                                          LONGITUDE:  90  9 W

[TEMPERATURE DATA]      [PRECIPITATION DATA]       SYMBOLS USED IN COLUMN 16

AVERAGE MONTHLY: 74.8   TOTAL FOR MONTH:   5.97    1 = FOG OR MIST
DPTR FM NORMAL:   0.8   DPTR FM NORMAL:    1.80    2 = FOG REDUCING VISIBILITY
HIGHEST:    97 ON 27    GRTST 24HR  2.11 ON 31- 1      TO 1/4 MILE OR LESS
LOWEST:     50 ON  4                               3 = THUNDER
                        SNOW, ICE PELLETS, HAIL    4 = ICE PELLETS
                        TOTAL MONTH:   0.0 INCH    5 = HAIL
                        GRTST 24HR     0.0         6 = FREEZING RAIN OR DRIZZLE
                        GRTST DEPTH:   0           7 = DUSTSTORM OR SANDSTORM:
                                                       VSBY 1/2 MILE OR LESS
                                                   8 = SMOKE OR HAZE
[NO. OF DAYS WITH]      [WEATHER - DAYS WITH]      9 = BLOWING SNOW
                                                   X = TORNADO
MAX 32 OR BELOW:   0    0.01 INCH OR MORE:  13
MAX 90 OR ABOVE:  12    0.10 INCH OR MORE:   8
MIN 32 OR BELOW:   0    0.50 INCH OR MORE:   3
MIN  0 OR BELOW:   0    1.00 INCH OR MORE:   3

[HDD (BASE 65) ]
TOTAL THIS MO.     4    CLEAR  (SCALE 0-3)  18
DPTR FM NORMAL    -3    PTCLDY (SCALE 4-7)  11
TOTAL FM JUL 1  4663    CLOUDY (SCALE 8-10)  1
DPTR FM NORMAL   -62

[CDD (BASE 65) ]
TOTAL THIS MO.   307
DPTR FM NORMAL    30    [PRESSURE DATA]
TOTAL FM JAN 1   471    HIGHEST SLP 30.12 ON 20
DPTR FM NORMAL    59    LOWEST  SLP 29.64 ON 29

[REMARKS]
#FINAL-06-13#
