000
CXUS53 KLSX 011600
CF6CPS
PRELIMINARY LOCAL CLIMATOLOGICAL DATA (WS FORM: F-6)

                                          STATION:   CAHOKIA/ST. LOUIS
                                          MONTH:     JULY
                                          YEAR:      2013
                                          LATITUDE:   38 34 N
                                          LONGITUDE:  90  9 W

  TEMPERATURE IN F:       :PCPN:    SNOW:  WIND      :SUNSHINE: SKY     :PK WND
================================================================================
1   2   3   4   5  6A  6B    7    8   9   10  11  12  13   14  15   16   17  18
                                     12Z  AVG MX 2MIN
DY MAX MIN AVG DEP HDD CDD  WTR  SNW DPTH SPD SPD DIR MIN PSBL S-S WX    SPD DR
================================================================================

 1  80  62  71  -6   0   6 0.11  0.0    0 10.4 24  50   M    M   7        35  30
 2  68  61  65 -12   0   0 1.06  0.0    0  8.0 15 340   M    M  10 1      20 360
 3  82  62  72  -5   0   7 0.00  0.0    0  2.8 10 140   M    M   4        13 140
 4  85  60  73  -4   0   8    T  0.0    0  3.3 12 100   M    M   0 18     14 100
 5  84  63  74  -3   0   9 0.00  0.0    0  4.3 12 140   M    M   3 128    15 140
 6  88  66  77  -1   0  12 0.00  0.0    0  3.7 12 150   M    M   1 1      21 220
 7  91  64  78   0   0  13 0.00  0.0    0  4.6 12 200   M    M   0        18 190
 8  92  69  81   3   0  16 0.00  0.0    0  4.3 10 190   M    M   0        17 200
 9  95  77  86   8   0  21 0.00  0.0    0  4.5 12 170   M    M   1        17 200
10  89  73  81   3   0  16 0.12  0.0    0  6.0 18 310   M    M   4 3      23 290
11  85  63  74  -4   0   9 0.00  0.0    0  6.4 16  30   M    M   0        21  30
12  85  59  72  -6   0   7 0.00  0.0    0  3.1 12  80   M    M   0 1      14  70
13  86  59  73  -5   0   8 0.00  0.0    0  3.6 14 100   M    M   1        21  40
14  90  64  77  -1   0  12 0.23  0.0    0  4.6 15 110   M    M   3 1      20 110
15  92  72  82   4   0  17 0.02  0.0    0  4.6 13 100   M    M   2 1      16 130
16  93  72  83   5   0  18 0.00  0.0    0  3.7 12 140   M    M   1        16 150
17  95  72  84   6   0  19    T  0.0    0  1.4  9  10   M    M   2 3      10  80
18  96  73  85   7   0  20 0.00  0.0    0  3.0  M   M   M    M   1 13      M  M
19  96  74  85   7   0  20 0.00  0.0    0  4.1 12 140   M    M   1        15 150
20  96  72  84   6   0  19 0.00  0.0    0  5.1 20 150   M    M   2 3      26 130
21  84  72  78   0   0  13 0.01  0.0    0  3.1  8 150   M    M   5 1      12 140
22  93  70  82   4   0  17 0.00  0.0    0  3.1  9 220   M    M   6        17 360
23  94  72  83   5   0  18 0.00  0.0    0  6.9 18  20   M    M   1        25  30
24  82  60  71  -7   0   6 0.00  0.0    0  7.8 15  30   M    M   2        22  30
25  84  56  70  -8   0   5 0.00  0.0    0  2.9 13  30   M    M   0        16  40
26  74  62  68 -10   0   3 0.04  0.0    0  3.2  9 200   M    M   7        16 210
27  79  54  67 -11   0   2 0.00  0.0    0  8.0 20 310   M    M   3        28 320
28  82  50  66 -12   0   1 0.00  0.0    0  3.0 14 300   M    M   1        18 290
29  77  55  66 -12   0   1    T  0.0    0  3.1  8 140   M    M   4 1       M  M
30  75  66  71  -7   0   6 0.66  0.0    0  5.9 14  80   M    M   8 13     15  70
31  84  65  75  -3   0  10    T  0.0    0  5.3 17 320   M    M   8 128    22 340
================================================================================
SM 2676 2019         0 339  2.25     0.0 143.8          M       88
================================================================================
AV 86.3 65.1                               4.6 FASTST   M    M   3    MAX(MPH)
                                 MISC ---->  # 24  50               # 35   30
================================================================================
NOTES:
# LAST OF SEVERAL OCCURRENCES

COLUMN 17 PEAK WIND IN M.P.H.

PRELIMINARY LOCAL CLIMATOLOGICAL DATA (WS FORM: F-6) , PAGE 2

                                          STATION:  CAHOKIA/ST. LOUIS
                                          MONTH:    JULY
                                          YEAR:     2013
                                          LATITUDE:   38 34 N
                                          LONGITUDE:  90  9 W

[TEMPERATURE DATA]      [PRECIPITATION DATA]       SYMBOLS USED IN COLUMN 16

AVERAGE MONTHLY: 75.7   TOTAL FOR MONTH:   2.25    1 = FOG OR MIST
DPTR FM NORMAL:  -2.1   DPTR FM NORMAL:   -1.34    2 = FOG REDUCING VISIBILITY
HIGHEST:    96 ON 20,19 GRTST 24HR  1.14 ON  1- 2      TO 1/4 MILE OR LESS
LOWEST:     50 ON 28                               3 = THUNDER
                        SNOW, ICE PELLETS, HAIL    4 = ICE PELLETS
                        TOTAL MONTH:   0.0 INCH    5 = HAIL
                        GRTST 24HR     0.0         6 = FREEZING RAIN OR DRIZZLE
                        GRTST DEPTH:   0           7 = DUSTSTORM OR SANDSTORM:
                                                       VSBY 1/2 MILE OR LESS
                                                   8 = SMOKE OR HAZE
[NO. OF DAYS WITH]      [WEATHER - DAYS WITH]      9 = BLOWING SNOW
                                                   X = TORNADO
MAX 32 OR BELOW:   0    0.01 INCH OR MORE:   8
MAX 90 OR ABOVE:  12    0.10 INCH OR MORE:   5
MIN 32 OR BELOW:   0    0.50 INCH OR MORE:   2
MIN  0 OR BELOW:   0    1.00 INCH OR MORE:   1

[HDD (BASE 65) ]
TOTAL THIS MO.     0    CLEAR  (SCALE 0-3)  21
DPTR FM NORMAL     0    PTCLDY (SCALE 4-7)   8
TOTAL FM JUL 1     0    CLOUDY (SCALE 8-10)  2
DPTR FM NORMAL     0

[CDD (BASE 65) ]
TOTAL THIS MO.   339
DPTR FM NORMAL   -58    [PRESSURE DATA]
TOTAL FM JAN 1   810    HIGHEST SLP 30.32 ON 17
DPTR FM NORMAL     1    LOWEST  SLP 29.73 ON 23

[REMARKS]
#FINAL-07-13#
