000
CXUS53 KLSX 011600
CF6CPS
PRELIMINARY LOCAL CLIMATOLOGICAL DATA (WS FORM: F-6)

                                          STATION:   CAHOKIA/ST. LOUIS
                                          MONTH:     AUGUST
                                          YEAR:      2013
                                          LATITUDE:   38 34 N
                                          LONGITUDE:  90  9 W

  TEMPERATURE IN F:       :PCPN:    SNOW:  WIND      :SUNSHINE: SKY     :PK WND
================================================================================
1   2   3   4   5  6A  6B    7    8   9   10  11  12  13   14  15   16   17  18
                                     12Z  AVG MX 2MIN
DY MAX MIN AVG DEP HDD CDD  WTR  SNW DPTH SPD SPD DIR MIN PSBL S-S WX    SPD DR
================================================================================

 1  89  64  77  -1   0  12 0.00  0.0    0  4.1 14 340   M    M   1 1      17 340
 2  85  64  75  -3   0  10 0.22  0.0    0  3.0 10 100   M    M   4 1      16 220
 3  87  67  77  -1   0  12 0.00  0.0    0  4.9 15  10   M    M   5 18     23  10
 4  81  62  72  -6   0   7 0.00  0.0    0  2.9  8  80   M    M   1        12 170
 5  74  64  69  -9   0   4    T  0.0    0  5.8 14 150   M    M   9 18     18 140
 6  89  70  80   2   0  15 0.00  0.0    0  4.6 13 140   M    M   4 128    23 100
 7  90  72  81   3   0  16 0.01  0.0    0  4.5 13 140   M    M   2 3      17 210
 8  84  69  77   0   0  12 0.00  0.0    0  3.4 13 350   M    M   7 18     28  90
 9  83  68  76  -1   0  11    T  0.0    0  3.1  9 130   M    M   5 12     20  60
10  88  62  75  -2   0  10 0.00  0.0    0  4.4 14 360   M    M   3        20  60
11  87  57  72  -5   0   7 0.00  0.0    0  1.8  9 150   M    M   0 1      12  90
12  80  66  73  -4   0   8 0.10  0.0    0  1.1 13 360   M    M   4 138    14 350
13  80  60  70  -7   0   5 0.00  0.0    0  6.4 17  30   M    M   1 1      23  40
14  76  50  63 -14   2   0 0.00  0.0    0  4.3 14  80   M    M   2        18  20
15  76  52  64 -13   1   0 0.00  0.0    0  3.1 13  30   M    M   2        16 210
16  77  52  65 -12   0   0 0.00  0.0    0  3.5 14  80   M    M   1 1      18  50
17  83  54  69  -7   0   4 0.00  0.0    0  4.4 13  90   M    M   3 1      16 100
18  85  63  74  -2   0   9 0.04  0.0    0  3.3 10 120   M    M   5 1      14  80
19  86  58  72  -4   0   7 0.00  0.0    0  1.6  9 130   M    M   1 128    13 130
20  88  61  75  -1   0  10 0.00  0.0    0  2.8 10 140   M    M   1 18     15 130
21  91  63  77   1   0  12 0.00  0.0    0  3.3 10 160   M    M   1 1      15 170
22  92  66  79   3   0  14 0.00  0.0    0  2.8 13 360   M    M   2 1      17 300
23  90  68  79   4   0  14 0.00  0.0    0  3.6 14  90   M    M   1 1      20  60
24  91  63  77   2   0  12 0.00  0.0    0  3.9 12 140   M    M   0 1      14 170
25  92  61  77   2   0  12 0.00  0.0    0  3.5 12 140   M    M   0 1      15 150
26  94  71  83   8   0  18 0.00  0.0    0  4.1 10 210   M    M   3 18     16 160
27  95  70  83   9   0  18 0.00  0.0    0  3.5 12 270   M    M   1 1      17 280
28  96  66  81   7   0  16 0.00  0.0    0  3.4 10 240   M    M   0 18     15 240
29  98  69  84  10   0  19 0.00  0.0    0  3.0 12  10   M    M   1        15 330
30  99  71  85  11   0  20 0.00  0.0    0  3.3 15  30   M    M   3        21  70
31 101  76  89  16   0  24 0.24  0.0    0  4.7 44 340   M    M   1 13     62 330
================================================================================
SM 2707 1979         3 338  0.61     0.0 112.1          M       74
================================================================================
AV 87.3 63.8                               3.6 FASTST   M    M   2    MAX(MPH)
                                 MISC ---->  # 44 340               # 62  330
================================================================================
NOTES:
# LAST OF SEVERAL OCCURRENCES

COLUMN 17 PEAK WIND IN M.P.H.

PRELIMINARY LOCAL CLIMATOLOGICAL DATA (WS FORM: F-6) , PAGE 2

                                          STATION:  CAHOKIA/ST. LOUIS
                                          MONTH:    AUGUST
                                          YEAR:     2013
                                          LATITUDE:   38 34 N
                                          LONGITUDE:  90  9 W

[TEMPERATURE DATA]      [PRECIPITATION DATA]       SYMBOLS USED IN COLUMN 16

AVERAGE MONTHLY: 75.6   TOTAL FOR MONTH:   0.61    1 = FOG OR MIST
DPTR FM NORMAL:  -0.6   DPTR FM NORMAL:   -2.54    2 = FOG REDUCING VISIBILITY
HIGHEST:   101 ON 31    GRTST 24HR  0.24 ON 30-31      TO 1/4 MILE OR LESS
LOWEST:     50 ON 14                               3 = THUNDER
                        SNOW, ICE PELLETS, HAIL    4 = ICE PELLETS
                        TOTAL MONTH:   0.0 INCH    5 = HAIL
                        GRTST 24HR     0.0         6 = FREEZING RAIN OR DRIZZLE
                        GRTST DEPTH:   0           7 = DUSTSTORM OR SANDSTORM:
                                                       VSBY 1/2 MILE OR LESS
                                                   8 = SMOKE OR HAZE
[NO. OF DAYS WITH]      [WEATHER - DAYS WITH]      9 = BLOWING SNOW
                                                   X = TORNADO
MAX 32 OR BELOW:   0    0.01 INCH OR MORE:   5
MAX 90 OR ABOVE:  12    0.10 INCH OR MORE:   3
MIN 32 OR BELOW:   0    0.50 INCH OR MORE:   0
MIN  0 OR BELOW:   0    1.00 INCH OR MORE:   0

[HDD (BASE 65) ]
TOTAL THIS MO.     3    CLEAR  (SCALE 0-3)  23
DPTR FM NORMAL     1    PTCLDY (SCALE 4-7)   7
TOTAL FM JUL 1     3    CLOUDY (SCALE 8-10)  1
DPTR FM NORMAL     1

[CDD (BASE 65) ]
TOTAL THIS MO.   338
DPTR FM NORMAL   -11    [PRESSURE DATA]
TOTAL FM JAN 1  1148    HIGHEST SLP 30.26 ON 25
DPTR FM NORMAL   -10    LOWEST  SLP 29.70 ON 31

[REMARKS]
#FINAL-08-13#
