000
CXUS53 KLSX 011600
CF6CPS
PRELIMINARY LOCAL CLIMATOLOGICAL DATA (WS FORM: F-6)

                                          STATION:   CAHOKIA/ST. LOUIS
                                          MONTH:     FEBRUARY
                                          YEAR:      2013
                                          LATITUDE:   38 34 N
                                          LONGITUDE:  90  9 W

  TEMPERATURE IN F:       :PCPN:    SNOW:  WIND      :SUNSHINE: SKY     :PK WND
================================================================================
1   2   3   4   5  6A  6B    7    8   9   10  11  12  13   14  15   16   17  18
                                     12Z  AVG MX 2MIN
DY MAX MIN AVG DEP HDD CDD  WTR  SNW DPTH SPD SPD DIR MIN PSBL S-S WX    SPD DR
================================================================================

 1  28   9  19 -14  46   0 0.00  0.0    0  8.2 26 310   M    M   3        30 310
 2  43  28  36   3  29   0 0.06    M    0 10.4 26 300   M    M   7 1      32 300
 3  33  21  27  -6  38   0 0.18    M    M  9.2 28 300   M    M   4 12     33 310
 4  59  25  42   8  23   0 0.00  0.0    M  8.1 20 330   M    M   4        24 340
 5  57  28  43   9  22   0 0.00  0.0    0  6.2 18 300   M    M   3 18     24 300
 6  51  26  39   5  26   0 0.00  0.0    0  5.6 13 120   M    M   0 18     17 130
 7  55  33  44  10  21   0 0.07  0.0    0  6.6 22 320   M    M   7 1      26 310
 8  40  30  35   1  30   0 0.00  0.0    0 11.8 22 340   M    M  10 18     28 340
 9  43  30  37   3  28   0 0.14  0.0    0  8.6 18 120   M    M   8 1      21 120
10  56  38  47  12  18   0 0.67  0.0    0 12.4 29 240   M    M   8 1      41 240
11  50  30  40   5  25   0 0.00  0.0    0 10.5 26 250   M    M   0        41 240
12  46  26  36   1  29   0 0.00  0.0    0  1.2  7 340   M    M   2         9  20
13  54  37  46  10  19   0 0.00  0.0    0  5.0 16 260   M    M   4        21 240
14  56  37  47  11  18   0 0.00  0.0    0  8.6 17 320   M    M   1        23 300
15  43  29  36   0  29   0 0.00  0.0    0 11.3 22 330   M    M   4        29 320
16  37  22  30  -6  35   0 0.00  0.0    0  7.7 17 350   M    M   0 8      22 330
17  48  20  34  -3  31   0 0.00  0.0    0  7.9 18 140   M    M   4        23 140
18  57  35  46   9  19   0 0.07  0.0    0 14.2 33 300   M    M   5 1      44 310
19  36  25  31  -6  34   0 0.00  0.0    0 14.4 25 300   M    M   2        32 290
20  26  18  22 -16  43   0 0.00  0.0    0  7.3 15 350   M    M   1        21 320
21  32  19  26 -12  39   0    M    M    0 10.5 26  80   M    M   9 126    36  90
22  37  25  31  -7  34   0 0.01    M    M  5.8 15 260   M    M   7 1      20 270
23  37  16  27 -11  38   0 0.00  0.0    M  2.7  9 270   M    M   0 18     14 250
24  44  17  31  -8  34   0 0.00  0.0    M  3.9 10 100   M    M   0 18     13  90
25  46  27  37  -2  28   0 0.25  0.0    M 10.5 23  60   M    M   3 1      28  50
26  46  35  41   2  24   0 0.62    M    M 10.4 22  40   M    M  10 1      28  40
27  36  32  34  -6  31   0 0.02    M    M 11.5 18 280   M    M  10 18     23 270
28  35  32  34  -6  31   0    T    M    M 11.3 20 320   M    M  10 18     22 320
================================================================================
SM 1231  750       822   0  2.09     0.0 241.8          M      126
================================================================================
AV 44.0 26.8                               8.6 FASTST   M    M   5    MAX(MPH)
                                 MISC ---->  # 33 300               # 44  310
================================================================================
NOTES:
# LAST OF SEVERAL OCCURRENCES

COLUMN 17 PEAK WIND IN M.P.H.

PRELIMINARY LOCAL CLIMATOLOGICAL DATA (WS FORM: F-6) , PAGE 2

                                          STATION:  CAHOKIA/ST. LOUIS
                                          MONTH:    FEBRUARY
                                          YEAR:     2013
                                          LATITUDE:   38 34 N
                                          LONGITUDE:  90  9 W

[TEMPERATURE DATA]      [PRECIPITATION DATA]       SYMBOLS USED IN COLUMN 16

AVERAGE MONTHLY: 35.4   TOTAL FOR MONTH:   2.09    1 = FOG OR MIST
DPTR FM NORMAL:  -0.7   DPTR FM NORMAL:   -0.01    2 = FOG REDUCING VISIBILITY
HIGHEST:    59 ON  4    GRTST 24HR  0.87 ON 25-26      TO 1/4 MILE OR LESS
LOWEST:      9 ON  1                               3 = THUNDER
                        SNOW, ICE PELLETS, HAIL    4 = ICE PELLETS
                        TOTAL MONTH:   0.0 INCH    5 = HAIL
                        GRTST 24HR     0.0         6 = FREEZING RAIN OR DRIZZLE
                        GRTST DEPTH:   0           7 = DUSTSTORM OR SANDSTORM:
                                                       VSBY 1/2 MILE OR LESS
                                                   8 = SMOKE OR HAZE
[NO. OF DAYS WITH]      [WEATHER - DAYS WITH]      9 = BLOWING SNOW
                                                   X = TORNADO
MAX 32 OR BELOW:   3    0.01 INCH OR MORE:  10
MAX 90 OR ABOVE:   0    0.10 INCH OR MORE:   5
MIN 32 OR BELOW:  22    0.50 INCH OR MORE:   2
MIN  0 OR BELOW:   0    1.00 INCH OR MORE:   0

[HDD (BASE 65) ]
TOTAL THIS MO.   822    CLEAR  (SCALE 0-3)  12
DPTR FM NORMAL    13    PTCLDY (SCALE 4-7)  11
TOTAL FM JUL 1  3426    CLOUDY (SCALE 8-10)  5
DPTR FM NORMAL  -295

[CDD (BASE 65) ]
TOTAL THIS MO.     0
DPTR FM NORMAL     0    [PRESSURE DATA]
TOTAL FM JAN 1     0    HIGHEST SLP 30.54 ON  1
DPTR FM NORMAL     0    LOWEST  SLP 29.36 ON 26

[REMARKS]
#FINAL-02-13#
