000
CXUS53 KLSX 011600
CF6CPS
PRELIMINARY LOCAL CLIMATOLOGICAL DATA (WS FORM: F-6)

                                          STATION:   CAHOKIA/ST. LOUIS
                                          MONTH:     NOVEMBER
                                          YEAR:      2012
                                          LATITUDE:   38 34 N
                                          LONGITUDE:  90  9 W

  TEMPERATURE IN F:       :PCPN:    SNOW:  WIND      :SUNSHINE: SKY     :PK WND
================================================================================
1   2   3   4   5  6A  6B    7    8   9   10  11  12  13   14  15   16   17  18
                                     12Z  AVG MX 2MIN
DY MAX MIN AVG DEP HDD CDD  WTR  SNW DPTH SPD SPD DIR MIN PSBL S-S WX    SPD DR
================================================================================

 1  62  33  48  -3  17   0 0.00  0.0    0  3.0  6 220   M    M   3         M  M
 2  56  38  47  -4  18   0 0.00  0.0    0  4.8 10  40   M    M   0        12  90
 3  52  36  44  -7  21   0 0.00  0.0    0  8.3 16  10   M    M   5 1      18  20
 4  52  28  40 -10  25   0 0.00  0.0    0  2.3  6 340   M    M   1 1       M  M
 5  44  41  43  -7  22   0 0.08  0.0    0  5.9 10 120   M    M  10 1      14 120
 6  47  40  44  -5  21   0 0.14  0.0    0  3.3 13 270   M    M   9 18     15 280
 7  49  30  40  -9  25   0 0.01  0.0    0  8.3 17 330   M    M   7 1      23 350
 8  57  27  42  -6  23   0 0.00  0.0    0  4.9 14 150   M    M   0 1      18 140
 9  71  40  56   8   9   0 0.00  0.0    0  7.8 16 180   M    M   2 8      22 190
10  78  56  67  19   0   2    T  0.0    0  9.9 20 170   M    M   1 8      30 200
11  68  40  54   7  11   0 1.53    T    0 11.9 25 160   M    M   6 1      38 170
12  46  29  38  -9  27   0    T    T    0 10.6 23 300   M    M   1        28 310
13  49  25  37  -9  28   0 0.00  0.0    0  1.4  7  70   M    M   0         8 160
14  49  28  39  -7  26   0 0.00  0.0    0  1.3  7  80   M    M   0 8       9 130
15  54  25  40  -5  25   0 0.00  0.0    0  0.2  5 160   M    M   0         7 150
16  59  28  44  -1  21   0 0.00  0.0    0  0.2  7 100   M    M   0 1       8 100
17  57  25  41  -3  24   0 0.00  0.0    0  1.4  9  90   M    M   0 18     12  90
18  60  26  43  -1  22   0 0.00  0.0    0  2.7 12 130   M    M   0 18     14 140
19  59  36  48   4  17   0    T  0.0    0  3.6  9 150   M    M   5        14 170
20  62  37  50   7  15   0 0.00  0.0    0  2.8 10 350   M    M   3 18      M  M
21  62  37  50   7  15   0 0.00  0.0    0  2.0  9 130   M    M   5 128    10 160
22  69  40  55  13  10   0 0.14  0.0    0  7.3 14 180   M    M   2 18     23 180
23  57  30  44   2  21   0 0.00  0.0    0 16.3 29 310   M    M   3        37 300
24  37  25  31 -10  34   0 0.00  0.0    0  5.9 14 310   M    M   0        16 310
25  57  31  44   3  21   0 0.00  0.0    0  3.9 13 260   M    M   0        16 250
26  46  30  38  -2  27   0 0.00  0.0    0  9.8 23  10   M    M   7        29 360
27  40  21  31  -9  34   0 0.00  0.0    0  3.6 12 350   M    M   0        15 350
28  49  21  35  -5  30   0 0.00  0.0    0  2.4  8 140   M    M   0 1      10 150
29  60  30  45   6  20   0 0.00  0.0    0  6.0 15 160   M    M   0        20 170
30  66  34  50  11  15   0 0.00  0.0    0  5.2 14 210   M    M   0        20 220
================================================================================
SM 1674  967       624   2  1.90    T    157.0          M       70
================================================================================
AV 55.8 32.2                               5.2 FASTST   M    M   2    MAX(MPH)
                                 MISC ---->  # 29 310               # 38  170
================================================================================
NOTES:
# LAST OF SEVERAL OCCURRENCES

COLUMN 17 PEAK WIND IN M.P.H.

PRELIMINARY LOCAL CLIMATOLOGICAL DATA (WS FORM: F-6) , PAGE 2

                                          STATION:  CAHOKIA/ST. LOUIS
                                          MONTH:    NOVEMBER
                                          YEAR:     2012
                                          LATITUDE:   38 34 N
                                          LONGITUDE:  90  9 W

[TEMPERATURE DATA]      [PRECIPITATION DATA]       SYMBOLS USED IN COLUMN 16

AVERAGE MONTHLY: 44.0   TOTAL FOR MONTH:   1.90    1 = FOG OR MIST
DPTR FM NORMAL:  -1.1   DPTR FM NORMAL:   -1.86    2 = FOG REDUCING VISIBILITY
HIGHEST:    78 ON 10    GRTST 24HR  1.53 ON 11-11      TO 1/4 MILE OR LESS
LOWEST:     21 ON 28,27                            3 = THUNDER
                        SNOW, ICE PELLETS, HAIL    4 = ICE PELLETS
                        TOTAL MONTH:    T          5 = HAIL
                        GRTST 24HR    T  ON 12-12  6 = FREEZING RAIN OR DRIZZLE
                        GRTST DEPTH:   0           7 = DUSTSTORM OR SANDSTORM:
                                                       VSBY 1/2 MILE OR LESS
                                                   8 = SMOKE OR HAZE
[NO. OF DAYS WITH]      [WEATHER - DAYS WITH]      9 = BLOWING SNOW
                                                   X = TORNADO
MAX 32 OR BELOW:   0    0.01 INCH OR MORE:   5
MAX 90 OR ABOVE:   0    0.10 INCH OR MORE:   3
MIN 32 OR BELOW:  17    0.50 INCH OR MORE:   1
MIN  0 OR BELOW:   0    1.00 INCH OR MORE:   1

[HDD (BASE 65) ]
TOTAL THIS MO.   624    CLEAR  (SCALE 0-3)  22
DPTR FM NORMAL    26    PTCLDY (SCALE 4-7)   6
TOTAL FM JUL 1   996    CLOUDY (SCALE 8-10)  2
DPTR FM NORMAL    66

[CDD (BASE 65) ]
TOTAL THIS MO.     2
DPTR FM NORMAL     1    [PRESSURE DATA]
TOTAL FM JAN 1  1806    HIGHEST SLP 30.56 ON 13
DPTR FM NORMAL   485    LOWEST  SLP 29.79 ON 11

[REMARKS]
#FINAL-11-12#
