000
CXUS53 KLSX 011600
CF6CPS
PRELIMINARY LOCAL CLIMATOLOGICAL DATA (WS FORM: F-6)

                                          STATION:   CAHOKIA/ST. LOUIS
                                          MONTH:     JANUARY
                                          YEAR:      2013
                                          LATITUDE:   38 34 N
                                          LONGITUDE:  90  9 W

  TEMPERATURE IN F:       :PCPN:    SNOW:  WIND      :SUNSHINE: SKY     :PK WND
================================================================================
1   2   3   4   5  6A  6B    7    8   9   10  11  12  13   14  15   16   17  18
                                     12Z  AVG MX 2MIN
DY MAX MIN AVG DEP HDD CDD  WTR  SNW DPTH SPD SPD DIR MIN PSBL S-S WX    SPD DR
================================================================================

 1  33  19  26  -6  39   0    T    M    M  8.3 18 360   M    M   7 18     22 350
 2   M   M   M   M   M   M 0.00  0.0    M  1.8  8 160   M    M   0 8      10 140
 3  39   M   M   M   M   M 0.00  0.0    M  4.0 16 300   M    M   2        22 300
 4  40  23  32   0  33   0 0.00  0.0    M  3.9 12 240   M    M   2        16 280
 5  43  23  33   1  32   0 0.00  0.0    M  3.5 10 220   M    M   6        15 210
 6  42  23  33   1  32   0 0.00  0.0    0  9.0 26 310   M    M   3        30 310
 7  43  20  32   1  33   0 0.00  0.0    0  5.8 14 160   M    M   0 8      18 160
 8  52  23  38   7  27   0 0.00  0.0    0  4.9 14 140   M    M   2        20 150
 9  57  33  45  14  20   0    T  0.0    0  3.8 12 360   M    M   3 12     18 220
10  60  40  50  19  15   0 0.38  0.0    0  8.0 15 130   M    M   8 1      20 130
11  63  50  57  26   8   0 0.00  0.0    0  8.7 18 180   M    M   2        25 190
12  58  32  45  14  20   0 1.29  0.0    0  8.7 25 340   M    M   5 1      30 340
13  33  20  27  -4  38   0    T    M    0 13.2 22 320   M    M   7        26 310
14  28  17  23  -8  42   0 0.00  0.0    0  4.6 10 350   M    M   1        13 340
15  30  17  24  -7  41   0 0.00  0.0    0  6.5 13 360   M    M   4        15 360
16  42  20  31   0  34   0 0.00  0.0    0  3.8 14 260   M    M   1        21 290
17  41  25  33   2  32   0 0.00  0.0    0  7.4 20 350   M    M   4        23 350
18  52  21  37   5  28   0 0.00  0.0    0  6.2 15 160   M    M   0        21 210
19  66  41  54  22  11   0 0.00  0.0    0 10.7 21 300   M    M   0        29 300
20  48  26  37   5  28   0 0.00  0.0    0 10.1 25 310   M    M   2        32 320
21  27  15  21 -11  44   0 0.00  0.0    0 14.7 26 320   M    M   4        32 310
22  19  12  16 -16  49   0    T    M    0  3.3 13 330   M    M   6        15 310
23  43  10  27  -5  38   0 0.00  0.0    0  4.9 17 330   M    M   0        21 330
24  28  16  22 -10  43   0 0.00  0.0    0 11.6 23 350   M    M   2        29 350
25  43  27  35   3  30   0 0.00  0.0    0  6.4 15 300   M    M   5        18 300
26  39  24  32   0  33   0 0.00  0.0    0  4.9 12  30   M    M   0        14  20
27  48  26  37   5  28   0 0.17  0.0    0  9.6 16 150   M    M   8 168    21 170
28  71  49  60  28   5   0    T  0.0    0  7.4 14 160   M    M   5 1      22 190
29  68  53  61  29   4   0 1.61  0.0    0 10.8 24 300   M    M   9 13     30 310
30  54  28  41   8  24   0 0.16    M    0 14.7 30 290   M    M   9 18     43 290
31  34  13  24  -9  41   0 0.01    M    0 16.6 32 310   M    M   8 18     40 300
================================================================================
SM 1344  746       852   0  3.62     0.0 237.8          M      115
================================================================================
AV 44.8 25.7                               7.7 FASTST   M    M   4    MAX(MPH)
                                 MISC ---->  # 32 310               # 43  290
================================================================================
NOTES:
# LAST OF SEVERAL OCCURRENCES

COLUMN 17 PEAK WIND IN M.P.H.

PRELIMINARY LOCAL CLIMATOLOGICAL DATA (WS FORM: F-6) , PAGE 2

                                          STATION:  CAHOKIA/ST. LOUIS
                                          MONTH:    JANUARY
                                          YEAR:     2013
                                          LATITUDE:   38 34 N
                                          LONGITUDE:  90  9 W

[TEMPERATURE DATA]      [PRECIPITATION DATA]       SYMBOLS USED IN COLUMN 16

AVERAGE MONTHLY: 35.3   TOTAL FOR MONTH:   3.62    1 = FOG OR MIST
DPTR FM NORMAL:   3.6   DPTR FM NORMAL:    1.23    2 = FOG REDUCING VISIBILITY
HIGHEST:    71 ON 28    GRTST 24HR  1.77 ON 29-30      TO 1/4 MILE OR LESS
LOWEST:     10 ON 23                               3 = THUNDER
                        SNOW, ICE PELLETS, HAIL    4 = ICE PELLETS
                        TOTAL MONTH:   0.0 INCH    5 = HAIL
                        GRTST 24HR     0.0         6 = FREEZING RAIN OR DRIZZLE
                        GRTST DEPTH:   0           7 = DUSTSTORM OR SANDSTORM:
                                                       VSBY 1/2 MILE OR LESS
                                                   8 = SMOKE OR HAZE
[NO. OF DAYS WITH]      [WEATHER - DAYS WITH]      9 = BLOWING SNOW
                                                   X = TORNADO
MAX 32 OR BELOW:   5    0.01 INCH OR MORE:   6
MAX 90 OR ABOVE:   0    0.10 INCH OR MORE:   5
MIN 32 OR BELOW:  23    0.50 INCH OR MORE:   2
MIN  0 OR BELOW:   0    1.00 INCH OR MORE:   2

[HDD (BASE 65) ]
TOTAL THIS MO.   852    CLEAR  (SCALE 0-3)  15
DPTR FM NORMAL  -180    PTCLDY (SCALE 4-7)  13
TOTAL FM JUL 1  2604    CLOUDY (SCALE 8-10)  3
DPTR FM NORMAL  -308

[CDD (BASE 65) ]
TOTAL THIS MO.     0
DPTR FM NORMAL     0    [PRESSURE DATA]
TOTAL FM JAN 1     0    HIGHEST SLP 30.63 ON 24
DPTR FM NORMAL     0    LOWEST  SLP 29.37 ON 30

[REMARKS]
#FINAL-01-13#
