000
CXUS53 KLSX 011645
CF6CPS
PRELIMINARY LOCAL CLIMATOLOGICAL DATA (WS FORM: F-6)

                                          STATION:   CAHOKIA/ST. LOUIS
                                          MONTH:     OCTOBER
                                          YEAR:      2012
                                          LATITUDE:   38 34 N
                                          LONGITUDE:  90  9 W

  TEMPERATURE IN F:       :PCPN:    SNOW:  WIND      :SUNSHINE: SKY     :PK WND
================================================================================
1   2   3   4   5  6A  6B    7    8   9   10  11  12  13   14  15   16   17  18
                                     12Z  AVG MX 2MIN
DY MAX MIN AVG DEP HDD CDD  WTR  SNW DPTH SPD SPD DIR MIN PSBL S-S WX    SPD DR
================================================================================

 1  65  53  59  -3   6   0 0.00  0.0    0  7.4 15 360   M    M   2        20  10
 2  72  47  60  -2   5   0    T  0.0    0  5.2 17 350   M    M   5        22 350
 3  74  57  66   5   0   1    T  0.0    0  3.7 10 190   M    M   6        14 200
 4  82  52  67   6   0   2 0.00  0.0    0  6.4 20 360   M    M   3 1      25 360
 5  54  39  47 -13  18   0 1.29  0.0    0  9.8 15 360   M    M   8 13      M  M
 6  50  36  43 -17  22   0 0.00  0.0    0  7.1 14 340   M    M   3         M  M
 7  55  37  46 -14  19   0 0.00  0.0    0  5.2 12 340   M    M   2        20 320
 8  61  32  47 -13  18   0 0.00  0.0    0  3.6 15 170   M    M   1 1      22 160
 9  67  38  53  -6  12   0    T  0.0    0  6.5 26 320   M    M   1        33 320
10  58  37  48 -11  17   0    T  0.0    0  6.2 18 330   M    M   1        23 310
11  65  33  49 -10  16   0    T  0.0    0  3.5 12 210   M    M   4        20 210
12  66  48  57  -1   8   0 0.00  0.0    0  4.1 18  20   M    M   5 1      23  20
13  78  48  63   5   2   0 0.01  0.0    0  7.3 16 190   M    M   6 1      25 210
14  75  52  64   6   1   0    M  0.0    0 10.3 25 280   M    M   6 1      36 210
15  71  48  60   3   5   0 0.00  0.0    0  3.1 10 330   M    M   0        13 310
16  82  48  65   8   0   0 0.00  0.0    0  6.6 14 190   M    M   0        21 190
17  68  53  61   4   4   0 0.49  0.0    0  9.1 16 170   M    M   7 18     36 300
18  62  48  55  -1  10   0    T  0.0    0  9.7 24 250   M    M   5        33 250
19  54  47  51  -5  14   0    T  0.0    0 11.3 20 290   M    M   6        27 290
20  65  49  57   1   8   0 0.00  0.0    0  4.3 12 290   M    M   6        15 250
21  78  47  63   8   2   0 0.00  0.0    0  6.7 15 140   M    M   2        21 140
22  75  61  68  13   0   3    M  0.0    0  6.4 12 170   M    M   6 138    17 170
23  79  64  72  17   0   7 0.19  0.0    0  6.1 16 160   M    M   2 1      22 170
24  82  60  71  17   0   6 0.00  0.0    0  7.2 17 180   M    M   2        24 210
25  81  46  64  10   1   0 0.33  0.0    0 12.2 29 310   M    M   4 1      35 310
26  51  40  46  -8  19   0 0.00  0.0    0 14.5 24 350   M    M   5        30 360
27  52  34  43 -10  22   0 0.00  0.0    0  9.4 17 340   M    M   0        21 340
28  52  34  43 -10  22   0 0.00  0.0    0  7.5 15 340   M    M   2        20 360
29  56  32  44  -9  21   0 0.00  0.0    0  7.2 15 330   M    M   0        18 330
30  57  38  48  -4  17   0 0.00  0.0    0 12.6 23 330   M    M   0        33 300
31  56  36  46  -6  19   0 0.00  0.0    0  8.8 17 310   M    M   0        22 310
================================================================================
SM 2043 1394       308  19  2.31     0.0 229.0          M      100
================================================================================
AV 65.9 45.0                               7.4 FASTST   M    M   3    MAX(MPH)
                                 MISC ---->  # 29 310               # 36  210
================================================================================
NOTES:
# LAST OF SEVERAL OCCURRENCES

COLUMN 17 PEAK WIND IN M.P.H.

PRELIMINARY LOCAL CLIMATOLOGICAL DATA (WS FORM: F-6) , PAGE 2

                                          STATION:  CAHOKIA/ST. LOUIS
                                          MONTH:    OCTOBER
                                          YEAR:     2012
                                          LATITUDE:   38 34 N
                                          LONGITUDE:  90  9 W

[TEMPERATURE DATA]      [PRECIPITATION DATA]       SYMBOLS USED IN COLUMN 16

AVERAGE MONTHLY: 55.4   TOTAL FOR MONTH:   2.31    1 = FOG OR MIST
DPTR FM NORMAL:  -1.6   DPTR FM NORMAL:   -1.08    2 = FOG REDUCING VISIBILITY
HIGHEST:    82 ON 24,16 GRTST 24HR  1.29 ON  5- 5      TO 1/4 MILE OR LESS
LOWEST:     32 ON 29, 8                            3 = THUNDER
                        SNOW, ICE PELLETS, HAIL    4 = ICE PELLETS
                        TOTAL MONTH:   0.0 INCH    5 = HAIL
                        GRTST 24HR     0.0         6 = FREEZING RAIN OR DRIZZLE
                        GRTST DEPTH:   0           7 = DUSTSTORM OR SANDSTORM:
                                                       VSBY 1/2 MILE OR LESS
                                                   8 = SMOKE OR HAZE
[NO. OF DAYS WITH]      [WEATHER - DAYS WITH]      9 = BLOWING SNOW
                                                   X = TORNADO
MAX 32 OR BELOW:   0    0.01 INCH OR MORE:   5
MAX 90 OR ABOVE:   0    0.10 INCH OR MORE:   4
MIN 32 OR BELOW:   2    0.50 INCH OR MORE:   1
MIN  0 OR BELOW:   0    1.00 INCH OR MORE:   1

[HDD (BASE 65) ]
TOTAL THIS MO.   308    CLEAR  (SCALE 0-3)  15
DPTR FM NORMAL    31    PTCLDY (SCALE 4-7)  16
TOTAL FM JUL 1   372    CLOUDY (SCALE 8-10)  0
DPTR FM NORMAL    40

[CDD (BASE 65) ]
TOTAL THIS MO.    19
DPTR FM NORMAL    -9    [PRESSURE DATA]
TOTAL FM JAN 1  1804    HIGHEST SLP 30.37 ON 12
DPTR FM NORMAL   484    LOWEST  SLP 29.37 ON 17

[REMARKS]
#FINAL-10-12#
