000
CXUS53 KLSX 011400
CF6CPS
PRELIMINARY LOCAL CLIMATOLOGICAL DATA (WS FORM: F-6)
STATION: CAHOKIA/ST. LOUIS
MONTH: AUGUST
YEAR: 2022
LATITUDE: 38 34 N
LONGITUDE: 90 9 W
TEMPERATURE IN F: :PCPN: SNOW: WIND :SUNSHINE: SKY :PK WND
================================================================================
1 2 3 4 5 6A 6B 7 8 9 10 11 12 13 14 15 16 17 18
12Z AVG MX 2MIN
DY MAX MIN AVG DEP HDD CDD WTR SNW DPTH SPD SPD DIR MIN PSBL S-S WX SPD DR
================================================================================
1 96 75 86 7 0 21 0.00 0.0 0 5.2 12 210 M M 1 18 220
2 87 77 82 3 0 17 0.00 0.0 0 9.0 24 90 M M 1 32 90
3 96 72 84 5 0 19 1.05 0.0 0 7.2 22 300 M M 2 1 34 300
4 86 72 79 0 0 14 0.39 0.0 0 3.4 10 160 M M 6 1 16 180
5 90 71 81 2 0 16 0.00 0.0 0 4.3 9 150 M M 4 1 13 200
6 93 73 83 5 0 18 0.00 0.0 0 6.0 12 170 M M 0 1 21 170
7 95 73 84 6 0 19 0.00 0.0 0 4.9 16 160 M M 1 24 180
8 95 74 85 7 0 20 0.74 0.0 0 4.0 25 190 M M 2 3 40 200
9 80 66 73 -5 0 8 0.41 0.0 0 4.4 21 320 M M 6 1 27 320
10 83 62 73 -5 0 8 0.00 0.0 0 4.3 13 20 M M 2 12 17 70
11 87 59 73 -5 0 8 0.00 0.0 0 3.8 12 50 M M 0 1 18 50
12 84 63 74 -4 0 9 0.00 0.0 0 4.4 14 60 M M 2 17 50
13 86 60 73 -5 0 8 0.00 0.0 0 4.6 12 180 M M 0 19 180
14 85 71 78 0 0 13 0.00 0.0 0 6.8 15 330 M M 3 19 320
15 82 68 75 -2 0 10 0.00 0.0 0 6.9 13 20 M M 5 18 10
16 80 65 73 -4 0 8 0.33 0.0 0 2.2 7 360 M M 7 1 11 340
17 85 61 73 -4 0 8 T 0.0 0 4.1 14 40 M M 1 1 22 20
18 86 59 73 -4 0 8 0.00 0.0 0 1.2 9 170 M M 1 12 14 160
19 87 59 73 -4 0 8 T 0.0 0 3.6 12 160 M M 1 8 16 150
20 89 67 78 2 0 13 T 0.0 0 4.2 15 180 M M 5 24 180
21 83 65 74 -2 0 9 0.00 0.0 0 6.8 20 10 M M 3 27 340
22 87 61 74 -2 0 9 0.00 0.0 0 2.7 8 60 M M 1 1 13 360
23 87 60 74 -2 0 9 0.00 0.0 0 1.5 12 50 M M 2 12 15 70
24 88 58 73 -3 0 8 0.00 0.0 0 1.6 10 130 M M 1 18 14 60
25 91 59 75 0 0 10 T 0.0 0 3.1 9 210 M M 1 13 15 210
26 90 65 78 3 0 13 0.00 0.0 0 3.1 12 330 M M 1 1 16 340
27 91 63 77 2 0 12 0.00 0.0 0 4.0 14 100 M M 0 2 17 80
28 92 68 80 5 0 15 0.72 0.0 0 4.7 23 260 M M M 13 37 240
29 90 70 80 6 0 15 0.03 0.0 0 5.4 15 50 M M 4 1 19 40
30 89 60 75 1 0 10 0.00 0.0 0 4.7 20 320 M M 2 26 340
31 86 57 72 -2 0 7 0.00 0.0 0 1.9 9 80 M M 0 1 14 360
================================================================================
SM 2726 2033 0 370 3.67 0.0 134.0 M 65
================================================================================
AV 87.9 65.6 4.3 FASTST M M 2 MAX(MPH)
MISC ----> 25 190 40 200
================================================================================
NOTES:
# LAST OF SEVERAL OCCURRENCES
COLUMN 17 PEAK WIND IN M.P.H.
PRELIMINARY LOCAL CLIMATOLOGICAL DATA (WS FORM: F-6) , PAGE 2
STATION: CAHOKIA/ST. LOUIS
MONTH: AUGUST
YEAR: 2022
LATITUDE: 38 34 N
LONGITUDE: 90 9 W
[TEMPERATURE DATA] [PRECIPITATION DATA] SYMBOLS USED IN COLUMN 16
AVERAGE MONTHLY: 76.8 TOTAL FOR MONTH: 3.67 1 = FOG OR MIST
DPTR FM NORMAL: -0.1 DPTR FM NORMAL: -0.01 2 = FOG REDUCING VISIBILITY
HIGHEST: 96 ON 3, 1 GRTST 24HR 1.44 ON 3- 4 TO 1/4 MILE OR LESS
LOWEST: 57 ON 31 3 = THUNDER
SNOW, ICE PELLETS, HAIL 4 = ICE PELLETS
TOTAL MONTH: 0.0 INCH 5 = HAIL
GRTST 24HR 0.0 6 = FREEZING RAIN OR DRIZZLE
GRTST DEPTH: 0 7 = DUSTSTORM OR SANDSTORM:
VSBY 1/2 MILE OR LESS
8 = SMOKE OR HAZE
[NO. OF DAYS WITH] [WEATHER - DAYS WITH] 9 = BLOWING SNOW
X = TORNADO
MAX 32 OR BELOW: 0 0.01 INCH OR MORE: 7
MAX 90 OR ABOVE: 11 0.10 INCH OR MORE: 6
MIN 32 OR BELOW: 0 0.50 INCH OR MORE: 3
MIN 0 OR BELOW: 0 1.00 INCH OR MORE: 1
[HDD (BASE 65) ]
TOTAL THIS MO. 0 CLEAR (SCALE 0-3) 22
DPTR FM NORMAL -1 PTCLDY (SCALE 4-7) 8
TOTAL FM JUL 1 0 CLOUDY (SCALE 8-10) 1
DPTR FM NORMAL 0
[CDD (BASE 65) ]
TOTAL THIS MO. 370
DPTR FM NORMAL -2 [PRESSURE DATA]
TOTAL FM JAN 1 1380 HIGHEST SLP 30.20 ON 12
DPTR FM NORMAL 105 LOWEST SLP 29.79 ON 28
[REMARKS]
#FINAL-08-22#