000
CXUS53 KLSX 011600
CF6CPS
PRELIMINARY LOCAL CLIMATOLOGICAL DATA (WS FORM: F-6)

                                          STATION:   CAHOKIA/ST. LOUIS
                                          MONTH:     JUNE
                                          YEAR:      2012
                                          LATITUDE:   38 34 N
                                          LONGITUDE:  90  9 W

  TEMPERATURE IN F:       :PCPN:    SNOW:  WIND      :SUNSHINE: SKY     :PK WND
================================================================================
1   2   3   4   5  6A  6B    7    8   9   10  11  12  13   14  15   16   17  18
                                     12Z  AVG MX 2MIN
DY MAX MIN AVG DEP HDD CDD  WTR  SNW DPTH SPD SPD DIR MIN PSBL S-S WX    SPD DR
================================================================================

 1  70  50  60 -10   5   0    T  0.0    0 10.4 23 300   M    M   5        29 330
 2  79  48  64  -7   1   0 0.00  0.0    0  4.3 12 220   M    M   4        17  99
 3  86  54  70  -1   0   5 0.00  0.0    0  1.1 15  50   M    M   1        18  50
 4  92  60  76   5   0  11 0.03  0.0    0  4.9 21 350   M    M   3        28 340
 5  85  58  72   0   0   7 0.00  0.0    0  6.7 16  50   M    M   1        35  40
 6  80  56  68  -4   0   3 0.00  0.0    0  4.9 16  40   M    M   0        20  40
 7  84  51  68  -4   0   3 0.00  0.0    0  3.5 13  60   M    M   1 8      16  70
 8  88  54  71  -1   0   6 0.00  0.0    0  3.2 16 130   M    M   0 8      26 170
 9  91  56  74   1   0   9 0.00  0.0    0  4.9 15 150   M    M   2        20 160
10  89  66  78   5   0  13 0.00  0.0    0  8.3 21 150   M    M   3        29 150
11  81  68  75   2   0  10 0.86  0.0    0  4.8 21 140   M    M   4 1      26 290
12  83  57  70  -3   0   5 0.00  0.0    0  7.4 18 330   M    M   0        24 330
13  83  52  68  -6   0   3 0.00  0.0    0  4.4 13  90   M    M   0        18  70
14  89  55  72  -2   0   7 0.00  0.0    0  4.3 14 140   M    M   0 8      18 150
15  93  61  77   3   0  12 0.00  0.0    0  6.7 20 130   M    M   0        24 130
16  95  69  82   8   0  17 0.57  0.0    0  8.0 25 320   M    M   3 13     32 290
17  88  69  79   4   0  14 0.01  0.0    0  5.2 10 170   M    M   4 3      17 210
18  92  74  83   8   0  18 0.00  0.0    0  8.3 18 190   M    M   0        28 200
19  92  73  83   8   0  18 0.00  0.0    0  8.2 18 160   M    M   1        25 160
20  94  67  81   6   0  16 0.00  0.0    0  6.3 15 200   M    M   1        22 180
21  87  65  76   1   0  11    T  0.0    0  6.6 22 320   M    M   4        28 320
22  88  60  74  -2   0   9 0.00  0.0    0  4.4 14  10   M    M   1 8      21  20
23  90  58  74  -2   0   9 0.00  0.0    0  3.5 13  80   M    M   0        15  90
24  97  63  80   4   0  15 0.00  0.0    0  3.3  9 130   M    M   0 8      13 120
25  92  65  79   3   0  14 0.00  0.0    0  8.0 20  40   M    M   1        25  40
26  87  59  73  -3   0   8 0.00  0.0    0  5.4 14  70   M    M   0        17  70
27  99  56  78   2   0  13 0.00  0.0    0  5.8 13 160   M    M   0        18 160
28 107  71  89  12   0  24 0.00  0.0    0  3.8 14 260   M    M   0        20 290
29 105  68  87  10   0  22 0.00  0.0    0  2.8 12 290   M    M   0        15 290
30 103  72  88  11   0  23 0.00  0.0    0  2.3 10 260   M    M   0        16 230
================================================================================
SM 2689 1835         6 325  1.47     0.0 161.7          M       39
================================================================================
AV 89.6 61.2                               5.4 FASTST   M    M   1    MAX(MPH)
                                 MISC ---->  # 25 320               # 35   40
================================================================================
NOTES:
# LAST OF SEVERAL OCCURRENCES

COLUMN 17 PEAK WIND IN M.P.H.

PRELIMINARY LOCAL CLIMATOLOGICAL DATA (WS FORM: F-6) , PAGE 2

                                          STATION:  CAHOKIA/ST. LOUIS
                                          MONTH:    JUNE
                                          YEAR:     2012
                                          LATITUDE:   38 34 N
                                          LONGITUDE:  90  9 W

[TEMPERATURE DATA]      [PRECIPITATION DATA]       SYMBOLS USED IN COLUMN 16

AVERAGE MONTHLY: 75.4   TOTAL FOR MONTH:   1.47    1 = FOG OR MIST
DPTR FM NORMAL:   1.4   DPTR FM NORMAL:   -2.70    2 = FOG REDUCING VISIBILITY
HIGHEST:   107 ON 28    GRTST 24HR  0.86 ON 11-11      TO 1/4 MILE OR LESS
LOWEST:     48 ON  2                               3 = THUNDER
                        SNOW, ICE PELLETS, HAIL    4 = ICE PELLETS
                        TOTAL MONTH:   0.0 INCH    5 = HAIL
                        GRTST 24HR     0.0         6 = FREEZING RAIN OR DRIZZLE
                        GRTST DEPTH:   0           7 = DUSTSTORM OR SANDSTORM:
                                                       VSBY 1/2 MILE OR LESS
                                                   8 = SMOKE OR HAZE
[NO. OF DAYS WITH]      [WEATHER - DAYS WITH]      9 = BLOWING SNOW
                                                   X = TORNADO
MAX 32 OR BELOW:   0    0.01 INCH OR MORE:   4
MAX 90 OR ABOVE:  14    0.10 INCH OR MORE:   2
MIN 32 OR BELOW:   0    0.50 INCH OR MORE:   2
MIN  0 OR BELOW:   0    1.00 INCH OR MORE:   0

[HDD (BASE 65) ]
TOTAL THIS MO.     6    CLEAR  (SCALE 0-3)  24
DPTR FM NORMAL    -1    PTCLDY (SCALE 4-7)   6
TOTAL FM JUL 1  3542    CLOUDY (SCALE 8-10)  0
DPTR FM NORMAL -1183

[CDD (BASE 65) ]
TOTAL THIS MO.   325
DPTR FM NORMAL    48    [PRESSURE DATA]
TOTAL FM JAN 1   644    HIGHEST SLP 30.14 ON 13
DPTR FM NORMAL   232    LOWEST  SLP 29.72 ON  4

[REMARKS]
#FINAL-06-12#
