000
CXUS53 KLSX 011600
CF6CPS
PRELIMINARY LOCAL CLIMATOLOGICAL DATA (WS FORM: F-6)

                                          STATION:   CAHOKIA/ST. LOUIS
                                          MONTH:     JULY
                                          YEAR:      2012
                                          LATITUDE:   38 34 N
                                          LONGITUDE:  90  9 W

  TEMPERATURE IN F:       :PCPN:    SNOW:  WIND      :SUNSHINE: SKY     :PK WND
================================================================================
1   2   3   4   5  6A  6B    7    8   9   10  11  12  13   14  15   16   17  18
                                     12Z  AVG MX 2MIN
DY MAX MIN AVG DEP HDD CDD  WTR  SNW DPTH SPD SPD DIR MIN PSBL S-S WX    SPD DR
================================================================================

 1 102  73  88  11   0  23    T  0.0    0  4.8 18 160   M    M   1        26 330
 2 102  72  87  10   0  22 0.00  0.0    0  2.6 17 220   M    M   2        26 210
 3 100  69  85   8   0  20 0.00  0.0    0  3.9 10 170   M    M   1        17 320
 4 104  78  91  14   0  26 0.00  0.0    0  3.0 12 290   M    M   1        16 290
 5 105  73  89  12   0  24 0.00  0.0    0  3.6 13 330   M    M   0        17 360
 6 107  76  92  14   0  27 0.00  0.0    0  3.4 13 100   M    M   0        17  80
 7 107  76  92  14   0  27 0.23  0.0    0  3.9 17 180   M    M   1 3      29 170
 8  98  72  85   7   0  20 0.42  0.0    0  4.5 29 140   M    M   2 135    38 130
 9  92  73  83   5   0  18    T  0.0    0  4.4 13  40   M    M   5        17  40
10  96  69  83   5   0  18 0.00  0.0    0  4.5 14  60   M    M   1        20  40
11  95  70  83   5   0  18 0.00  0.0    0  6.1 16  20   M    M   0        21  40
12  97  68  83   5   0  18 0.00  0.0    0  3.0 15  90   M    M   1        23  70
13  95  69  82   4   0  17 0.00  0.0    0  4.7 16 330   M    M   1        20 330
14  89  69  79   1   0  14 0.00  0.0    0  3.9 10 140   M    M   1        14 210
15  95  69  82   4   0  17 0.00  0.0    0  3.4 10 140   M    M   1        15 190
16  97  73  85   7   0  20 0.00  0.0    0  5.4 12 140   M    M   1        28  90
17 100  76  88  10   0  23 0.00  0.0    0  3.5 15 160   M    M   1        20 170
18 103  76  90  12   0  25    T  0.0    0  4.2 14 290   M    M   1        20 280
19 101  82  92  14   0  27 0.00  0.0    0  6.7 15 360   M    M   1        20  10
20  86  69  78   0   0  13 0.00  0.0    0  8.1 15 340   M    M   5        21 340
21  94  64  79   1   0  14 0.00  0.0    0  2.4 12  50   M    M   0 1      17 120
22  99  67  83   5   0  18 0.00  0.0    0  3.7 10 170   M    M   0        15 160
23 104  76  90  12   0  25 0.00  0.0    0  5.4 12 150   M    M   0        17 220
24 104  82  93  15   0  28 0.00  0.0    0  5.2 13 270   M    M   0        21 210
25 105  83  94  16   0  29 0.00  0.0    0  7.4 15 210   M    M   1        24 150
26  94  77  86   8   0  21 0.00  0.0    0  7.1 21 330   M    M   2        28 330
27  99  74  87   9   0  22 0.00  0.0    0  6.9 24 340   M    M   0        29 350
28  93  64  79   1   0  14 0.00  0.0    0  4.3 15  20   M    M   0        21  40
29  85  68  77  -1   0  12 0.21  0.0    0  4.3 14 140   M    M   3 1      16 140
30  87  70  79   1   0  14    T  0.0    0  3.6 12 340   M    M   1 1      14 340
31 101  68  85   7   0  20 0.00  0.0    0  2.0 10 360   M    M   0 18     13 350
================================================================================
SM 3036 2245         0 634  0.86     0.0 139.9          M       34
================================================================================
AV 97.9 72.4                               4.5 FASTST   M    M   1    MAX(MPH)
                                 MISC ---->  # 29 140               # 38  130
================================================================================
NOTES:
# LAST OF SEVERAL OCCURRENCES

COLUMN 17 PEAK WIND IN M.P.H.

PRELIMINARY LOCAL CLIMATOLOGICAL DATA (WS FORM: F-6) , PAGE 2

                                          STATION:  CAHOKIA/ST. LOUIS
                                          MONTH:    JULY
                                          YEAR:     2012
                                          LATITUDE:   38 34 N
                                          LONGITUDE:  90  9 W

[TEMPERATURE DATA]      [PRECIPITATION DATA]       SYMBOLS USED IN COLUMN 16

AVERAGE MONTHLY: 85.2   TOTAL FOR MONTH:   0.86    1 = FOG OR MIST
DPTR FM NORMAL:   7.4   DPTR FM NORMAL:   -2.73    2 = FOG REDUCING VISIBILITY
HIGHEST:   107 ON  7, 6 GRTST 24HR  0.65 ON  7- 8      TO 1/4 MILE OR LESS
LOWEST:     64 ON 28,21                            3 = THUNDER
                        SNOW, ICE PELLETS, HAIL    4 = ICE PELLETS
                        TOTAL MONTH:   0.0 INCH    5 = HAIL
                        GRTST 24HR     0.0         6 = FREEZING RAIN OR DRIZZLE
                        GRTST DEPTH:   0           7 = DUSTSTORM OR SANDSTORM:
                                                       VSBY 1/2 MILE OR LESS
                                                   8 = SMOKE OR HAZE
[NO. OF DAYS WITH]      [WEATHER - DAYS WITH]      9 = BLOWING SNOW
                                                   X = TORNADO
MAX 32 OR BELOW:   0    0.01 INCH OR MORE:   3
MAX 90 OR ABOVE:  27    0.10 INCH OR MORE:   3
MIN 32 OR BELOW:   0    0.50 INCH OR MORE:   0
MIN  0 OR BELOW:   0    1.00 INCH OR MORE:   0

[HDD (BASE 65) ]
TOTAL THIS MO.     0    CLEAR  (SCALE 0-3)  29
DPTR FM NORMAL     0    PTCLDY (SCALE 4-7)   2
TOTAL FM JUL 1     0    CLOUDY (SCALE 8-10)  0
DPTR FM NORMAL     0

[CDD (BASE 65) ]
TOTAL THIS MO.   634
DPTR FM NORMAL   237    [PRESSURE DATA]
TOTAL FM JAN 1  1278    HIGHEST SLP 30.12 ON 29
DPTR FM NORMAL   469    LOWEST  SLP 29.68 ON 25

[REMARKS]
#FINAL-07-12#
