000
CXUS53 KLSX 011600
CF6CPS
PRELIMINARY LOCAL CLIMATOLOGICAL DATA (WS FORM: F-6)

                                          STATION:   CAHOKIA/ST. LOUIS
                                          MONTH:     NOVEMBER
                                          YEAR:      2017
                                          LATITUDE:   38 34 N
                                          LONGITUDE:  90  9 W

  TEMPERATURE IN F:       :PCPN:    SNOW:  WIND      :SUNSHINE: SKY     :PK WND
================================================================================
1   2   3   4   5  6A  6B    7    8   9   10  11  12  13   14  15   16   17  18
                                     12Z  AVG MX 2MIN
DY MAX MIN AVG DEP HDD CDD  WTR  SNW DPTH SPD SPD DIR MIN PSBL S-S WX    SPD DR
================================================================================

 1  55  40  48  -3  17   0    T  0.0    0  7.2 17 140   M    M  10 18     20 150
 2  80  49  65  14   0   0 0.00  0.0    0  7.5 20 340   M    M   6 1238   24 330
 3  62  47  55   4  10   0 0.00  0.0    0  8.9 18 360   M    M   5 8      23  10
 4  71  56  64  14   1   0    T  0.0    0  6.1 12 190   M    M  10 18     16 200
 5  82  53  68  18   0   3 0.02  0.0    0 10.2 25 320   M    M   5 138    30 340
 6  54  44  49   0  16   0 0.25  0.0    0 10.3 20 360   M    M  10 138    26 360
 7  53  45  49   0  16   0    T  0.0    0 11.9 21  10   M    M   9 18     25 360
 8  55  32  44  -4  21   0 0.00  0.0    0  5.3 13 360   M    M   1        19  10
 9  61  28  45  -3  20   0 0.00  0.0    0  8.4 23 350   M    M   0 1      27 360
10  43  28  36 -12  29   0 0.00  0.0    0  7.1 15  10   M    M   0        19  20
11  52  31  42  -5  23   0    T  0.0    0  6.8 13 140   M    M   3        17 140
12  52  42  47   0  18   0 0.01  0.0    0  6.0 16 330   M    M  10 18     18 320
13  52  37  45  -1  20   0 0.00  0.0    0  4.4 12 130   M    M   5        14 130
14  70  33  52   6  13   0 0.00  0.0    0  7.3 15 140   M    M   7        19 140
15  62  43  53   8  12   0 0.52  0.0    0  7.8 23 330   M    M   6 1      30 310
16  47  31  39  -6  26   0 0.00  0.0    0  6.3 17 320   M    M   0        21 330
17  62  31  47   3  18   0 0.00  0.0    0 10.8 20 150   M    M   9 18     28 150
18  73  39  56  12   9   0 0.13  0.0    0 15.5 35 330   M    M   3 13     43 310
19  43  25  34 -10  31   0 0.00  0.0    0  9.9 28 320   M    M   0        37 320
20  61  24  43   0  22   0 0.00  0.0    0  7.2 17 180   M    M   0 18     26 180
21  58  31  45   2  20   0 0.00  0.0    0 10.5 26 320   M    M   1        30 320
22  40  25  33  -9  32   0 0.00  0.0    0  4.7 15 350   M    M   0 8      20 330
23  60  26  43   1  22   0 0.00  0.0    0  3.7 12 220   M    M   2        16 200
24  73  28  51  10  14   0 0.00  0.0    0  6.6 17 200   M    M   0        26 190
25  60  32  46   5  19   0 0.00  0.0    0  8.2 21 320   M    M   0        28 330
26  62  27  45   5  20   0 0.00  0.0    0  2.5  9 280   M    M   0 8      11 210
27  73  31  52  12  13   0 0.00  0.0    0  5.8 15 160   M    M   0        23 170
28  72  45  59  19   6   0 0.00  0.0    0  8.3 18 190   M    M   2        27 200
29  58  44  51  12  14   0    T  0.0    0  5.1 15  20   M    M   7        19  20
30  58  29  44   5  21   0 0.01  0.0    0  6.9 17 330   M    M   4        21 340
================================================================================
SM 1804 1076       503   3  0.94     0.0 227.2          M      115
================================================================================
AV 60.1 35.9                               7.6 FASTST   M    M   4    MAX(MPH)
                                 MISC ---->  # 35 330               # 43  310
================================================================================
NOTES:
# LAST OF SEVERAL OCCURRENCES

COLUMN 17 PEAK WIND IN M.P.H.

PRELIMINARY LOCAL CLIMATOLOGICAL DATA (WS FORM: F-6) , PAGE 2

                                          STATION:  CAHOKIA/ST. LOUIS
                                          MONTH:    NOVEMBER
                                          YEAR:     2017
                                          LATITUDE:   38 34 N
                                          LONGITUDE:  90  9 W

[TEMPERATURE DATA]      [PRECIPITATION DATA]       SYMBOLS USED IN COLUMN 16

AVERAGE MONTHLY: 48.0   TOTAL FOR MONTH:   0.94    1 = FOG OR MIST
DPTR FM NORMAL:   2.9   DPTR FM NORMAL:   -2.82    2 = FOG REDUCING VISIBILITY
HIGHEST:    82 ON  5    GRTST 24HR  0.52 ON 15-15      TO 1/4 MILE OR LESS
LOWEST:     24 ON 20                               3 = THUNDER
                        SNOW, ICE PELLETS, HAIL    4 = ICE PELLETS
                        TOTAL MONTH:   0.0 INCH    5 = HAIL
                        GRTST 24HR     0.0         6 = FREEZING RAIN OR DRIZZLE
                        GRTST DEPTH:   0           7 = DUSTSTORM OR SANDSTORM:
                                                       VSBY 1/2 MILE OR LESS
                                                   8 = SMOKE OR HAZE
[NO. OF DAYS WITH]      [WEATHER - DAYS WITH]      9 = BLOWING SNOW
                                                   X = TORNADO
MAX 32 OR BELOW:   0    0.01 INCH OR MORE:   6
MAX 90 OR ABOVE:   0    0.10 INCH OR MORE:   3
MIN 32 OR BELOW:  16    0.50 INCH OR MORE:   1
MIN  0 OR BELOW:   0    1.00 INCH OR MORE:   0

[HDD (BASE 65) ]
TOTAL THIS MO.   503    CLEAR  (SCALE 0-3)  15
DPTR FM NORMAL   -95    PTCLDY (SCALE 4-7)   9
TOTAL FM JUL 1   698    CLOUDY (SCALE 8-10)  6
DPTR FM NORMAL  -232

[CDD (BASE 65) ]
TOTAL THIS MO.     3
DPTR FM NORMAL     2    [PRESSURE DATA]
TOTAL FM JAN 1  1695    HIGHEST SLP 30.57 ON 10
DPTR FM NORMAL   374    LOWEST  SLP 29.32 ON 18

[REMARKS]
#FINAL-11-17#
