914
CXUS53 KLSX 011600
CF6CPS
PRELIMINARY LOCAL CLIMATOLOGICAL DATA (WS FORM: F-6)

                                          STATION:   CAHOKIA/ST. LOUIS
                                          MONTH:     MARCH
                                          YEAR:      2016
                                          LATITUDE:   38 34 N
                                          LONGITUDE:  90  9 W

  TEMPERATURE IN F:       :PCPN:    SNOW:  WIND      :SUNSHINE: SKY     :PK WND
================================================================================
1   2   3   4   5  6A  6B    7    8   9   10  11  12  13   14  15   16   17  18
                                     12Z  AVG MX 2MIN
DY MAX MIN AVG DEP HDD CDD  WTR  SNW DPTH SPD SPD DIR MIN PSBL S-S WX    SPD DR
================================================================================

 1  55  27  41   1  24   0 0.04  0.0    0 14.9 32 300   M    M   7 1      40 300
 2  45  21  33  -8  32   0 0.00  0.0    0  6.8 17 130   M    M   4        22 150
 3  49  39  44   3  21   0 0.06  0.0    0  6.9 20 340   M    M  10 18     24 340
 4  41  34  38  -3  27   0    T  0.0    0  6.6 17 160   M    M   8 18     22 170
 5  58  30  44   2  21   0 0.00  0.0    0  8.2 25 330   M    M   2 18     32 320
 6  62  25  44   2  21   0 0.00  0.0    0  7.4 18 150   M    M   0        25 160
 7  75  53  64  22   1   0    T  0.0    0 10.1 20 170   M    M   5 3      29 180
 8  75  62  69  27   0   4 0.03  0.0    0 12.7 31 150   M    M   3        43 160
 9  68  58  63  20   2   0 0.37  0.0    0  5.2 24 150   M    M   9 1      32 240
10  59  42  51   8  14   0 0.40  0.0    0  8.7 17 360   M    M   7 1      20 350
11  60  37  49   5  16   0    T  0.0    0  4.1 13  80   M    M   1 1      16  60
12  59  51  55  11  10   0 0.04  0.0    0  3.6 16  70   M    M   9 18     18  70
13  65  55  60  16   5   0 0.48  0.0    0  2.8  9 240   M    M   9 123    12 250
14  69  53  61  17   4   0 0.05  0.0    0  4.3 10 340   M    M   7 12     12 330
15  79  55  67  22   0   2 0.00  0.0    0 12.2 29 280   M    M   1 3      40 260
16  65  48  57  12   8   0 0.00  0.0    0 10.8 23 280   M    M   1        31 290
17  64  40  52   6  13   0 0.00  0.0    0  5.9 17 300   M    M   0        23 320
18  54  35  45  -1  20   0 0.13  0.0    0  8.5 22 360   M    M   6        25 360
19  51  37  44  -2  21   0 0.01  0.0    0  9.0 22 310   M    M   8        25 310
20  49  34  42  -4  23   0 0.09    M    M 10.4 18 330   M    M  10 1      23  10
21  60  33  47   0  18   0 0.00  0.0    0  7.2 16 190   M    M   0 8      22 190
22  72  45  59  12   6   0 0.00  0.0    0 12.1 23 180   M    M   0        37 190
23  69  54  62  14   3   0 0.00  0.0    0 11.8 22 170   M    M   5        33 160
24  67  38  53   5  12   0 0.10  0.0    0 15.4 29 250   M    M   8 18     41 250
25  54  38  46  -2  19   0 0.00  0.0    0  7.7 16 330   M    M   4        18 130
26  65  36  51   2  14   0 0.00  0.0    0  6.8 15 150   M    M   0 18     19 130
27  68  38  53   4  12   0    M  0.0    0  9.5 28 300   M    M   3 1      34 300
28  63  35  49   0  16   0 0.00  0.0    0  4.9 14 350   M    M   1 8      18 320
29  63  35  49  -1  16   0 0.00  0.0    0  9.2 18 130   M    M   0        26 100
30  69  47  58   8   7   0 0.30  0.0    0 10.8 23 150   M    M   9 13     34 200
31  74  51  63  13   2   0 0.66  0.0    0 11.6 25 290   M    M   3 13     32 290
================================================================================
SM 1926 1286       408   6  2.76     0.0 266.1          M      140
================================================================================
AV 62.1 41.5                               8.6 FASTST   M    M   5    MAX(MPH)
                                 MISC ---->  # 32 300               # 43  160
================================================================================
NOTES:
# LAST OF SEVERAL OCCURRENCES

COLUMN 17 PEAK WIND IN M.P.H.

PRELIMINARY LOCAL CLIMATOLOGICAL DATA (WS FORM: F-6) , PAGE 2

                                          STATION:  CAHOKIA/ST. LOUIS
                                          MONTH:    MARCH
                                          YEAR:     2016
                                          LATITUDE:   38 34 N
                                          LONGITUDE:  90  9 W

[TEMPERATURE DATA]      [PRECIPITATION DATA]       SYMBOLS USED IN COLUMN 16

AVERAGE MONTHLY: 51.8   TOTAL FOR MONTH:   2.76    1 = FOG OR MIST
DPTR FM NORMAL:   6.6   DPTR FM NORMAL:   -0.41    2 = FOG REDUCING VISIBILITY
HIGHEST:    79 ON 15    GRTST 24HR  0.96 ON 30-31      TO 1/4 MILE OR LESS
LOWEST:     21 ON  2                               3 = THUNDER
                        SNOW, ICE PELLETS, HAIL    4 = ICE PELLETS
                        TOTAL MONTH:   0.0 INCH    5 = HAIL
                        GRTST 24HR     0.0         6 = FREEZING RAIN OR DRIZZLE
                        GRTST DEPTH:   0           7 = DUSTSTORM OR SANDSTORM:
                                                       VSBY 1/2 MILE OR LESS
                                                   8 = SMOKE OR HAZE
[NO. OF DAYS WITH]      [WEATHER - DAYS WITH]      9 = BLOWING SNOW
                                                   X = TORNADO
MAX 32 OR BELOW:   0    0.01 INCH OR MORE:  14
MAX 90 OR ABOVE:   0    0.10 INCH OR MORE:   7
MIN 32 OR BELOW:   4    0.50 INCH OR MORE:   1
MIN  0 OR BELOW:   0    1.00 INCH OR MORE:   0

[HDD (BASE 65) ]
TOTAL THIS MO.   408    CLEAR  (SCALE 0-3)  12
DPTR FM NORMAL  -209    PTCLDY (SCALE 4-7)  11
TOTAL FM JUL 1  3402    CLOUDY (SCALE 8-10)  8
DPTR FM NORMAL  -936

[CDD (BASE 65) ]
TOTAL THIS MO.     6
DPTR FM NORMAL     3    [PRESSURE DATA]
TOTAL FM JAN 1     6    HIGHEST SLP 30.36 ON 11
DPTR FM NORMAL     3    LOWEST  SLP 29.40 ON 31

[REMARKS]
#FINAL-03-16#
