000
CXUS53 KLSX 011600
CF6CPS
PRELIMINARY LOCAL CLIMATOLOGICAL DATA (WS FORM: F-6)

                                          STATION:   CAHOKIA/ST. LOUIS
                                          MONTH:     FEBRUARY
                                          YEAR:      2014
                                          LATITUDE:   38 34 N
                                          LONGITUDE:  90  9 W

  TEMPERATURE IN F:       :PCPN:    SNOW:  WIND      :SUNSHINE: SKY     :PK WND
================================================================================
1   2   3   4   5  6A  6B    7    8   9   10  11  12  13   14  15   16   17  18
                                     12Z  AVG MX 2MIN
DY MAX MIN AVG DEP HDD CDD  WTR  SNW DPTH SPD SPD DIR MIN PSBL S-S WX    SPD DR
================================================================================

 1  38  29  34   1  31   0 0.40    M    0  8.0 20 310   M    M  10 1      23 300
 2  29  14  22 -11  43   0    T    M    M 11.6 18 340   M    M   7 1      22 340
 3  30   9  20 -13  45   0 0.00  0.0    0  5.6 12 360   M    M   0        15 340
 4  29  23  26  -8  39   0    M    M    0  9.8 20  50   M    M   7 18     26  40
 5  23  12  18 -16  47   0    M    M    M 16.1 24 320   M    M  10 18     31 320
 6  12  -4   4 -30  61   0    T    T    M  8.1 18 320   M    M   3        22 330
 7  18  -7   6 -28  59   0 0.00  0.0    M  3.1 10 150   M    M   4 18     15 140
 8  29  16  23 -11  42   0    T    M    M  3.9  9 160   M    M  10 1      12 160
 9  28  19  24 -10  41   0 0.01    M    M  8.0 15  10   M    M  10 18     16 350
10  19   5  12 -23  53   0 0.00  0.0    M  9.2 17 360   M    M   2        21 340
11  22  -2  10 -25  55   0 0.00  0.0    M  2.1  8  20   M    M   0        10  10
12  34  -2  16 -19  49   0 0.00  0.0    M  0.6  6 150   M    M   0         6 150
13  50   6  28  -8  37   0 0.00  0.0    M  3.2 13 260   M    M   0 18     16 250
14  38  18  28  -8  37   0 0.11    M    M  9.9 24 310   M    M   6 16     28 330
15  30  12  21 -15  44   0    T    M    M  6.4 16 320   M    M   4        21 320
16  31  21  26 -10  39   0 0.00  0.0    M  8.4 20 330   M    M   7        24 330
17  46  25  36  -1  29   0 0.04  0.0    M  9.7 29 290   M    M   5 1368   41 300
18  60  31  46   9  19   0 0.00  0.0    M  6.8 20 180   M    M   0        29 180
19  52  37  45   8  20   0 0.00  0.0    0  6.8 16 130   M    M   1        21 310
20  72  39  56  18   9   0 0.57  0.0    0 14.2 35 260   M    M   6 138    55 260
21  56  35  46   8  19   0 0.00  0.0    0 11.2 28 250   M    M   1        39 250
22  63  27  45   7  20   0 0.00  0.0    0  4.9 25  10   M    M   2        31  30
23  38  26  32  -6  33   0 0.00  0.0    0 11.1 22  10   M    M   6        26 350
24  37  23  30  -9  35   0 0.00  0.0    0  5.5 12  40   M    M   2        15  20
25  33  20  27 -12  38   0    T    M    0 11.2 23 330   M    M   9        29 330
26  26  12  19 -20  46   0 0.00  0.0    0 11.0 25 320   M    M   2        30 320
27  28  17  23 -17  42   0 0.00  0.0    0 10.1 22 360   M    M   0        25 330
28  47  17  32  -8  33   0 0.00  0.0    0  9.3 17 140   M    M   1        23 140
================================================================================
SM 1018  478      1065   0  1.13    T    225.8          M      115
================================================================================
AV 36.4 17.1                               8.1 FASTST   M    M   4    MAX(MPH)
                                 MISC ---->  # 35 260               # 55  260
================================================================================
NOTES:
# LAST OF SEVERAL OCCURRENCES

COLUMN 17 PEAK WIND IN M.P.H.

PRELIMINARY LOCAL CLIMATOLOGICAL DATA (WS FORM: F-6) , PAGE 2

                                          STATION:  CAHOKIA/ST. LOUIS
                                          MONTH:    FEBRUARY
                                          YEAR:     2014
                                          LATITUDE:   38 34 N
                                          LONGITUDE:  90  9 W

[TEMPERATURE DATA]      [PRECIPITATION DATA]       SYMBOLS USED IN COLUMN 16

AVERAGE MONTHLY: 26.7   TOTAL FOR MONTH:   1.13    1 = FOG OR MIST
DPTR FM NORMAL:  -9.4   DPTR FM NORMAL:   -0.97    2 = FOG REDUCING VISIBILITY
HIGHEST:    72 ON 20    GRTST 24HR  0.57 ON 20-20      TO 1/4 MILE OR LESS
LOWEST:     -7 ON  7                               3 = THUNDER
                        SNOW, ICE PELLETS, HAIL    4 = ICE PELLETS
                        TOTAL MONTH:    T          5 = HAIL
                        GRTST 24HR    T  ON  6- 6  6 = FREEZING RAIN OR DRIZZLE
                        GRTST DEPTH:   0           7 = DUSTSTORM OR SANDSTORM:
                                                       VSBY 1/2 MILE OR LESS
                                                   8 = SMOKE OR HAZE
[NO. OF DAYS WITH]      [WEATHER - DAYS WITH]      9 = BLOWING SNOW
                                                   X = TORNADO
MAX 32 OR BELOW:  14    0.01 INCH OR MORE:   5
MAX 90 OR ABOVE:   0    0.10 INCH OR MORE:   3
MIN 32 OR BELOW:  25    0.50 INCH OR MORE:   1
MIN  0 OR BELOW:   4    1.00 INCH OR MORE:   0

[HDD (BASE 65) ]
TOTAL THIS MO.  1065    CLEAR  (SCALE 0-3)  14
DPTR FM NORMAL   256    PTCLDY (SCALE 4-7)   9
TOTAL FM JUL 1  4296    CLOUDY (SCALE 8-10)  5
DPTR FM NORMAL   575

[CDD (BASE 65) ]
TOTAL THIS MO.     0
DPTR FM NORMAL     0    [PRESSURE DATA]
TOTAL FM JAN 1     0    HIGHEST SLP 30.66 ON  6
DPTR FM NORMAL     0    LOWEST  SLP 29.24 ON 20

[REMARKS]
#FINAL-02-14#
