000
CXUS53 KLSX 011600
CF6CPS
PRELIMINARY LOCAL CLIMATOLOGICAL DATA (WS FORM: F-6)

                                          STATION:   CAHOKIA/ST. LOUIS
                                          MONTH:     OCTOBER
                                          YEAR:      2016
                                          LATITUDE:   38 34 N
                                          LONGITUDE:  90  9 W

  TEMPERATURE IN F:       :PCPN:    SNOW:  WIND      :SUNSHINE: SKY     :PK WND
================================================================================
1   2   3   4   5  6A  6B    7    8   9   10  11  12  13   14  15   16   17  18
                                     12Z  AVG MX 2MIN
DY MAX MIN AVG DEP HDD CDD  WTR  SNW DPTH SPD SPD DIR MIN PSBL S-S WX    SPD DR
================================================================================

 1  71  63  67   5   0   2    T  0.0    0  6.7 14 300   M    M  10 1      17 300
 2  73  55  64   2   1   0 0.02  0.0    0  1.7  8 310   M    M   9 1      11 310
 3  76  61  69   8   0   4 0.00  0.0    0  2.5  9 120   M    M   8        11 120
 4  83  58  71  10   0   6 0.00  0.0    0  7.9 17 160   M    M   0        22 140
 5  85  63  74  14   0   9 0.01  0.0    0  5.7 13 190   M    M   3        18 160
 6  88  64  76  16   0  11 0.00  0.0    0  6.3 14 190   M    M   2 8      22 200
 7  74  50  62   2   3   0 0.00  0.0    0 10.4 24 320   M    M   1 8      29 310
 8  72  42  57  -3   8   0 0.00  0.0    0  3.1 12  10   M    M   0 8      16  20
 9  78  43  61   2   4   0 0.00  0.0    0  1.2  9 290   M    M   0 1      13 290
10  77  46  62   3   3   0 0.00  0.0    0  3.6 12 150   M    M   0 1      17 150
11  83  50  67   8   0   2 0.00  0.0    0  4.7 13 170   M    M   0        18 190
12  74  52  63   5   2   0 0.29  0.0    0  8.7 21 330   M    M   6 13     27 330
13  62  45  54  -4  11   0    T  0.0    0  5.1 15 350   M    M   5        20 360
14  72  46  59   1   6   0 0.00  0.0    0  4.6 13 160   M    M   2 1      17 160
15  81  61  71  14   0   6 0.00  0.0    0  8.3 16 180   M    M   5 1      24 150
16  87  69  78  21   0  13 0.00  0.0    0  8.8 15 170   M    M   4        23 200
17  89  69  79  22   0  14 0.00  0.0    0 11.1 22 180   M    M   0        34 170
18  85  69  77  21   0  12 0.00  0.0    0  8.1 15 250   M    M   2        26 220
19  70  59  65   9   0   0 0.86  0.0    0  7.4 16 360   M    M  10 13     19  40
20  64  50  57   1   8   0 0.60  0.0    0 12.6 24 340   M    M   8 13     28 340
21  59  41  50  -5  15   0 0.00  0.0    0  6.0 15 330   M    M   0 1      18 330
22  69  37  53  -2  12   0 0.00  0.0    0  3.1 10 190   M    M   0 1      14 210
23  80  46  63   8   2   0 0.00  0.0    0  3.7 14 200   M    M   0        22 200
24  68  45  57   3   8   0 0.00  0.0    0  3.5 12  50   M    M   0 1      15  40
25  69  45  57   3   8   0 0.00  0.0    0  6.4 15 140   M    M   1        19 120
26  73  49  61   7   4   0 0.15  0.0    0  5.6 18 310   M    M   5 38     24 330
27  63  48  56   3   9   0 0.00  0.0    0  6.6 15 340   M    M   6        18 330
28  79  48  64  11   1   0 0.00  0.0    0  7.5 14 170   M    M   0        19 170
29  85  64  75  22   0  10 0.00  0.0    0  6.6 16 200   M    M   0        22 190
30  75  56  66  14   0   1 0.00  0.0    0  7.6 20 340   M    M   3        21 340
31  74  52  63  11   2   0 0.00  0.0    0  5.6 12 150   M    M   3        16 140
================================================================================
SM 2338 1646       107  90  1.93     0.0 190.7          M       93
================================================================================
AV 75.4 53.1                               6.2 FASTST   M    M   3    MAX(MPH)
                                 MISC ---->  # 24 320               # 34  170
================================================================================
NOTES:
# LAST OF SEVERAL OCCURRENCES

COLUMN 17 PEAK WIND IN M.P.H.

PRELIMINARY LOCAL CLIMATOLOGICAL DATA (WS FORM: F-6) , PAGE 2

                                          STATION:  CAHOKIA/ST. LOUIS
                                          MONTH:    OCTOBER
                                          YEAR:     2016
                                          LATITUDE:   38 34 N
                                          LONGITUDE:  90  9 W

[TEMPERATURE DATA]      [PRECIPITATION DATA]       SYMBOLS USED IN COLUMN 16

AVERAGE MONTHLY: 64.3   TOTAL FOR MONTH:   1.93    1 = FOG OR MIST
DPTR FM NORMAL:   7.3   DPTR FM NORMAL:   -1.46    2 = FOG REDUCING VISIBILITY
HIGHEST:    89 ON 17    GRTST 24HR  1.45 ON 19-20      TO 1/4 MILE OR LESS
LOWEST:     37 ON 22                               3 = THUNDER
                        SNOW, ICE PELLETS, HAIL    4 = ICE PELLETS
                        TOTAL MONTH:   0.0 INCH    5 = HAIL
                        GRTST 24HR     0.0         6 = FREEZING RAIN OR DRIZZLE
                        GRTST DEPTH:   0           7 = DUSTSTORM OR SANDSTORM:
                                                       VSBY 1/2 MILE OR LESS
                                                   8 = SMOKE OR HAZE
[NO. OF DAYS WITH]      [WEATHER - DAYS WITH]      9 = BLOWING SNOW
                                                   X = TORNADO
MAX 32 OR BELOW:   0    0.01 INCH OR MORE:   6
MAX 90 OR ABOVE:   0    0.10 INCH OR MORE:   4
MIN 32 OR BELOW:   0    0.50 INCH OR MORE:   2
MIN  0 OR BELOW:   0    1.00 INCH OR MORE:   0

[HDD (BASE 65) ]
TOTAL THIS MO.   107    CLEAR  (SCALE 0-3)  19
DPTR FM NORMAL  -170    PTCLDY (SCALE 4-7)   9
TOTAL FM JUL 1   113    CLOUDY (SCALE 8-10)  3
DPTR FM NORMAL  -219

[CDD (BASE 65) ]
TOTAL THIS MO.    90
DPTR FM NORMAL    62    [PRESSURE DATA]
TOTAL FM JAN 1  1817    HIGHEST SLP 30.38 ON  9
DPTR FM NORMAL   497    LOWEST  SLP 29.58 ON 17

[REMARKS]
#FINAL-10-16#
