000
CXUS53 KLSX 011600
CF6CPS
PRELIMINARY LOCAL CLIMATOLOGICAL DATA (WS FORM: F-6)

                                          STATION:   CAHOKIA/ST. LOUIS
                                          MONTH:     JUNE
                                          YEAR:      2014
                                          LATITUDE:   38 34 N
                                          LONGITUDE:  90  9 W

  TEMPERATURE IN F:       :PCPN:    SNOW:  WIND      :SUNSHINE: SKY     :PK WND
================================================================================
1   2   3   4   5  6A  6B    7    8   9   10  11  12  13   14  15   16   17  18
                                     12Z  AVG MX 2MIN
DY MAX MIN AVG DEP HDD CDD  WTR  SNW DPTH SPD SPD DIR MIN PSBL S-S WX    SPD DR
================================================================================

 1  89  69  79   9   0  14    T  0.0    0  7.2 17 180   M    M   2 1      26 160
 2  85  73  79   8   0  14    T  0.0    0  8.6 21 190   M    M   5        31 200
 3  91  72  82  11   0  17 0.00  0.0    0  5.0 12 160   M    M   3        15 140
 4  86  68  77   6   0  12 0.70  0.0    0  8.3 28 320   M    M   4 13     36 320
 5  75  63  69  -3   0   4 0.00  0.0    0  5.7 16  60   M    M   8 1      19  60
 6  84  61  73   1   0   8 0.00  0.0    0  3.1  9 100   M    M   3 18     12 100
 7  80  63  72   0   0   7 1.04  0.0    0  8.0 26 320   M    M   5 138    32 310
 8  78  66  72   0   0   7    T  0.0    0  7.2 21 330   M    M   5        27 320
 9  78  65  72  -1   0   7 0.81  0.0    0  9.7 18  70   M    M   6 1      24 130
10  80  63  72  -1   0   7 0.74  0.0    0  5.5 17 130   M    M   7 13     27 260
11  75  61  68  -5   0   3 0.00  0.0    0  5.4 14 310   M    M   7 1      18 310
12  82  58  70  -3   0   5 0.13  0.0    0  4.5 17 320   M    M   4 1      23 330
13  77  55  66  -8   0   1 0.00  0.0    0  5.5 16  10   M    M   1        19  10
14  81  50  66  -8   0   1 0.00  0.0    0  6.4 17 140   M    M   0        23 140
15  85  61  73  -1   0   8    T  0.0    0  7.6 18 190   M    M   3        28 160
16  91  71  81   7   0  16    T  0.0    0  6.0 16 170   M    M   5        26 190
17  92  73  83   8   0  18 0.00  0.0    0  8.3 17 190   M    M   0        26 190
18  93  72  83   8   0  18 0.00  0.0    0  6.8 16 180   M    M   1        23 180
19  93  71  82   7   0  17 0.00  0.0    0  5.2 13 200   M    M   1        19 150
20  91  71  81   6   0  16 0.13  0.0    0  4.8 23 320   M    M   4 3      28 320
21  92  68  80   5   0  15 0.70  0.0    0  5.3 33 350   M    M   0 13     41 340
22  86  67  77   1   0  12 0.25  0.0    0  4.6 14 190   M    M   2 13     18 190
23  87  70  79   3   0  14 0.03  0.0    0  4.1 12 160   M    M   4 3      16 150
24  87  66  77   1   0  12 0.13  0.0    0  6.8 18 320   M    M   5 1      24 320
25  90  65  78   2   0  13 0.00  0.0    0  3.0 10 280   M    M   1        14 300
26  90  68  79   3   0  14 0.03  0.0    0  3.6 18 120   M    M   1 13     24 120
27  86  69  78   2   0  13 0.04  0.0    0  6.6 17 160   M    M   1 13     25 160
28  88  72  80   3   0  15 0.00  0.0    0  9.1 20 150   M    M   5        27 150
29  84  71  78   1   0  13    T    M    0  7.7 15 200   M    M   7        22 170
30  93  73  83   6   0  18 0.00  0.0    0  8.3 18 180   M    M   3        28 210
================================================================================
SM 2569 1995         0 339  4.73     0.0 187.9          M      103
================================================================================
AV 85.6 66.5                               6.3 FASTST   M    M   3    MAX(MPH)
                                 MISC ---->  # 33 350               # 41  340
================================================================================
NOTES:
# LAST OF SEVERAL OCCURRENCES

COLUMN 17 PEAK WIND IN M.P.H.

PRELIMINARY LOCAL CLIMATOLOGICAL DATA (WS FORM: F-6) , PAGE 2

                                          STATION:  CAHOKIA/ST. LOUIS
                                          MONTH:    JUNE
                                          YEAR:     2014
                                          LATITUDE:   38 34 N
                                          LONGITUDE:  90  9 W

[TEMPERATURE DATA]      [PRECIPITATION DATA]       SYMBOLS USED IN COLUMN 16

AVERAGE MONTHLY: 76.1   TOTAL FOR MONTH:   4.73    1 = FOG OR MIST
DPTR FM NORMAL:   2.1   DPTR FM NORMAL:    0.56    2 = FOG REDUCING VISIBILITY
HIGHEST:    93 ON 30,19 GRTST 24HR  1.55 ON  9-10      TO 1/4 MILE OR LESS
LOWEST:     50 ON 14                               3 = THUNDER
                        SNOW, ICE PELLETS, HAIL    4 = ICE PELLETS
                        TOTAL MONTH:   0.0 INCH    5 = HAIL
                        GRTST 24HR     0.0         6 = FREEZING RAIN OR DRIZZLE
                        GRTST DEPTH:   0           7 = DUSTSTORM OR SANDSTORM:
                                                       VSBY 1/2 MILE OR LESS
                                                   8 = SMOKE OR HAZE
[NO. OF DAYS WITH]      [WEATHER - DAYS WITH]      9 = BLOWING SNOW
                                                   X = TORNADO
MAX 32 OR BELOW:   0    0.01 INCH OR MORE:  12
MAX 90 OR ABOVE:  10    0.10 INCH OR MORE:   9
MIN 32 OR BELOW:   0    0.50 INCH OR MORE:   5
MIN  0 OR BELOW:   0    1.00 INCH OR MORE:   1

[HDD (BASE 65) ]
TOTAL THIS MO.     0    CLEAR  (SCALE 0-3)  13
DPTR FM NORMAL    -7    PTCLDY (SCALE 4-7)  17
TOTAL FM JUL 1  5393    CLOUDY (SCALE 8-10)  0
DPTR FM NORMAL   668

[CDD (BASE 65) ]
TOTAL THIS MO.   339
DPTR FM NORMAL    62    [PRESSURE DATA]
TOTAL FM JAN 1   546    HIGHEST SLP 30.11 ON 14
DPTR FM NORMAL   134    LOWEST  SLP 29.65 ON 10

[REMARKS]
#FINAL-06-14#
