000
CXUS53 KLSX 011600
CF6CPS
PRELIMINARY LOCAL CLIMATOLOGICAL DATA (WS FORM: F-6)

                                          STATION:   CAHOKIA/ST. LOUIS IL
                                          MONTH:     OCTOBER
                                          YEAR:      2011
                                          LATITUDE:   38 34 N
                                          LONGITUDE:  90  9 W

  TEMPERATURE IN F:       :PCPN:    SNOW:  WIND      :SUNSHINE: SKY     :PK WND
================================================================================
1   2   3   4   5  6A  6B    7    8   9   10  11  12  13   14  15   16   17  18
                                     12Z  AVG MX 2MIN
DY MAX MIN AVG DEP HDD CDD  WTR  SNW DPTH SPD SPD DIR MIN PSBL S-S WX    SPD DR
================================================================================

 1  67  40  54  -8  11   0 0.00  0.0    0  5.0 17 340   M    M   0 8      22 320
 2  70  34  52 -10  13   0 0.00  0.0    0  1.5 10 360   M    M   0        15  10
 3  76  37  57  -4   8   0 0.00  0.0    0  1.2  8 340   M    M   0        10 330
 4  82  41  62   1   3   0 0.00  0.0    0  1.3  8 170   M    M   0 1      10 130
 5  82  44  63   3   2   0 0.00  0.0    0  2.9 12 160   M    M   0 1      17 160
 6  85  46  66   6   0   1 0.00  0.0    0  4.4 14 170   M    M   0 1      22 130
 7  85  54  70  10   0   5 0.00  0.0    0  5.8 16 140   M    M   0        22 140
 8  82  52  67   7   0   2 0.00  0.0    0  5.4 15 140   M    M   0 1      18 140
 9  82  50  66   7   0   1 0.00  0.0    0  3.5 16 130   M    M   0 1      21 120
10  79  48  64   5   1   0 0.00  0.0    0  2.9 12 130   M    M   1        15 130
11  82  55  69  10   0   4 0.00  0.0    0  1.5 13 150   M    M   4        15 140
12  72  58  65   7   0   0 0.07  0.0    0  3.4 10 180   M    M   7 13     16 170
13  74  56  65   7   0   0    T  0.0    0 10.7 25 310   M    M   7        32 300
14  73  50  62   4   3   0 0.00  0.0    0 10.0 26 280   M    M   1        35 300
15  70  45  58   1   7   0 0.00  0.0    0  5.8 17 310   M    M   0        21 310
16  85  48  67  10   0   2 0.00  0.0    0  9.9 26 360   M    M   0        32 360
17  64  39  52  -5  13   0 0.26  0.0    0  5.1 20 350   M    M   4 13     24  10
18  54  44  49  -7  16   0 1.10  0.0    0   M   M   M   M    M   9 13      M  M
19  51  45  48  -8  17   0 0.10  0.0    0 16.7 26 330   M    M   9 1      35 310
20  58  42  50  -6  15   0 0.00  0.0    0 12.9 22 310   M    M   3        29 300
21  62  34  48  -7  17   0 0.00  0.0    0  3.8 15 320   M    M   0        22 350
22  73  34  54  -1  11   0 0.00  0.0    0  1.0  9 280   M    M   0        13 280
23  76  47  62   7   3   0    T  0.0    0  3.4 13 220   M    M   4        21 220
24  74  50  62   8   3   0 0.00  0.0    0  4.6 10 230   M    M   0        17 230
25  82  49  66  12   0   1 0.00  0.0    0  9.7 25 190   M    M   0        38 180
26  72  48  60   6   5   0 0.06  0.0    0  9.6 17 350   M    M   7 18     21 350
27  57  39  48  -5  17   0    T  0.0    0  7.2 15 360   M    M   5        18 340
28  59  34  47  -6  18   0    T  0.0    0  2.2 13 330   M    M   2 1      22 330
29  62  33  48  -5  17   0 0.00  0.0    0  4.0 15 310   M    M   0        24 250
30  64  41  53   1  12   0    T  0.0    0  7.1 20 300   M    M   5        35 180
31  62  34  48  -4  17   0 0.00  0.0    0  4.8 16 300   M    M   0        21 290
================================================================================
SM 2216 1371       229  16  1.59     0.0 167.3          M       68
================================================================================
AV 71.5 44.2                               5.6 FASTST   M    M   2    MAX(MPH)
                                 MISC ---->  # 26 280               # 38  180
================================================================================
NOTES:
# LAST OF SEVERAL OCCURRENCES

COLUMN 17 PEAK WIND IN M.P.H.

PRELIMINARY LOCAL CLIMATOLOGICAL DATA (WS FORM: F-6) , PAGE 2

                                          STATION:  CAHOKIA/ST. LOUIS IL
                                          MONTH:    OCTOBER
                                          YEAR:     2011
                                          LATITUDE:   38 34 N
                                          LONGITUDE:  90  9 W

[TEMPERATURE DATA]      [PRECIPITATION DATA]       SYMBOLS USED IN COLUMN 16

AVERAGE MONTHLY: 57.9   TOTAL FOR MONTH:   1.59    1 = FOG OR MIST
DPTR FM NORMAL:   0.9   DPTR FM NORMAL:   -1.80    2 = FOG REDUCING VISIBILITY
HIGHEST:    85 ON 16, 7 GRTST 24HR  1.36 ON 17-18      TO 1/4 MILE OR LESS
LOWEST:     33 ON 29                               3 = THUNDER
                        SNOW, ICE PELLETS, HAIL    4 = ICE PELLETS
                        TOTAL MONTH:   0.0 INCH    5 = HAIL
                        GRTST 24HR     0.0         6 = FREEZING RAIN OR DRIZZLE
                        GRTST DEPTH:   0           7 = DUSTSTORM OR SANDSTORM:
                                                       VSBY 1/2 MILE OR LESS
                                                   8 = SMOKE OR HAZE
[NO. OF DAYS WITH]      [WEATHER - DAYS WITH]      9 = BLOWING SNOW
                                                   X = TORNADO
MAX 32 OR BELOW:   0    0.01 INCH OR MORE:   5
MAX 90 OR ABOVE:   0    0.10 INCH OR MORE:   3
MIN 32 OR BELOW:   0    0.50 INCH OR MORE:   1
MIN  0 OR BELOW:   0    1.00 INCH OR MORE:   1

[HDD (BASE 65) ]
TOTAL THIS MO.   229    CLEAR  (SCALE 0-3)  21
DPTR FM NORMAL   -48    PTCLDY (SCALE 4-7)   8
TOTAL FM JUL 1   315    CLOUDY (SCALE 8-10)  2
DPTR FM NORMAL   -17

[CDD (BASE 65) ]
TOTAL THIS MO.    16
DPTR FM NORMAL   -12    [PRESSURE DATA]
TOTAL FM JAN 1  1592    HIGHEST SLP 30.33 ON  2
DPTR FM NORMAL   272    LOWEST  SLP 29.60 ON 13

[REMARKS]
#FINAL-10-11#
