000
CXUS53 KLSX 011600
CF6CPS
PRELIMINARY LOCAL CLIMATOLOGICAL DATA (WS FORM: F-6)

                                          STATION:   CAHOKIA/ST. LOUIS
                                          MONTH:     MARCH
                                          YEAR:      2014
                                          LATITUDE:   38 34 N
                                          LONGITUDE:  90  9 W

  TEMPERATURE IN F:       :PCPN:    SNOW:  WIND      :SUNSHINE: SKY     :PK WND
================================================================================
1   2   3   4   5  6A  6B    7    8   9   10  11  12  13   14  15   16   17  18
                                     12Z  AVG MX 2MIN
DY MAX MIN AVG DEP HDD CDD  WTR  SNW DPTH SPD SPD DIR MIN PSBL S-S WX    SPD DR
================================================================================

 1  46  25  36  -4  29   0    T    M    0  9.1 18  10   M    M  10 168    22  10
 2  25   7  16 -25  49   0 0.19    M    M 16.7 22 350   M    M  10 168    29 360
 3  24   4  14 -27  51   0 0.00  0.0    M  8.4 23 360   M    M   1        28 360
 4  36  11  24 -17  41   0 0.00  0.0    0  4.3 12 140   M    M   0        14 140
 5  41  21  31 -11  34   0 0.00  0.0    0  5.7 14  60   M    M   0        16  40
 6  47  24  36  -6  29   0 0.00  0.0    0  3.8  9  40   M    M   0 18     13  40
 7  58  24  41  -1  24   0 0.00  0.0    0  5.6 16 140   M    M   0 18     19 150
 8  42  34  38  -4  27   0 0.00  0.0    0  9.1 16 320   M    M   8 18     20 310
 9  58  30  44   1  21   0 0.00  0.0    0  5.9 13 220   M    M   4 18     17 170
10  78  39  59  16   6   0 0.00  0.0    0  7.5 16 230   M    M   0 8      22 260
11  81  44  63  19   2   0    T  0.0    0  9.5 26 320   M    M   3 13     32 320
12  47  33  40  -4  25   0 0.20    M    0 20.6 32 340   M    M   8 1      43 350
13  60  25  43  -1  22   0 0.00  0.0    0  7.2 18 150   M    M   0        26 140
14  67  42  55  11  10   0 0.00  0.0    0 11.7 22 240   M    M   0        32 280
15  70  29  50   5  15   0 0.00  0.0    0  7.4 17 130   M    M   1        23 140
16  49  26  38  -7  27   0 0.02    M    0 20.5 32  30   M    M   7 6      40  40
17  48  20  34 -12  31   0 0.00  0.0    0  6.3 16  10   M    M   0        21 360
18  58  30  44  -2  21   0 0.00  0.0    0 11.9 31 140   M    M   0 1      42 140
19  53  32  43  -3  22   0 0.00  0.0    0 12.4 24 300   M    M   4        31 290
20  67  24  46   0  19   0 0.00  0.0    0  6.2 18 300   M    M   0        26 300
21  75  49  62  15   3   0 0.00  0.0    0 11.0 23 320   M    M   2        30 320
22  52  36  44  -3  21   0 0.00  0.0    0 14.2 21 360   M    M   5        25 360
23  43  26  35 -13  30   0 0.00  0.0    0 11.4 23 340   M    M   2        27 350
24  38  19  29 -19  36   0    T    T    0  2.8  9 150   M    M   6 1      14 220
25  41  22  32 -16  33   0 0.01    M    M 13.1 26 320   M    M   5 1      36 330
26  51  15  33 -16  32   0    T  0.0    0  8.9 21 140   M    M   2        27 130
27  60  39  50   1  15   0 0.47  0.0    0 14.0 31 270   M    M  10 13     42 230
28  57  40  49   0  16   0 0.06  0.0    0  8.5 20 280   M    M   7 1      25 250
29  45  29  37 -13  28   0 0.01  0.0    0  9.9 20 340   M    M   8 18     26 330
30  63  25  44  -6  21   0 0.00  0.0    0  6.5 16 140   M    M   0 18     21 130
31  69  43  56   6   9   0    T  0.0    M 12.7 29 140   M    M   3 8      39 140
================================================================================
SM 1649  867       749   0  0.96    T    302.8          M      106
================================================================================
AV 53.2 28.0                               9.8 FASTST   M    M   3    MAX(MPH)
                                 MISC ---->  # 32 340               # 43  350
================================================================================
NOTES:
# LAST OF SEVERAL OCCURRENCES

COLUMN 17 PEAK WIND IN M.P.H.

PRELIMINARY LOCAL CLIMATOLOGICAL DATA (WS FORM: F-6) , PAGE 2

                                          STATION:  CAHOKIA/ST. LOUIS
                                          MONTH:    MARCH
                                          YEAR:     2014
                                          LATITUDE:   38 34 N
                                          LONGITUDE:  90  9 W

[TEMPERATURE DATA]      [PRECIPITATION DATA]       SYMBOLS USED IN COLUMN 16

AVERAGE MONTHLY: 40.6   TOTAL FOR MONTH:   0.96    1 = FOG OR MIST
DPTR FM NORMAL:  -4.6   DPTR FM NORMAL:   -2.21    2 = FOG REDUCING VISIBILITY
HIGHEST:    81 ON 11    GRTST 24HR  0.47 ON 27-27      TO 1/4 MILE OR LESS
LOWEST:      4 ON  3                               3 = THUNDER
                        SNOW, ICE PELLETS, HAIL    4 = ICE PELLETS
                        TOTAL MONTH:    T          5 = HAIL
                        GRTST 24HR    T  ON 24-24  6 = FREEZING RAIN OR DRIZZLE
                        GRTST DEPTH:   0           7 = DUSTSTORM OR SANDSTORM:
                                                       VSBY 1/2 MILE OR LESS
                                                   8 = SMOKE OR HAZE
[NO. OF DAYS WITH]      [WEATHER - DAYS WITH]      9 = BLOWING SNOW
                                                   X = TORNADO
MAX 32 OR BELOW:   2    0.01 INCH OR MORE:   7
MAX 90 OR ABOVE:   0    0.10 INCH OR MORE:   3
MIN 32 OR BELOW:  21    0.50 INCH OR MORE:   0
MIN  0 OR BELOW:   0    1.00 INCH OR MORE:   0

[HDD (BASE 65) ]
TOTAL THIS MO.   749    CLEAR  (SCALE 0-3)  18
DPTR FM NORMAL   132    PTCLDY (SCALE 4-7)   9
TOTAL FM JUL 1  5045    CLOUDY (SCALE 8-10)  4
DPTR FM NORMAL   707

[CDD (BASE 65) ]
TOTAL THIS MO.     0
DPTR FM NORMAL    -3    [PRESSURE DATA]
TOTAL FM JAN 1     0    HIGHEST SLP 30.49 ON 23
DPTR FM NORMAL    -3    LOWEST  SLP 29.42 ON 11

[REMARKS]
#FINAL-03-14#
