000
CXUS53 KLSX 011600
CF6CPS
PRELIMINARY LOCAL CLIMATOLOGICAL DATA (WS FORM: F-6)

                                          STATION:   CAHOKIA/ST. LOUIS
                                          MONTH:     AUGUST
                                          YEAR:      2016
                                          LATITUDE:   38 34 N
                                          LONGITUDE:  90  9 W

  TEMPERATURE IN F:       :PCPN:    SNOW:  WIND      :SUNSHINE: SKY     :PK WND
================================================================================
1   2   3   4   5  6A  6B    7    8   9   10  11  12  13   14  15   16   17  18
                                     12Z  AVG MX 2MIN
DY MAX MIN AVG DEP HDD CDD  WTR  SNW DPTH SPD SPD DIR MIN PSBL S-S WX    SPD DR
================================================================================

 1  87  71  79   1   0  14 0.96  0.0    0  2.7  8 170   M    M   3 13     13 220
 2  87  73  80   2   0  15 0.07  0.0    0  3.6 12 360   M    M   4 1      15 360
 3  89  71  80   2   0  15 0.93  0.0    0  2.5 23 310   M    M   2 13     30 320
 4  93  71  82   4   0  17    T  0.0    0  3.0  8 150   M    M   2 12     11 140
 5  87  72  80   2   0  15 0.16  0.0    0  4.5 21  10   M    M   4 1      25  20
 6  87  69  78   0   0  13    T  0.0    0  6.3 13  50   M    M   5        19  20
 7  87  65  76  -2   0  11 0.00  0.0    0  1.9 10 100   M    M   1 1      14  90
 8  88  71  80   3   0  15 0.00  0.0    0  2.4  9  90   M    M   6        12 150
 9  92  68  80   3   0  15 0.00  0.0    0  2.4 10 130   M    M   0 1      12 120
10  93  71  82   5   0  17 0.00  0.0    0  3.0 10 130   M    M   0 1      12 150
11  95  74  85   8   0  20 0.00  0.0    0  5.5 13 140   M    M   1 18     17 150
12  91  74  83   6   0  18 0.36  0.0    0  5.7 24 280   M    M   1 13     35 280
13  84  72  78   1   0  13 0.07  0.0    0  4.9 13 350   M    M   5 1      15 320
14  73  67  70  -7   0   5 1.17  0.0    0  4.3 13  70   M    M   8 1      15 150
15  80  70  75  -2   0  10 3.47  0.0    0  6.4 22 100   M    M  10 18     29 100
16  85  72  79   2   0  14 0.02  0.0    0  3.3  9 170   M    M   7 1      14 170
17  87  68  78   2   0  13 0.00  0.0    0  3.3  9 160   M    M   0 1      11 170
18  89  68  79   3   0  14 0.00  0.0    0  4.2 10 150   M    M   1 1      15 150
19  88  71  80   4   0  15 0.00  0.0    0  5.7 12 150   M    M   5        15 170
20  84  71  78   2   0  13 0.00  0.0    0  8.6 16 330   M    M   5        23 280
21  82  59  71  -5   0   6 0.00  0.0    0  5.5 14 320   M    M   1 1      19 320
22  84  55  70  -6   0   5 0.00  0.0    0  4.0 12 140   M    M   0 1      15 150
23  78  60  69  -6   0   4 0.01  0.0    0  5.6 13 150   M    M   6 1      18 140
24  95  74  85  10   0  20 0.00  0.0    0  6.3 17 200   M    M   3 8      25 190
25  93  72  83   8   0  18 0.00  0.0    0  4.1 12 210   M    M   2 13     15 230
26  92  73  83   8   0  18 0.00  0.0    0  2.8 17 100   M    M   1 13     22  90
27  92  72  82   8   0  17 0.00  0.0    0  3.8 13 140   M    M   2 3      17 150
28  94  69  82   8   0  17 0.00  0.0    0  2.3  9 140   M    M   1 1      12 180
29  94  70  82   8   0  17 0.00  0.0    0  3.5 12 100   M    M   1 1      15  70
30  94  70  82   8   0  17 0.25  0.0    0  4.2 32 350   M    M   2 1238   40 360
31  87  69  78   5   0  13 0.05  0.0    0  3.6 23 360   M    M   6 128    34 340
================================================================================
SM 2731 2152         0 434  7.52     0.0 129.9          M       95
================================================================================
AV 88.1 69.4                               4.2 FASTST   M    M   3    MAX(MPH)
                                 MISC ---->  # 32 350               # 40  360
================================================================================
NOTES:
# LAST OF SEVERAL OCCURRENCES

COLUMN 17 PEAK WIND IN M.P.H.

PRELIMINARY LOCAL CLIMATOLOGICAL DATA (WS FORM: F-6) , PAGE 2

                                          STATION:  CAHOKIA/ST. LOUIS
                                          MONTH:    AUGUST
                                          YEAR:     2016
                                          LATITUDE:   38 34 N
                                          LONGITUDE:  90  9 W

[TEMPERATURE DATA]      [PRECIPITATION DATA]       SYMBOLS USED IN COLUMN 16

AVERAGE MONTHLY: 78.8   TOTAL FOR MONTH:   7.52    1 = FOG OR MIST
DPTR FM NORMAL:   2.6   DPTR FM NORMAL:    4.37    2 = FOG REDUCING VISIBILITY
HIGHEST:    95 ON 24,11 GRTST 24HR  4.35 ON 14-15      TO 1/4 MILE OR LESS
LOWEST:     55 ON 22                               3 = THUNDER
                        SNOW, ICE PELLETS, HAIL    4 = ICE PELLETS
                        TOTAL MONTH:   0.0 INCH    5 = HAIL
                        GRTST 24HR     0.0         6 = FREEZING RAIN OR DRIZZLE
                        GRTST DEPTH:   0           7 = DUSTSTORM OR SANDSTORM:
                                                       VSBY 1/2 MILE OR LESS
                                                   8 = SMOKE OR HAZE
[NO. OF DAYS WITH]      [WEATHER - DAYS WITH]      9 = BLOWING SNOW
                                                   X = TORNADO
MAX 32 OR BELOW:   0    0.01 INCH OR MORE:  12
MAX 90 OR ABOVE:  12    0.10 INCH OR MORE:   7
MIN 32 OR BELOW:   0    0.50 INCH OR MORE:   4
MIN  0 OR BELOW:   0    1.00 INCH OR MORE:   2

[HDD (BASE 65) ]
TOTAL THIS MO.     0    CLEAR  (SCALE 0-3)  18
DPTR FM NORMAL    -2    PTCLDY (SCALE 4-7)  12
TOTAL FM JUL 1     0    CLOUDY (SCALE 8-10)  1
DPTR FM NORMAL    -2

[CDD (BASE 65) ]
TOTAL THIS MO.   434
DPTR FM NORMAL    85    [PRESSURE DATA]
TOTAL FM JAN 1  1465    HIGHEST SLP 30.21 ON 23
DPTR FM NORMAL   307    LOWEST  SLP 29.71 ON 12

[REMARKS]
#FINAL-08-16#
