000
CXUS53 KLSX 011600
CF6CPS
PRELIMINARY LOCAL CLIMATOLOGICAL DATA (WS FORM: F-6)

                                          STATION:   CAHOKIA/ST. LOUIS
                                          MONTH:     APRIL
                                          YEAR:      2014
                                          LATITUDE:   38 34 N
                                          LONGITUDE:  90  9 W

  TEMPERATURE IN F:       :PCPN:    SNOW:  WIND      :SUNSHINE: SKY     :PK WND
================================================================================
1   2   3   4   5  6A  6B    7    8   9   10  11  12  13   14  15   16   17  18
                                     12Z  AVG MX 2MIN
DY MAX MIN AVG DEP HDD CDD  WTR  SNW DPTH SPD SPD DIR MIN PSBL S-S WX    SPD DR
================================================================================

 1  62  45  54   3  11   0 0.10  0.0    0  8.3 18 280   M    M   4        24 250
 2  56  45  51   0  14   0 0.84  0.0    0 10.1 28 290   M    M  10 13     39 280
 3  65  56  61  10   4   0 1.60  0.0    0  9.3 26 260   M    M   9 138    35 280
 4  57  42  50  -2  15   0 0.05  0.0    0 16.8 31 290   M    M   9 1      40 300
 5  54  37  46  -6  19   0 0.00  0.0    0  5.8 15 310   M    M   3        21 150
 6  58  34  46  -6  19   0 0.00  0.0    0  4.3 15 120   M    M   1        19 100
 7  50  45  48  -5  17   0 0.26  0.0    0  7.8 24 330   M    M   9 1      30 330
 8  62  46  54   1  11   0 0.01  0.0    0 11.2 25 350   M    M   5        31 350
 9  66  38  52  -2  13   0 0.00  0.0    0  7.2 15 280   M    M   0        21 310
10  83  50  67  13   0   2 0.02  0.0    0 10.0 23 330   M    M   2 3      35 250
11  71  48  60   6   5   0 0.00  0.0    0  5.0 14  10   M    M   2        18  20
12  79  55  67  12   0   2 0.00  0.0    0 11.5 22 190   M    M   1        30 190
13  75  57  66  11   0   1 1.46  0.0    0 10.6 26 210   M    M   4 13     36 170
14  58  34  46  -9  19   0 0.05    M    0 15.8 26 320   M    M   9 1      32 320
15  48  31  40 -16  25   0 0.00  0.0    0  9.4 21 330   M    M   0        29 330
16  57  34  46 -10  19   0 0.00  0.0    0 11.7 24 140   M    M   0        32 140
17  68  39  54  -2  11   0 0.00  0.0    0  5.8 14 220   M    M   0        17 200
18  71  44  58   1   7   0 0.00  0.0    0  4.1 12  10   M    M   1        14  80
19  75  44  60   3   5   0 0.00  0.0    0  4.5 13 130   M    M   0        18  80
20  81  45  63   5   2   0 0.00  0.0    0  6.3 16 140   M    M   0 18     20 140
21  73  57  65   7   0   0 0.13  0.0    0  4.8 10 140   M    M   7 1      14 270
22  70  44  57  -1   8   0 0.00  0.0    0 10.6 20 340   M    M   1 1      25 350
23  67  41  54  -5  11   0 0.00  0.0    0  8.0 15 120   M    M   2        20 120
24  79  49  64   5   1   0 0.92  0.0    0 11.0 32 310   M    M   4 1      43 310
25  75  50  63   4   2   0    T  0.0    0  8.2 22 300   M    M   2        27 310
26  76  54  65   5   0   0 0.00  0.0    0  6.7 18 130   M    M   0        22 140
27  78  56  67   7   0   2 0.60  0.0    0 13.3 31 140   M    M   6 13     40 130
28  76  57  67   7   0   2 0.43    M    0 11.7 29 140   M    M   4 13     39 160
29  69  52  61   0   4   0    T    M    0  9.9 21 270   M    M   5        28 290
30  57  47  52  -9  13   0 0.01  0.0    0  9.7 20 300   M    M   9 1      23 260
================================================================================
SM 2016 1376       255   9  6.48     0.0 269.4          M      109
================================================================================
AV 67.2 45.9                               9.0 FASTST   M    M   4    MAX(MPH)
                                 MISC ---->  # 32 310               # 43  310
================================================================================
NOTES:
# LAST OF SEVERAL OCCURRENCES

COLUMN 17 PEAK WIND IN M.P.H.

PRELIMINARY LOCAL CLIMATOLOGICAL DATA (WS FORM: F-6) , PAGE 2

                                          STATION:  CAHOKIA/ST. LOUIS
                                          MONTH:    APRIL
                                          YEAR:     2014
                                          LATITUDE:   38 34 N
                                          LONGITUDE:  90  9 W

[TEMPERATURE DATA]      [PRECIPITATION DATA]       SYMBOLS USED IN COLUMN 16

AVERAGE MONTHLY: 56.5   TOTAL FOR MONTH:   6.48    1 = FOG OR MIST
DPTR FM NORMAL:   0.6   DPTR FM NORMAL:    2.43    2 = FOG REDUCING VISIBILITY
HIGHEST:    83 ON 10    GRTST 24HR  1.65 ON  3- 4      TO 1/4 MILE OR LESS
LOWEST:     31 ON 15                               3 = THUNDER
                        SNOW, ICE PELLETS, HAIL    4 = ICE PELLETS
                        TOTAL MONTH:   0.0 INCH    5 = HAIL
                        GRTST 24HR     0.0         6 = FREEZING RAIN OR DRIZZLE
                        GRTST DEPTH:   0           7 = DUSTSTORM OR SANDSTORM:
                                                       VSBY 1/2 MILE OR LESS
                                                   8 = SMOKE OR HAZE
[NO. OF DAYS WITH]      [WEATHER - DAYS WITH]      9 = BLOWING SNOW
                                                   X = TORNADO
MAX 32 OR BELOW:   0    0.01 INCH OR MORE:  14
MAX 90 OR ABOVE:   0    0.10 INCH OR MORE:   9
MIN 32 OR BELOW:   1    0.50 INCH OR MORE:   5
MIN  0 OR BELOW:   0    1.00 INCH OR MORE:   2

[HDD (BASE 65) ]
TOTAL THIS MO.   255    CLEAR  (SCALE 0-3)  16
DPTR FM NORMAL   -42    PTCLDY (SCALE 4-7)   8
TOTAL FM JUL 1  5300    CLOUDY (SCALE 8-10)  6
DPTR FM NORMAL   665

[CDD (BASE 65) ]
TOTAL THIS MO.     9
DPTR FM NORMAL   -15    [PRESSURE DATA]
TOTAL FM JAN 1     9    HIGHEST SLP 30.32 ON 18
DPTR FM NORMAL   -18    LOWEST  SLP 29.31 ON 28

[REMARKS]
#FINAL-04-14#
