000
CXUS53 KLSX 011600
CF6CPS
PRELIMINARY LOCAL CLIMATOLOGICAL DATA (WS FORM: F-6)

                                          STATION:   CAHOKIA/ST. LOUIS
                                          MONTH:     JANUARY
                                          YEAR:      2017
                                          LATITUDE:   38 34 N
                                          LONGITUDE:  90  9 W

  TEMPERATURE IN F:       :PCPN:    SNOW:  WIND      :SUNSHINE: SKY     :PK WND
================================================================================
1   2   3   4   5  6A  6B    7    8   9   10  11  12  13   14  15   16   17  18
                                     12Z  AVG MX 2MIN
DY MAX MIN AVG DEP HDD CDD  WTR  SNW DPTH SPD SPD DIR MIN PSBL S-S WX    SPD DR
================================================================================

 1  40  22  31  -1  34   0 0.00  0.0    0  2.4 14 150   M    M   4 18     17 150
 2  50  38  44  12  21   0 0.18  0.0    0  2.2  8 130   M    M  10 1      11 100
 3  49  26  38   6  27   0 0.01  0.0    0 13.7 26 320   M    M   9 12     32 310
 4  28  18  23  -9  42   0 0.00  0.0    0 11.4 22 320   M    M   1        28 320
 5  24  16  20 -12  45   0 0.01    M    M  9.7 17 320   M    M  10        21 320
 6  17   7  12 -20  53   0    T    M    M 10.5 18 340   M    M   3        21 310
 7  25   2  14 -17  51   0 0.00  0.0    M  2.9 14 340   M    M   0        17 340
 8  27   6  17 -14  48   0 0.00  0.0    M  7.2 15 160   M    M   4        22 160
 9  45  23  34   3  31   0 0.00  0.0    0 10.4 18 160   M    M   5        26 140
10  67  29  48  17  17   0    T  0.0    0 14.2 32 300   M    M   6 3      45 170
11  69  27  48  17  17   0 0.00  0.0    0  9.2 23 180   M    M   6 1      36 180
12  62  27  45  14  20   0 0.01  0.0    0 11.3 21 310   M    M  10 18     24 310
13  32  27  30  -1  35   0 0.29    M    0  7.9 16  20   M    M  10 168    19  20
14  35  32  34   3  31   0 0.17  0.0    M  4.4 10 350   M    M  10 168    14 330
15  38  33  36   5  29   0 0.15  0.0    M  4.6  8  90   M    M  10 18     10  40
16  57  38  48  17  17   0 0.15  0.0    0  6.0 16 140   M    M   9 123    21 140
17  54  41  48  17  17   0 0.00  0.0    0 10.5 22 290   M    M  10 1      28 290
18  48  36  42  10  23   0    T  0.0    0  6.2 13 320   M    M   5        16 280
19  48  42  45  13  20   0 0.77  0.0    0  3.5  9  90   M    M   9 13     12  90
20  56  46  51  19  14   0 0.00  0.0    0  5.4 14 180   M    M   7 1      18 200
21  71  48  60  28   5   0 0.00  0.0    0  5.2 14 190   M    M   1        22 210
22  54  41  48  16  17   0 0.01  0.0    0 12.1 24 350   M    M   6 1      30 340
23  44  40  42  10  23   0 0.01  0.0    0 12.0 23 320   M    M   9        28 320
24  52  36  44  12  21   0 0.00  0.0    0  7.8 20 120   M    M   5        25 160
25  54  37  46  14  19   0 0.00  0.0    0 13.6 26 280   M    M   6        34 290
26  37  31  34   2  31   0 0.00  0.0    0 14.1 24 280   M    M  10        32 280
27  34  27  31  -1  34   0 0.00  0.0    0  7.7 20 280   M    M   5        24 290
28  43  28  36   4  29   0 0.00  0.0    0  9.1 20 290   M    M   4        25 280
29  38  26  32   0  33   0    T    M    0 10.9 28 310   M    M   8        34 310
30  53  22  38   5  27   0 0.00  0.0    0  5.7 17 170   M    M   1        23 160
31  52  39  46  13  19   0 0.00  0.0    0  6.0 15 300   M    M   2        20 290
================================================================================
SM 1403  911       850   0  1.76     0.0 257.8          M      195
================================================================================
AV 45.3 29.4                               8.3 FASTST   M    M   6    MAX(MPH)
                                 MISC ---->  # 32 300               # 45  170
================================================================================
NOTES:
# LAST OF SEVERAL OCCURRENCES

COLUMN 17 PEAK WIND IN M.P.H.

PRELIMINARY LOCAL CLIMATOLOGICAL DATA (WS FORM: F-6) , PAGE 2

                                          STATION:  CAHOKIA/ST. LOUIS
                                          MONTH:    JANUARY
                                          YEAR:     2017
                                          LATITUDE:   38 34 N
                                          LONGITUDE:  90  9 W

[TEMPERATURE DATA]      [PRECIPITATION DATA]       SYMBOLS USED IN COLUMN 16

AVERAGE MONTHLY: 37.3   TOTAL FOR MONTH:   1.76    1 = FOG OR MIST
DPTR FM NORMAL:   5.6   DPTR FM NORMAL:   -0.63    2 = FOG REDUCING VISIBILITY
HIGHEST:    71 ON 21    GRTST 24HR  0.77 ON 19-19      TO 1/4 MILE OR LESS
LOWEST:      2 ON  7                               3 = THUNDER
                        SNOW, ICE PELLETS, HAIL    4 = ICE PELLETS
                        TOTAL MONTH:   0.0 INCH    5 = HAIL
                        GRTST 24HR     0.0         6 = FREEZING RAIN OR DRIZZLE
                        GRTST DEPTH:   0           7 = DUSTSTORM OR SANDSTORM:
                                                       VSBY 1/2 MILE OR LESS
                                                   8 = SMOKE OR HAZE
[NO. OF DAYS WITH]      [WEATHER - DAYS WITH]      9 = BLOWING SNOW
                                                   X = TORNADO
MAX 32 OR BELOW:   6    0.01 INCH OR MORE:  11
MAX 90 OR ABOVE:   0    0.10 INCH OR MORE:   6
MIN 32 OR BELOW:  18    0.50 INCH OR MORE:   1
MIN  0 OR BELOW:   0    1.00 INCH OR MORE:   0

[HDD (BASE 65) ]
TOTAL THIS MO.   850    CLEAR  (SCALE 0-3)   6
DPTR FM NORMAL  -182    PTCLDY (SCALE 4-7)  13
TOTAL FM JUL 1  2348    CLOUDY (SCALE 8-10) 12
DPTR FM NORMAL  -564

[CDD (BASE 65) ]
TOTAL THIS MO.     0
DPTR FM NORMAL     0    [PRESSURE DATA]
TOTAL FM JAN 1     0    HIGHEST SLP 30.82 ON  8
DPTR FM NORMAL     0    LOWEST  SLP 29.47 ON 22

[REMARKS]
#FINAL-01-17#
