000
CXUS53 KLSX 011600
CF6CPS
PRELIMINARY LOCAL CLIMATOLOGICAL DATA (WS FORM: F-6)

                                          STATION:   CAHOKIA/ST. LOUIS
                                          MONTH:     NOVEMBER
                                          YEAR:      2013
                                          LATITUDE:   38 34 N
                                          LONGITUDE:  90  9 W

  TEMPERATURE IN F:       :PCPN:    SNOW:  WIND      :SUNSHINE: SKY     :PK WND
================================================================================
1   2   3   4   5  6A  6B    7    8   9   10  11  12  13   14  15   16   17  18
                                     12Z  AVG MX 2MIN
DY MAX MIN AVG DEP HDD CDD  WTR  SNW DPTH SPD SPD DIR MIN PSBL S-S WX    SPD DR
================================================================================

 1  63  46  55   4  10   0 0.00  0.0    0  7.0 17 320   M    M   2        26 290
 2  56  32  44  -7  21   0 0.00  0.0    0  8.7 20 320   M    M   5        25 320
 3  58  28  43  -8  22   0 0.00  0.0    0  4.9 15 130   M    M   0 12     20 120
 4  59  45  52   2  13   0 0.00  0.0    0  8.1 18 160   M    M   2        25 180
 5  60  50  55   5  10   0 0.29  0.0    0  7.1 16 150   M    M  10 1      24 140
 6  60  36  48  -1  17   0 0.37  0.0    0  9.7 23 310   M    M   8 1      28 310
 7  55  30  43  -6  22   0 0.00  0.0    0  4.1 14 290   M    M   0        20 280
 8  58  25  42  -6  23   0 0.00  0.0    0  6.0 17 150   M    M   0 1      22 140
 9  67  37  52   4  13   0 0.00  0.0    0  6.3 14 290   M    M   0 8      20 230
10  54  32  43  -5  22   0 0.00  0.0    0  4.1 13  10   M    M   0 18     16 360
11  70  32  51   4  14   0 0.04    M    0  8.6 24  10   M    M   7 1      31  10
12  36  18  27 -20  38   0    T    M    0 10.2 24  10   M    M   2 18     31  10
13  46  15  31 -15  34   0 0.00  0.0    0  4.4 12 180   M    M   0        18 210
14  58  21  40  -6  25   0 0.00  0.0    0  5.8 16 170   M    M   0        23 170
15  58  43  51   6  14   0 0.00  0.0    0  6.4 14 150   M    M   5        17 180
16  66  46  56  11   9   0 0.16  0.0    0  9.7 21 190   M    M   8 13     33 180
17  77  49  63  19   2   0 0.09  0.0    0 14.7 33 270   M    M   4        49 260
18  56  31  44   0  21   0 0.00  0.0    0  6.9 23 320   M    M   0 8      31 320
19  49  27  38  -6  27   0 0.00  0.0    0  2.3 10 140   M    M   0        12 140
20  50  27  39  -4  26   0 0.08  0.0    0  5.8 14 140   M    M   6        17 150
21  50  46  48   5  17   0 0.29  0.0    0  3.8 10 160   M    M  10 1      14 180
22  50  34  42   0  23   0 0.00  0.0    0 12.6 21 330   M    M  10 1      24 320
23  34  19  27 -15  38   0 0.00  0.0    0 13.8 25 360   M    M   1        30  10
24  30  16  23 -18  42   0 0.00  0.0    0  4.4 10  50   M    M   0        13 340
25  36  26  31 -10  34   0    T    T    0  4.9 12 210   M    M   9        17 180
26  43  23  33  -7  32   0 0.00  0.0    0 10.7 28 350   M    M   5        35 350
27  29  18  24 -16  41   0 0.00  0.0    0 11.4 21 330   M    M   0        28 330
28  47  19  33  -7  32   0 0.00  0.0    0  5.8 15 260   M    M   0        20 260
29  45  17  31  -8  34   0 0.00  0.0    0  3.8 10 120   M    M   0        13 120
30  58  22  40   1  25   0 0.00  0.0    0  4.6 13 180   M    M   0 18     18 180
================================================================================
SM 1578  910       701   0  1.32    T    216.6          M       94
================================================================================
AV 52.6 30.3                               7.2 FASTST   M    M   3    MAX(MPH)
                                 MISC ---->  # 33 270               # 49  260
================================================================================
NOTES:
# LAST OF SEVERAL OCCURRENCES

COLUMN 17 PEAK WIND IN M.P.H.

PRELIMINARY LOCAL CLIMATOLOGICAL DATA (WS FORM: F-6) , PAGE 2

                                          STATION:  CAHOKIA/ST. LOUIS
                                          MONTH:    NOVEMBER
                                          YEAR:     2013
                                          LATITUDE:   38 34 N
                                          LONGITUDE:  90  9 W

[TEMPERATURE DATA]      [PRECIPITATION DATA]       SYMBOLS USED IN COLUMN 16

AVERAGE MONTHLY: 41.5   TOTAL FOR MONTH:   1.32    1 = FOG OR MIST
DPTR FM NORMAL:  -3.6   DPTR FM NORMAL:   -2.44    2 = FOG REDUCING VISIBILITY
HIGHEST:    77 ON 17    GRTST 24HR  0.74 ON 31- 1      TO 1/4 MILE OR LESS
LOWEST:     15 ON 13                               3 = THUNDER
                        SNOW, ICE PELLETS, HAIL    4 = ICE PELLETS
                        TOTAL MONTH:    T          5 = HAIL
                        GRTST 24HR    T  ON 25-25  6 = FREEZING RAIN OR DRIZZLE
                        GRTST DEPTH:   0           7 = DUSTSTORM OR SANDSTORM:
                                                       VSBY 1/2 MILE OR LESS
                                                   8 = SMOKE OR HAZE
[NO. OF DAYS WITH]      [WEATHER - DAYS WITH]      9 = BLOWING SNOW
                                                   X = TORNADO
MAX 32 OR BELOW:   2    0.01 INCH OR MORE:   7
MAX 90 OR ABOVE:   0    0.10 INCH OR MORE:   4
MIN 32 OR BELOW:  20    0.50 INCH OR MORE:   0
MIN  0 OR BELOW:   0    1.00 INCH OR MORE:   0

[HDD (BASE 65) ]
TOTAL THIS MO.   701    CLEAR  (SCALE 0-3)  18
DPTR FM NORMAL   103    PTCLDY (SCALE 4-7)   7
TOTAL FM JUL 1  1029    CLOUDY (SCALE 8-10)  5
DPTR FM NORMAL    99

[CDD (BASE 65) ]
TOTAL THIS MO.     0
DPTR FM NORMAL    -1    [PRESSURE DATA]
TOTAL FM JAN 1  1393    HIGHEST SLP 30.84 ON 12
DPTR FM NORMAL    72    LOWEST  SLP 29.39 ON 17

[REMARKS]
#FINAL-11-13#
