000
CXUS53 KLSX 011600
CF6CPS
PRELIMINARY LOCAL CLIMATOLOGICAL DATA (WS FORM: F-6)

                                          STATION:   CAHOKIA/ST. LOUIS
                                          MONTH:     FEBRUARY
                                          YEAR:      2016
                                          LATITUDE:   38 34 N
                                          LONGITUDE:  90  9 W

  TEMPERATURE IN F:       :PCPN:    SNOW:  WIND      :SUNSHINE: SKY     :PK WND
================================================================================
1   2   3   4   5  6A  6B    7    8   9   10  11  12  13   14  15   16   17  18
                                     12Z  AVG MX 2MIN
DY MAX MIN AVG DEP HDD CDD  WTR  SNW DPTH SPD SPD DIR MIN PSBL S-S WX    SPD DR
================================================================================

 1  56  37  47  14  18   0 0.00  0.0    0  5.0 13  90   M    M   2        16  90
 2  66  42  54  21  11   0 0.05  0.0    0  9.4 21 120   M    M   6 18     28 100
 3  52  32  42   9  23   0 0.00  0.0    0 13.7 26 260   M    M   8        34 260
 4  42  24  33  -1  32   0 0.00  0.0    0  7.5 20 320   M    M   3        24 330
 5  44  24  34   0  31   0 0.00  0.0    0  2.9  9 290   M    M   0        12 280
 6  57  24  41   7  24   0 0.00  0.0    0  3.4 14 250   M    M   1        20 250
 7  55  39  47  13  18   0    T  0.0    0  9.4 29 310   M    M   2        35 310
 8  41  24  33  -1  32   0    T    M    0 17.7 30 310   M    M  10        42 290
 9  26  20  23 -11  42   0    T    M    0 17.0 26 320   M    M   9 8      32 310
10  24  16  20 -15  45   0 0.03    M    0  7.3 24 330   M    M   8 1      29 330
11  32  23  28  -7  37   0 0.00  0.0    M  6.6 13  30   M    M   8        15  30
12  36  20  28  -7  37   0    T    M    M 10.9 24 330   M    M   7        30 330
13  24  12  18 -18  47   0 0.00  0.0    M  8.7 22 330   M    M   4        26 320
14  30  22  26 -10  39   0 0.12    M    M  9.8 20 150   M    M  10 128    26 130
15  44  27  36   0  29   0 0.00  0.0    M  3.8 10 360   M    M   8 128    12 360
16  40  30  35  -1  30   0 0.06  0.0    0  5.6 18 310   M    M  10 18     22 310
17  49  36  43   6  22   0 0.00  0.0    0  5.5 15 320   M    M   5        17 320
18  61  34  48  11  17   0 0.00  0.0    0 13.9 25 160   M    M   1        36 150
19  75  42  59  22   6   0 0.00  0.0    0 11.0 25 290   M    M   0 8      33 200
20  78  37  58  20   7   0 0.12  0.0    0  4.4 13 160   M    M   2 13     19 150
21  59  40  50  12  15   0 0.00  0.0    0 11.1 22  20   M    M   2        29  20
22  47  31  39   1  26   0 0.00  0.0    0  5.7 14  30   M    M   5 1      16  20
23  50  29  40   2  25   0 0.00  0.0    0 11.7 28  20   M    M   3 18     35  30
24  43  33  38  -1  27   0 0.18    M    0 24.1 36 330   M    M  10 1      44 330
25  41  34  38  -1  27   0    T    M    0 14.1 23 310   M    M   8        27 300
26  41  29  35  -4  30   0 0.00  0.0    0  7.2 20 330   M    M   6        25 340
27  66  26  46   6  19   0 0.00  0.0    0  5.8 13 210   M    M   0 18     18 250
28  75  43  59  19   6   0 0.00  0.0    0 15.6 35 310   M    M   3        42 320
29  68  35  52  12  13   0 0.00  0.0    0  8.2 18 310   M    M   0        25 310
================================================================================
SM 1422  865       735   0  0.56     0.0 277.0          M      141
================================================================================
AV 49.0 29.8                               9.6 FASTST   M    M   5    MAX(MPH)
                                 MISC ---->  # 36 330               # 44  330
================================================================================
NOTES:
# LAST OF SEVERAL OCCURRENCES

COLUMN 17 PEAK WIND IN M.P.H.

PRELIMINARY LOCAL CLIMATOLOGICAL DATA (WS FORM: F-6) , PAGE 2

                                          STATION:  CAHOKIA/ST. LOUIS
                                          MONTH:    FEBRUARY
                                          YEAR:     2016
                                          LATITUDE:   38 34 N
                                          LONGITUDE:  90  9 W

[TEMPERATURE DATA]      [PRECIPITATION DATA]       SYMBOLS USED IN COLUMN 16

AVERAGE MONTHLY: 39.4   TOTAL FOR MONTH:   0.56    1 = FOG OR MIST
DPTR FM NORMAL:   3.3   DPTR FM NORMAL:   -1.54    2 = FOG REDUCING VISIBILITY
HIGHEST:    78 ON 20    GRTST 24HR  0.18 ON 24-24      TO 1/4 MILE OR LESS
LOWEST:     12 ON 13                               3 = THUNDER
                        SNOW, ICE PELLETS, HAIL    4 = ICE PELLETS
                        TOTAL MONTH:   0.0 INCH    5 = HAIL
                        GRTST 24HR     0.0         6 = FREEZING RAIN OR DRIZZLE
                        GRTST DEPTH:   0           7 = DUSTSTORM OR SANDSTORM:
                                                       VSBY 1/2 MILE OR LESS
                                                   8 = SMOKE OR HAZE
[NO. OF DAYS WITH]      [WEATHER - DAYS WITH]      9 = BLOWING SNOW
                                                   X = TORNADO
MAX 32 OR BELOW:   5    0.01 INCH OR MORE:   6
MAX 90 OR ABOVE:   0    0.10 INCH OR MORE:   3
MIN 32 OR BELOW:  17    0.50 INCH OR MORE:   0
MIN  0 OR BELOW:   0    1.00 INCH OR MORE:   0

[HDD (BASE 65) ]
TOTAL THIS MO.   735    CLEAR  (SCALE 0-3)  13
DPTR FM NORMAL   -74    PTCLDY (SCALE 4-7)  11
TOTAL FM JUL 1  2994    CLOUDY (SCALE 8-10)  5
DPTR FM NORMAL  -752

[CDD (BASE 65) ]
TOTAL THIS MO.     0
DPTR FM NORMAL     0    [PRESSURE DATA]
TOTAL FM JAN 1     0    HIGHEST SLP 30.71 ON 13
DPTR FM NORMAL     0    LOWEST  SLP 29.41 ON  2

[REMARKS]
#FINAL-02-16#
