000
CXUS53 KLSX 011600
CF6CPS
PRELIMINARY LOCAL CLIMATOLOGICAL DATA (WS FORM: F-6)

                                          STATION:   CAHOKIA/ST. LOUIS
                                          MONTH:     JUNE
                                          YEAR:      2016
                                          LATITUDE:   38 34 N
                                          LONGITUDE:  90  9 W

  TEMPERATURE IN F:       :PCPN:    SNOW:  WIND      :SUNSHINE: SKY     :PK WND
================================================================================
1   2   3   4   5  6A  6B    7    8   9   10  11  12  13   14  15   16   17  18
                                     12Z  AVG MX 2MIN
DY MAX MIN AVG DEP HDD CDD  WTR  SNW DPTH SPD SPD DIR MIN PSBL S-S WX    SPD DR
================================================================================

 1  86  69  78   8   0  13 0.88  0.0    0  3.2 25 340   M    M   3 3      30 340
 2  86  66  76   5   0  11 0.00  0.0    0  3.1 10  50   M    M   6 18     13  90
 3   M  65   M   M   M   M    M  0.0    0   M   M   M   M    M   M         M  M
 4   M   M   M   M   M   M    M  0.0    0   M   M   M   M    M   M         M  M
 5   M   M   M   M   M   M    M  0.0    0   M   M   M   M    M   M         M  M
 6  89  62  76   4   0  11 0.00  0.0    0  7.9 17 270   M    M   2        24 290
 7  81  59  70  -2   0   5 0.00  0.0    0  7.9 18 310   M    M   1        24 330
 8  84  53  69  -3   0   4 0.00  0.0    0  2.1  9 170   M    M   0 8      13 190
 9  90  61  76   3   0  11 0.00  0.0    0  5.9 13 170   M    M   0        19 180
10  94  66  80   7   0  15 0.00  0.0    0  4.2 12 180   M    M   0        17 160
11  94  68  81   8   0  16 0.00  0.0    0  3.8 12 250   M    M   0        18 240
12  97  70  84  11   0  19 0.00  0.0    0  2.3 22  10   M    M   1        26 360
13  95  71  83   9   0  18 0.39  0.0    0  3.1 21 330   M    M   1 13     28 140
14  93  72  83   9   0  18 0.00  0.0    0  4.9 14 170   M    M   1 1      20 190
15  99  78  89  15   0  24 0.00  0.0    0  5.9 14 300   M    M   1        21 280
16  99  79  89  15   0  24 0.00  0.0    0  5.8 13 340   M    M   0        15 330
17  88  70  79   4   0  14 0.00  0.0    0  6.6 15  30   M    M   0        22  10
18  92  66  79   4   0  14 0.00  0.0    0  4.3 15  60   M    M   0        20  60
19  94  67  81   6   0  16 0.00  0.0    0  5.0 15 180   M    M   2        19 170
20  94  71  83   8   0  18    T  0.0    0  5.2 17 310   M    M   1        25 310
21  88  72  80   5   0  15    T  0.0    0  4.5 10 210   M    M   2        17 210
22  97  75  86  10   0  21 0.00  0.0    0  7.3 17 210   M    M   1        25 200
23  97  74  86  10   0  21 0.00  0.0    0  8.3 17 350   M    M   3        24 250
24  94  67  81   5   0  16 0.00  0.0    0  3.7 12  50   M    M   0        14 250
25  97  72  85   9   0  20    T  0.0    0  3.9 17 170   M    M   2        25 200
26  96  73  85   9   0  20 0.01  0.0    0  3.3 12 270   M    M   2 13     17 270
27  96  78  87  11   0  22    T  0.0    0  4.7 12  60   M    M   1        20  60
28  88  66  77   0   0  12 0.00  0.0    0  7.1 17 350   M    M   2        21  10
29  84  63  74  -3   0   9 0.00  0.0    0  4.0 10  50   M    M   0        15  50
30  81  60  71  -6   0   6 0.84  0.0    0  5.6 24  10   M    M   4 138    31 360
================================================================================
SM 2473 1913         0 413  2.12     0.0 133.6          M       36
================================================================================
AV 91.6 68.3                               4.9 FASTST   M    M   1    MAX(MPH)
                                 MISC ---->  # 25 340               # 31  360
================================================================================
NOTES:
# LAST OF SEVERAL OCCURRENCES

COLUMN 17 PEAK WIND IN M.P.H.

PRELIMINARY LOCAL CLIMATOLOGICAL DATA (WS FORM: F-6) , PAGE 2

                                          STATION:  CAHOKIA/ST. LOUIS
                                          MONTH:    JUNE
                                          YEAR:     2016
                                          LATITUDE:   38 34 N
                                          LONGITUDE:  90  9 W

[TEMPERATURE DATA]      [PRECIPITATION DATA]       SYMBOLS USED IN COLUMN 16

AVERAGE MONTHLY: 80.0   TOTAL FOR MONTH:   2.12    1 = FOG OR MIST
DPTR FM NORMAL:   6.0   DPTR FM NORMAL:   -2.05    2 = FOG REDUCING VISIBILITY
HIGHEST:    99 ON 16,15 GRTST 24HR  0.88 ON  1- 1      TO 1/4 MILE OR LESS
LOWEST:     53 ON  8                               3 = THUNDER
                        SNOW, ICE PELLETS, HAIL    4 = ICE PELLETS
                        TOTAL MONTH:   0.0 INCH    5 = HAIL
                        GRTST 24HR     0.0         6 = FREEZING RAIN OR DRIZZLE
                        GRTST DEPTH:   0           7 = DUSTSTORM OR SANDSTORM:
                                                       VSBY 1/2 MILE OR LESS
                                                   8 = SMOKE OR HAZE
[NO. OF DAYS WITH]      [WEATHER - DAYS WITH]      9 = BLOWING SNOW
                                                   X = TORNADO
MAX 32 OR BELOW:   0    0.01 INCH OR MORE:   4
MAX 90 OR ABOVE:  17    0.10 INCH OR MORE:   3
MIN 32 OR BELOW:   0    0.50 INCH OR MORE:   2
MIN  0 OR BELOW:   0    1.00 INCH OR MORE:   0

[HDD (BASE 65) ]
TOTAL THIS MO.     0    CLEAR  (SCALE 0-3)  24
DPTR FM NORMAL    -7    PTCLDY (SCALE 4-7)   3
TOTAL FM JUL 1  3710    CLOUDY (SCALE 8-10)  0
DPTR FM NORMAL -1015

[CDD (BASE 65) ]
TOTAL THIS MO.   413
DPTR FM NORMAL   136    [PRESSURE DATA]
TOTAL FM JAN 1   558    HIGHEST SLP 30.23 ON 19
DPTR FM NORMAL   146    LOWEST  SLP 29.71 ON  6

[REMARKS]
#FINAL-06-16#
