000
CXUS53 KLSX 040310
CF6CPS
PRELIMINARY LOCAL CLIMATOLOGICAL DATA (WS FORM: F-6)

                                          STATION:   CAHOKIA/ST. LOUIS
                                          MONTH:     OCTOBER
                                          YEAR:      2015
                                          LATITUDE:   38 34 N
                                          LONGITUDE:  90  9 W

  TEMPERATURE IN F:       :PCPN:    SNOW:  WIND      :SUNSHINE: SKY     :PK WND
================================================================================
1   2   3   4   5  6A  6B    7    8   9   10  11  12  13   14  15   16   17  18
                                     12Z  AVG MX 2MIN
DY MAX MIN AVG DEP HDD CDD  WTR  SNW DPTH SPD SPD DIR MIN PSBL S-S WX    SPD DR
================================================================================

 1  71  49  60  -2   5   0 0.00  0.0    0 11.4 21  20   M    M   1        27 340
 2  71  48  60  -2   5   0 0.00  0.0    0 12.5 22  10   M    M   4        31  20
 3  60  50  55  -6  10   0 0.00  0.0    0 11.9 20  40   M    M  10        25  40
 4  63  50  57  -4   8   0 0.00  0.0    0 10.1 16  10   M    M   7 1      20  10
 5  73  53  63   3   2   0 0.00  0.0    0  6.5 13  10   M    M   2 18     16 330
 6  79  57  68   8   0   3 0.00  0.0    0  5.4 14 330   M    M   1 18     18 330
 7  74  57  66   6   0   1 0.00  0.0    0  1.7  8 270   M    M   6 1      11 300
 8  84  54  69   9   0   4 0.00  0.0    0  2.7 13 270   M    M   2 128    17 290
 9  71  54  63   4   2   0    T  0.0    0 10.9 20 340   M    M   6        25 340
10  70  45  58  -1   7   0 0.00  0.0    0  3.0  9 180   M    M   2 8      13 330
11  82  44  63   4   2   0 0.00  0.0    0  5.1 15 160   M    M   0 1      21 160
12  80  60  70  12   0   5    T  0.0    0  8.3 22 320   M    M   1 3      26 320
13  74  46  60   2   5   0 0.00  0.0    0 10.3 20 310   M    M   0        23 310
14  76  41  59   1   6   0 0.00  0.0    0  1.8 12 350   M    M   0        13 350
15  81  42  62   5   3   0 0.00  0.0    0  6.8 21 340   M    M   1        26 300
16  65  41  53  -4  12   0 0.00  0.0    0  9.9 22 310   M    M   0        27 330
17  57  33  45 -12  20   0 0.00  0.0    0  6.9 17 360   M    M   1        22 350
18  63  30  47  -9  18   0 0.00  0.0    0  4.6 15 150   M    M   0        20 130
19  77  41  59   3   6   0 0.00  0.0    0  7.4 16 160   M    M   0        22 160
20  82  47  65   9   0   0 0.00  0.0    0  7.7 16 170   M    M   0        22 160
21  85  54  70  15   0   5 0.00  0.0    0  5.5 12 190   M    M   1        17 220
22  84  59  72  17   0   7 0.00  0.0    0  4.3 10 130   M    M   0        13 150
23  75  56  66  11   0   1    T  0.0    0  8.2 17 180   M    M   5        26 190
24  72  53  63   9   2   0 0.00  0.0    0 10.5 24 310   M    M   5        27 310
25  64  42  53  -1  12   0 0.00  0.0    0  4.6 14  30   M    M   0        17  50
26  71  39  55   1  10   0    T  0.0    0  8.4 18 100   M    M   3        23  80
27  62  56  59   6   6   0 0.65  0.0    0  8.3 15 140   M    M   9 1      21 150
28  61  46  54   1  11   0 0.01  0.0    0  8.1 18 270   M    M   7 1      27 280
29  57  37  47  -6  18   0 0.00  0.0    0  8.1 20 290   M    M   2        26 290
30  59  33  46  -6  19   0    T  0.0    0  4.3 13 140   M    M   1        17 140
31  64  50  57   5   8   0 0.16  0.0    0  8.8 22 140   M    M   8 1      28 140
================================================================================
SM 2207 1467       197  26  0.82     0.0 224.0          M       85
================================================================================
AV 71.2 47.3                               7.2 FASTST   M    M   3    MAX(MPH)
                                 MISC ---->  # 24 310               # 31   20
================================================================================
NOTES:
# LAST OF SEVERAL OCCURRENCES

COLUMN 17 PEAK WIND IN M.P.H.

PRELIMINARY LOCAL CLIMATOLOGICAL DATA (WS FORM: F-6) , PAGE 2

                                          STATION:  CAHOKIA/ST. LOUIS
                                          MONTH:    OCTOBER
                                          YEAR:     2015
                                          LATITUDE:   38 34 N
                                          LONGITUDE:  90  9 W

[TEMPERATURE DATA]      [PRECIPITATION DATA]       SYMBOLS USED IN COLUMN 16

AVERAGE MONTHLY: 59.3   TOTAL FOR MONTH:   0.82    1 = FOG OR MIST
DPTR FM NORMAL:   2.3   DPTR FM NORMAL:   -2.57    2 = FOG REDUCING VISIBILITY
HIGHEST:    85 ON 21    GRTST 24HR  0.65 ON 26-27      TO 1/4 MILE OR LESS
LOWEST:     30 ON 18                               3 = THUNDER
                        SNOW, ICE PELLETS, HAIL    4 = ICE PELLETS
                        TOTAL MONTH:   0.0 INCH    5 = HAIL
                        GRTST 24HR     0.0         6 = FREEZING RAIN OR DRIZZLE
                        GRTST DEPTH:   0           7 = DUSTSTORM OR SANDSTORM:
                                                       VSBY 1/2 MILE OR LESS
                                                   8 = SMOKE OR HAZE
[NO. OF DAYS WITH]      [WEATHER - DAYS WITH]      9 = BLOWING SNOW
                                                   X = TORNADO
MAX 32 OR BELOW:   0    0.01 INCH OR MORE:   3
MAX 90 OR ABOVE:   0    0.10 INCH OR MORE:   2
MIN 32 OR BELOW:   1    0.50 INCH OR MORE:   1
MIN  0 OR BELOW:   0    1.00 INCH OR MORE:   0

[HDD (BASE 65) ]
TOTAL THIS MO.   197    CLEAR  (SCALE 0-3)  21
DPTR FM NORMAL   -80    PTCLDY (SCALE 4-7)   8
TOTAL FM JUL 1   208    CLOUDY (SCALE 8-10)  2
DPTR FM NORMAL  -124

[CDD (BASE 65) ]
TOTAL THIS MO.    26
DPTR FM NORMAL    -2    [PRESSURE DATA]
TOTAL FM JAN 1  1620    HIGHEST SLP 30.56 ON 18
DPTR FM NORMAL   300    LOWEST  SLP 29.56 ON 28

[REMARKS]
#FINAL-10-15#
