000
CXUS53 KLSX 011600
CF6CPS
PRELIMINARY LOCAL CLIMATOLOGICAL DATA (WS FORM: F-6)

                                          STATION:   CAHOKIA/ST. LOUIS
                                          MONTH:     SEPTEMBER
                                          YEAR:      2013
                                          LATITUDE:   38 34 N
                                          LONGITUDE:  90  9 W

  TEMPERATURE IN F:       :PCPN:    SNOW:  WIND      :SUNSHINE: SKY     :PK WND
================================================================================
1   2   3   4   5  6A  6B    7    8   9   10  11  12  13   14  15   16   17  18
                                     12Z  AVG MX 2MIN
DY MAX MIN AVG DEP HDD CDD  WTR  SNW DPTH SPD SPD DIR MIN PSBL S-S WX    SPD DR
================================================================================

 1  92  73  83  10   0  18 0.03  0.0    0  2.4 24 320   M    M   2 13     31 320
 2  85  63  74   1   0   9 0.00  0.0    0  8.0 17 340   M    M   1        21 340
 3  84  56  70  -2   0   5 0.00  0.0    0  2.3 12  10   M    M   0        15 330
 4  87  55  71  -1   0   6 0.00  0.0    0  0.6  9  60   M    M   0 18     18  60
 5  88  57  73   1   0   8 0.00  0.0    0  1.3 12 140   M    M   0 1      14 140
 6  89  61  75   4   0  10 0.00  0.0    0  3.4 12 140   M    M   0 1      15 130
 7  93  58  76   5   0  11 0.00  0.0    0  3.0 12 220   M    M   0 1      15 220
 8  83  71  77   6   0  12 0.36  0.0    0  3.5 13 150   M    M   2 13     16 150
 9  97  71  84  14   0  19 0.00  0.0    0  3.0  6 210   M    M   3 1       M  M
10  98  70  84  14   0  19 0.00  0.0    M  3.1 12 250   M    M   0        20  30
11  98  66  82  12   0  17 0.00  0.0    0  2.3 12 130   M    M   1 1      13 220
12  85  66  76   7   0  11 0.02  0.0    0  8.1 20 350   M    M   3        24 360
13  77  51  64  -5   1   0 0.00  0.0    0  5.7 16  20   M    M   1        22  10
14  77  46  62  -6   3   0 0.00  0.0    0  2.7  9  50   M    M   0        13 120
15  84  49  67  -1   0   2    T  0.0    0  4.1 16 330   M    M   3        20 330
16  75  59  67  -1   0   2    T  0.0    0  8.4 15  20   M    M   8        20  10
17  74  56  65  -2   0   0 0.01  0.0    0  2.9  7 150   M    M   7         9  20
18  89  65  77  10   0  12 0.44  0.0    0  4.4 13 140   M    M   5 1      16 140
19  89  71  80  14   0  15 0.02  0.0    0  5.7 13 200   M    M   2 1      20 190
20  77  59  68   2   0   3 0.44  0.0    0  4.5 16 330   M    M   8 13     20 340
21  72  48  60  -6   5   0 0.00  0.0    0  6.5 17 340   M    M   0 1      26 320
22  76  45  61  -4   4   0 0.00  0.0    0  1.2 10  80   M    M   0 12     15  60
23  78  46  62  -3   3   0 0.00  0.0    0  5.0 14 110   M    M   0 1      20 140
24  85  50  68   4   0   3 0.00  0.0    0  5.1 16 140   M    M   4        21 130
25  83  59  71   7   0   6 0.00  0.0    0  2.7 13 100   M    M   5 1      16  80
26  85  56  71   7   0   6 0.00  0.0    0  3.8 13 100   M    M   0 18     15 100
27  85  55  70   7   0   5 0.00  0.0    0  4.5 14 130   M    M   0 1      18 140
28  85  57  71   8   0   6 0.22  0.0    0  6.0 20 180   M    M   6 1      28 160
29  75  50  63   0   2   0 0.07  0.0    0  5.8 16 350   M    M   3 1      21 350
30  80  48  64   2   1   0 0.00  0.0    0  3.5 13 140   M    M   4 12     17 140
================================================================================
SM 2525 1737        19 205  1.61     0.0 123.5          M       68
================================================================================
AV 84.2 57.9                               4.1 FASTST   M    M   2    MAX(MPH)
                                 MISC ---->  # 24 320               # 31  320
================================================================================
NOTES:
# LAST OF SEVERAL OCCURRENCES

COLUMN 17 PEAK WIND IN M.P.H.

PRELIMINARY LOCAL CLIMATOLOGICAL DATA (WS FORM: F-6) , PAGE 2

                                          STATION:  CAHOKIA/ST. LOUIS
                                          MONTH:    SEPTEMBER
                                          YEAR:     2013
                                          LATITUDE:   38 34 N
                                          LONGITUDE:  90  9 W

[TEMPERATURE DATA]      [PRECIPITATION DATA]       SYMBOLS USED IN COLUMN 16

AVERAGE MONTHLY: 71.0   TOTAL FOR MONTH:   1.61    1 = FOG OR MIST
DPTR FM NORMAL:   3.3   DPTR FM NORMAL:   -1.57    2 = FOG REDUCING VISIBILITY
HIGHEST:    98 ON 11,10 GRTST 24HR  0.44 ON 20-20      TO 1/4 MILE OR LESS
LOWEST:     45 ON 22                               3 = THUNDER
                        SNOW, ICE PELLETS, HAIL    4 = ICE PELLETS
                        TOTAL MONTH:   0.0 INCH    5 = HAIL
                        GRTST 24HR     0.0         6 = FREEZING RAIN OR DRIZZLE
                        GRTST DEPTH:   0           7 = DUSTSTORM OR SANDSTORM:
                                                       VSBY 1/2 MILE OR LESS
                                                   8 = SMOKE OR HAZE
[NO. OF DAYS WITH]      [WEATHER - DAYS WITH]      9 = BLOWING SNOW
                                                   X = TORNADO
MAX 32 OR BELOW:   0    0.01 INCH OR MORE:   9
MAX 90 OR ABOVE:   5    0.10 INCH OR MORE:   4
MIN 32 OR BELOW:   0    0.50 INCH OR MORE:   0
MIN  0 OR BELOW:   0    1.00 INCH OR MORE:   0

[HDD (BASE 65) ]
TOTAL THIS MO.    19    CLEAR  (SCALE 0-3)  22
DPTR FM NORMAL   -34    PTCLDY (SCALE 4-7)   8
TOTAL FM JUL 1    22    CLOUDY (SCALE 8-10)  0
DPTR FM NORMAL   -33

[CDD (BASE 65) ]
TOTAL THIS MO.   205
DPTR FM NORMAL    71    [PRESSURE DATA]
TOTAL FM JAN 1  1353    HIGHEST SLP 30.27 ON 16
DPTR FM NORMAL    61    LOWEST  SLP 29.75 ON  1

[REMARKS]
#FINAL-09-13#
