000
CXUS53 KLSX 011600
CF6CPS
PRELIMINARY LOCAL CLIMATOLOGICAL DATA (WS FORM: F-6)

                                          STATION:   CAHOKIA/ST. LOUIS
                                          MONTH:     JANUARY
                                          YEAR:      2016
                                          LATITUDE:   38 34 N
                                          LONGITUDE:  90  9 W

  TEMPERATURE IN F:       :PCPN:    SNOW:  WIND      :SUNSHINE: SKY     :PK WND
================================================================================
1   2   3   4   5  6A  6B    7    8   9   10  11  12  13   14  15   16   17  18
                                     12Z  AVG MX 2MIN
DY MAX MIN AVG DEP HDD CDD  WTR  SNW DPTH SPD SPD DIR MIN PSBL S-S WX    SPD DR
================================================================================

 1  41  28  35   3  30   0 0.00  0.0    0  8.0 17 270   M    M   0        23 270
 2  48  31  40   8  25   0 0.00  0.0    0  6.0 13 250   M    M   0        16 250
 3  39  29  34   2  31   0 0.00  0.0    0 10.3 20  10   M    M   2        24 360
 4  37  24  31  -1  34   0 0.00  0.0    0  7.9 18 360   M    M   5        23 330
 5  41  20  31  -1  34   0 0.00  0.0    0  5.5 15 160   M    M   0        21 170
 6  47  26  37   5  28   0 0.00  0.0    0  7.4 15 140   M    M   2        19 140
 7  49  39  44  13  21   0 0.18    M    0  8.2 14 140   M    M  10 1      20 130
 8  55  39  47  16  18   0 0.01  0.0    0  7.2 13 180   M    M   8 1      18 180
 9  44  20  32   1  33   0 0.36    M    0 13.3 30 320   M    M   9 1      37 320
10  20   8  14 -17  51   0    T    M    M 13.4 31 300   M    M   2        39 310
11  43  13  28  -3  37   0 0.00  0.0    0  8.6 28 290   M    M   7        40 290
12  39  19  29  -2  36   0 0.00  0.0    0 12.8 33 320   M    M   3        40 310
13  46  16  31   0  34   0 0.00  0.0    0  5.8 15 200   M    M   0        23 190
14  64  27  46  15  19   0 0.00  0.0    0  7.8 22 200   M    M   0        28 210
15  51  31  41  10  24   0 0.10  0.0    0 11.5 25 300   M    M   7 1      32 310
16  34  25  30  -1  35   0 0.00  0.0    0  9.3 20 320   M    M   7        24 320
17  28   9  19 -12  46   0    T    M    0 13.5 23 350   M    M   3        28 350
18  19   6  13 -19  52   0 0.00  0.0    M  9.3 18 320   M    M   1        22 310
19  25  10  18 -14  47   0 0.14    M    M  6.3 13 120   M    M   8 1      17 120
20  28   7  18 -14  47   0 0.02    M    M  2.7  9  40   M    M   5 128    11  40
21  28  14  21 -11  44   0 0.00  0.0    M  7.7 16  10   M    M   6 18     20  10
22  32  22  27  -5  38   0 0.00  0.0    M 15.8 23 350   M    M   5        28 350
23  36  19  28  -4  37   0 0.00  0.0    M  6.4 20 330   M    M   4        25 330
24  47  22  35   3  30   0 0.00  0.0    0  8.9 16 160   M    M   0        22 160
25  52  32  42  10  23   0 0.00  0.0    0 10.6 24 260   M    M   5        37 260
26  39  32  36   4  29   0 0.00  0.0    0 13.1 24 300   M    M  10        32 300
27  42  31  37   5  28   0 0.00  0.0    0  5.5 13 340   M    M   5        17 210
28  56  33  45  13  20   0    T    M    0 11.8 25 320   M    M   3        32 330
29  50  26  38   6  27   0 0.00  0.0    0  5.7 16 150   M    M   0        20 140
30  67  34  51  18  14   0 0.00  0.0    0  7.9 15 170   M    M   0        20 160
31  68  44  56  23   9   0 0.00  0.0    0 10.5 28 320   M    M   2        33 310
================================================================================
SM 1315  736       981   0  0.81     0.0 278.7          M      119
================================================================================
AV 42.4 23.7                               9.0 FASTST   M    M   4    MAX(MPH)
                                 MISC ---->  # 33 320               # 40  290
================================================================================
NOTES:
# LAST OF SEVERAL OCCURRENCES

COLUMN 17 PEAK WIND IN M.P.H.

PRELIMINARY LOCAL CLIMATOLOGICAL DATA (WS FORM: F-6) , PAGE 2

                                          STATION:  CAHOKIA/ST. LOUIS
                                          MONTH:    JANUARY
                                          YEAR:     2016
                                          LATITUDE:   38 34 N
                                          LONGITUDE:  90  9 W

[TEMPERATURE DATA]      [PRECIPITATION DATA]       SYMBOLS USED IN COLUMN 16

AVERAGE MONTHLY: 33.1   TOTAL FOR MONTH:   0.81    1 = FOG OR MIST
DPTR FM NORMAL:   1.4   DPTR FM NORMAL:   -1.58    2 = FOG REDUCING VISIBILITY
HIGHEST:    68 ON 31    GRTST 24HR  0.36 ON  9- 9      TO 1/4 MILE OR LESS
LOWEST:      6 ON 18                               3 = THUNDER
                        SNOW, ICE PELLETS, HAIL    4 = ICE PELLETS
                        TOTAL MONTH:   0.0 INCH    5 = HAIL
                        GRTST 24HR     0.0         6 = FREEZING RAIN OR DRIZZLE
                        GRTST DEPTH:   0           7 = DUSTSTORM OR SANDSTORM:
                                                       VSBY 1/2 MILE OR LESS
                                                   8 = SMOKE OR HAZE
[NO. OF DAYS WITH]      [WEATHER - DAYS WITH]      9 = BLOWING SNOW
                                                   X = TORNADO
MAX 32 OR BELOW:   7    0.01 INCH OR MORE:   6
MAX 90 OR ABOVE:   0    0.10 INCH OR MORE:   4
MIN 32 OR BELOW:  26    0.50 INCH OR MORE:   0
MIN  0 OR BELOW:   0    1.00 INCH OR MORE:   0

[HDD (BASE 65) ]
TOTAL THIS MO.   981    CLEAR  (SCALE 0-3)  16
DPTR FM NORMAL   -51    PTCLDY (SCALE 4-7)  12
TOTAL FM JUL 1  2259    CLOUDY (SCALE 8-10)  3
DPTR FM NORMAL  -653

[CDD (BASE 65) ]
TOTAL THIS MO.     0
DPTR FM NORMAL     0    [PRESSURE DATA]
TOTAL FM JAN 1     0    HIGHEST SLP 30.57 ON 19
DPTR FM NORMAL     0    LOWEST  SLP 29.47 ON 15

[REMARKS]
#FINAL-01-16#
