000
CXUS53 KLSX 011500
CF6CPS
PRELIMINARY LOCAL CLIMATOLOGICAL DATA (WS FORM: F-6)
STATION: CAHOKIA/ST. LOUIS
MONTH: FEBRUARY
YEAR: 2023
LATITUDE: 38 34 N
LONGITUDE: 90 9 W
TEMPERATURE IN F: :PCPN: SNOW: WIND :SUNSHINE: SKY :PK WND
================================================================================
1 2 3 4 5 6A 6B 7 8 9 10 11 12 13 14 15 16 17 18
12Z AVG MX 2MIN
DY MAX MIN AVG DEP HDD CDD WTR SNW DPTH SPD SPD DIR MIN PSBL S-S WX SPD DR
================================================================================
1 32 14 23 -10 42 0 0.00 0.0 M 1.7 8 200 M M 0 11 130
2 49 19 34 1 31 0 0.00 0.0 0 6.9 23 340 M M 0 35 350
3 26 14 20 -14 45 0 0.00 0.0 0 9.4 22 330 M M 0 29 340
4 52 21 37 3 28 0 0.00 0.0 0 8.8 17 190 M M 0 32 170
5 61 30 46 12 19 0 0.00 0.0 0 6.8 18 300 M M 0 8 25 310
6 61 24 43 9 22 0 0.00 0.0 0 9.4 23 160 M M 1 36 170
7 59 36 48 14 17 0 T 0.0 0 5.5 22 320 M M 3 26 310
8 46 31 39 4 26 0 0.46 0.0 0 5.2 12 130 M M 8 1 16 130
9 55 39 47 12 18 0 0.39 0.0 0 11.8 25 240 M M 9 1 41 240
10 45 27 36 1 29 0 0.00 0.0 0 9.4 20 310 M M 6 26 310
11 49 21 35 0 30 0 0.00 0.0 0 0.8 7 360 M M 0 8 10 360
12 57 22 40 4 25 0 0.00 0.0 0 3.5 10 150 M M 0 18 14 160
13 62 32 47 11 18 0 0.00 0.0 0 4.5 12 340 M M 0 8 16 310
14 58 39 49 13 16 0 0.12 0.0 0 11.3 25 180 M M 5 1 45 180
15 60 42 51 14 14 0 0.00 0.0 0 8.0 17 200 M M 0 34 210
16 42 32 37 0 28 0 0.52 M 0 12.7 23 330 M M 10 13 32 300
17 37 23 30 -7 35 0 0.00 0.0 0 10.3 23 330 M M 5 29 340
18 54 24 39 1 26 0 0.00 0.0 0 8.0 17 180 M M 0 27 170
19 62 38 50 12 15 0 0.00 0.0 0 5.8 15 220 M M 1 23 230
20 65 36 51 13 14 0 0.00 0.0 0 5.1 24 310 M M 2 32 310
21 57 38 48 10 17 0 0.00 0.0 0 7.3 17 130 M M 2 24 130
22 73 50 62 23 3 0 0.33 0.0 0 9.2 32 280 M M 3 1 50 220
23 57 30 44 5 21 0 0.00 0.0 0 12.2 22 330 M M 1 30 310
24 42 23 33 -6 32 0 0.04 M M 8.3 16 100 M M 2 22 100
25 52 33 43 3 22 0 T M M 3.3 12 350 M M 4 18 15 10
26 55 35 45 5 20 0 T 0.0 0 6.7 20 150 M M 7 1 27 160
27 65 49 57 17 8 0 0.10 0.0 0 15.9 30 250 M M 5 1 53 220
28 60 35 48 7 17 0 0.00 0.0 0 6.8 17 120 M M 1 1 24 120
================================================================================
SM 1493 857 638 0 1.96 0.0 214.6 M 75
================================================================================
AV 53.3 30.6 7.7 FASTST M M 3 MAX(MPH)
MISC ----> 32 280 53 220
================================================================================
NOTES:
# LAST OF SEVERAL OCCURRENCES
COLUMN 17 PEAK WIND IN M.P.H.
PRELIMINARY LOCAL CLIMATOLOGICAL DATA (WS FORM: F-6) , PAGE 2
STATION: CAHOKIA/ST. LOUIS
MONTH: FEBRUARY
YEAR: 2023
LATITUDE: 38 34 N
LONGITUDE: 90 9 W
[TEMPERATURE DATA] [PRECIPITATION DATA] SYMBOLS USED IN COLUMN 16
AVERAGE MONTHLY: 42.0 TOTAL FOR MONTH: 1.96 1 = FOG OR MIST
DPTR FM NORMAL: 5.4 DPTR FM NORMAL: 0.00 2 = FOG REDUCING VISIBILITY
HIGHEST: 73 ON 22 GRTST 24HR 0.85 ON 8- 9 TO 1/4 MILE OR LESS
LOWEST: 14 ON 3, 1 3 = THUNDER
SNOW, ICE PELLETS, HAIL 4 = ICE PELLETS
TOTAL MONTH: 0.0 INCH 5 = HAIL
GRTST 24HR 0.0 6 = FREEZING RAIN OR DRIZZLE
GRTST DEPTH: 0 7 = DUSTSTORM OR SANDSTORM:
VSBY 1/2 MILE OR LESS
8 = SMOKE OR HAZE
[NO. OF DAYS WITH] [WEATHER - DAYS WITH] 9 = BLOWING SNOW
X = TORNADO
MAX 32 OR BELOW: 2 0.01 INCH OR MORE: 7
MAX 90 OR ABOVE: 0 0.10 INCH OR MORE: 6
MIN 32 OR BELOW: 16 0.50 INCH OR MORE: 1
MIN 0 OR BELOW: 0 1.00 INCH OR MORE: 0
[HDD (BASE 65) ]
TOTAL THIS MO. 638 CLEAR (SCALE 0-3) 18
DPTR FM NORMAL -157 PTCLDY (SCALE 4-7) 8
TOTAL FM JUL 1 3322 CLOUDY (SCALE 8-10) 2
DPTR FM NORMAL -269
[CDD (BASE 65) ]
TOTAL THIS MO. 0
DPTR FM NORMAL 0 [PRESSURE DATA]
TOTAL FM JAN 1 0 HIGHEST SLP 30.71 ON 3
DPTR FM NORMAL 0 LOWEST SLP 29.22 ON 27
[REMARKS]
#FINAL-02-23#