000
CXUS53 KLSX 011600
CF6CPS
PRELIMINARY LOCAL CLIMATOLOGICAL DATA (WS FORM: F-6)

                                          STATION:   CAHOKIA/ST. LOUIS IL
                                          MONTH:     NOVEMBER
                                          YEAR:      2010
                                          LATITUDE:   38 34 N
                                          LONGITUDE:  90  9 W

  TEMPERATURE IN F:       :PCPN:    SNOW:  WIND      :SUNSHINE: SKY     :PK WND
================================================================================
1   2   3   4   5  6A  6B    7    8   9   10  11  12  13   14  15   16   17  18
                                     12Z  AVG MX 2MIN
DY MAX MIN AVG DEP HDD CDD  WTR  SNW DPTH SPD SPD DIR MIN PSBL S-S WX    SPD DR
================================================================================

 1  61  41  51   M  14   0 0.00  0.0    0  8.0 14  60   M    M   2        21  40
 2  58  34  46   M  19   0 0.00  0.0    0  6.0 14  30   M    M   0        17  30
 3  65  27  46   M  19   0 0.00  0.0    0  5.9 21 330   M    M   0        25 330
 4  56  41  49   M  16   0    T  0.0    0 17.7 31 330   M    M   4        38 330
 5  46  29  38   M  27   0    T  0.0    0 12.6 22 340   M    M   3        28 300
 6  51  23  37   M  28   0 0.00  0.0    0  2.9  9 130   M    M   0        12 150
 7  70  32  51   M  14   0 0.00  0.0    0  6.5 14 200   M    M   0        18 190
 8  73  31  52   M  13   0 0.00  0.0    0  5.5 14 150   M    M   0        18 140
 9  75  39  57   M   8   0 0.00  0.0    0  6.6 15 150   M    M   0        20 150
10  76  44  60   M   5   0 0.00  0.0    0  5.7 18 180   M    M   1        25 170
11  78  49  64   M   1   0 0.00  0.0    0  2.7 13 360   M    M   2        15 360
12  75  41  58   M   7   0 0.00  0.0    0  5.4 15 150   M    M   3 12     21 140
13  63  41  52   M  13   0 0.17  0.0    0  9.4 23 260   M    M   9 18     29 260
14  54  30  42   M  23   0 0.00  0.0    0  4.5 12 180   M    M   0 8      17 290
15  59  35  47   M  18   0    T  0.0    0  4.7 13 130   M    M   3        15 150
16  53  35  44   M  21   0 0.00  0.0    0  3.1 14 320   M    M   1 8      16 310
17  57  29  43   M  22   0 0.03  0.0    0  4.4 17  10   M    M   3 1      21  10
18  45  35  40   M  25   0 0.00  0.0    0  4.7 14 330   M    M   9 18     20 310
19  59  32  46   M  19   0 0.00  0.0    0  6.4 17 180   M    M   2 18     21 200
20  56  31  44   M  21   0 0.00  0.0    0  6.6 16 140   M    M   3 128    21 150
21  67  46  57   M   8   0 0.00  0.0    0 10.4 21 200   M    M   8 1      29 180
22  74  46  60   M   5   0 0.34  0.0    0 14.8 24 190   M    M   7 13     36 180
23  46  34  40   M  25   0 0.00  0.0    0  7.9 20 320   M    M   1        23 320
24  59  34  47   M  18   0 2.23  0.0    0  9.9 22 300   M    M   9 13     26 310
25  57  28  43   M  22   0 0.85    M    0 11.5 22 310   M    M   7 1      26 320
26  44  25  35   M  30   0 0.00  0.0    0  6.7 15 270   M    M   1        21 200
27  48  29  39   M  26   0 0.00  0.0    0  5.2 16 320   M    M   0 8      18 320
28  53  31  42   M  23   0 0.00  0.0    0  9.2 20 140   M    M   0        26 140
29  51  38  45   M  20   0 0.75  0.0    0  9.4 20 150   M    M   8 1      30 150
30  51  29  40   M  25   0 0.00  0.0    0 12.6 21 290   M    M  10        26 290
================================================================================
SM 1780 1039       535   0  4.37     0.0 226.9          M       96
================================================================================
AV 59.3 34.6                               7.6 FASTST   M    M   3    MAX(MPH)
                                 MISC ---->  # 31 330               # 38  330
================================================================================
NOTES:
# LAST OF SEVERAL OCCURRENCES

COLUMN 17 PEAK WIND IN M.P.H.

PRELIMINARY LOCAL CLIMATOLOGICAL DATA (WS FORM: F-6) , PAGE 2

                                          STATION:  CAHOKIA/ST. LOUIS IL
                                          MONTH:    NOVEMBER
                                          YEAR:     2010
                                          LATITUDE:   38 34 N
                                          LONGITUDE:  90  9 W

[TEMPERATURE DATA]      [PRECIPITATION DATA]       SYMBOLS USED IN COLUMN 16

AVERAGE MONTHLY: 47.0   TOTAL FOR MONTH:   4.37    1 = FOG OR MIST
DPTR FM NORMAL:     M   DPTR FM NORMAL:       M    2 = FOG REDUCING VISIBILITY
HIGHEST:    78 ON 11    GRTST 24HR  2.56 ON 24-25      TO 1/4 MILE OR LESS
LOWEST:     23 ON  6                               3 = THUNDER
                        SNOW, ICE PELLETS, HAIL    4 = ICE PELLETS
                        TOTAL MONTH:   0.0 INCH    5 = HAIL
                        GRTST 24HR     0.0         6 = FREEZING RAIN OR DRIZZLE
                        GRTST DEPTH:   0           7 = DUSTSTORM OR SANDSTORM:
                                                       VSBY 1/2 MILE OR LESS
                                                   8 = SMOKE OR HAZE
[NO. OF DAYS WITH]      [WEATHER - DAYS WITH]      9 = BLOWING SNOW
                                                   X = TORNADO
MAX 32 OR BELOW:   0    0.01 INCH OR MORE:   6
MAX 90 OR ABOVE:   0    0.10 INCH OR MORE:   5
MIN 32 OR BELOW:  14    0.50 INCH OR MORE:   3
MIN  0 OR BELOW:   0    1.00 INCH OR MORE:   1

[HDD (BASE 65) ]
TOTAL THIS MO.   535    CLEAR  (SCALE 0-3)  19
DPTR FM NORMAL     M    PTCLDY (SCALE 4-7)   7
TOTAL FM JUL 1   801    CLOUDY (SCALE 8-10)  4
DPTR FM NORMAL     M

[CDD (BASE 65) ]
TOTAL THIS MO.     0
DPTR FM NORMAL     M    [PRESSURE DATA]
TOTAL FM JAN 1  1592    HIGHEST SLP 30.43 ON  6
DPTR FM NORMAL     M    LOWEST  SLP 29.60 ON 24

[REMARKS]
#FINAL-11-10#
