000
CXUS56 KLOX 011255
CF6CQT
PRELIMINARY LOCAL CLIMATOLOGICAL DATA (WS FORM: F-6)
STATION: DOWNTOWN LOS ANGELES (USC) CA
MONTH: NOVEMBER
YEAR: 2022
LATITUDE: 34 1 N
LONGITUDE: 118 17 W
TEMPERATURE IN F: :PCPN: SNOW: WIND :SUNSHINE: SKY :PK WND
================================================================================
1 2 3 4 5 6A 6B 7 8 9 10 11 12 13 14 15 16 17 18
12Z AVG MX 2MIN
DY MAX MIN AVG DEP HDD CDD WTR SNW DPTH SPD SPD DIR MIN PSBL S-S WX SPD DR
================================================================================
1 71 59 65 -2 0 0 0.01 M M 1.8 8 260 M M 5 1 14 260
2 67 53 60 -6 5 0 0.11 M M 2.5 9 260 M M 4 18 18 270
3 65 49 57 -9 8 0 0.00 M M 3.9 10 290 M M 0 18 280
4 67 47 57 -9 8 0 0.00 M M 0.9 8 270 M M 0 14 260
5 69 48 59 -7 6 0 0.00 M M 0.8 7 260 M M 0 8 12 260
6 69 51 60 -6 5 0 0.00 M M 1.1 7 260 M M 0 12 260
7 64 55 60 -5 5 0 0.15 M M 2.2 7 250 M M 8 18 12 260
8 66 51 59 -6 6 0 1.71 M M 1.6 10 270 M M 10 18 19 260
9 65 50 58 -7 7 0 T M M 0.7 9 360 M M 2 16 270
10 70 46 58 -6 7 0 0.00 M M 0.3 7 270 M M 0 11 280
11 71 48 60 -4 5 0 0.00 M M 1.5 8 260 M M 0 13 260
12 71 49 60 -4 5 0 0.00 M M 1.2 7 270 M M 0 12 260
13 71 48 60 -4 5 0 0.00 M M 1.6 10 40 M M 0 17 30
14 70 47 59 -4 6 0 0.00 M M 0.8 7 260 M M 0 8 11 260
15 73 49 61 -2 4 0 0.00 M M 0.5 8 270 M M 0 12 260
16 76 47 62 -1 3 0 0.00 M M 0.7 6 260 M M 0 8 10 270
17 76 47 62 -1 3 0 0.00 M M 1.0 8 270 M M 0 13 270
18 71 47 59 -3 6 0 0.00 M M 0.9 7 270 M M 0 8 10 280
19 76 47 62 0 3 0 0.00 M M 0.0 6 20 M M 0 8 150
20 79 51 65 3 0 0 0.00 M M 1.2 7 260 M M 0 10 260
21 76 53 65 3 0 0 0.00 M M 1.9 6 260 M M 0 9 20
22 76 52 64 3 1 0 0.00 M M 1.2 7 270 M M 0 8 10 280
23 74 47 61 0 4 0 0.00 M M 0.3 6 260 M M 0 18 9 260
24 78 47 63 2 2 0 0.00 M M 0.6 7 270 M M 0 18 11 290
25 75 48 62 2 3 0 0.00 M M 1.6 10 260 M M 0 17 260
26 72 47 60 0 5 0 0.00 M M 0.4 7 250 M M 0 8 10 250
27 71 47 59 -1 6 0 0.00 M M 0.6 7 270 M M 0 18 12 270
28 65 57 61 1 4 0 T M M 2.2 9 260 M M 8 18 15 260
29 65 53 59 -1 6 0 0.00 M M 1.0 7 270 M M 3 9 280
30 65 50 58 -1 7 0 0.00 M M 1.9 7 140 M M 7 10 150
================================================================================
SM 2124 1490 135 0 1.98 M 36.9 M 47
================================================================================
AV 70.8 49.7 1.2 FASTST M M 2 MAX(MPH)
MISC ----> # 10 290 19 260
================================================================================
NOTES:
# LAST OF SEVERAL OCCURRENCES
COLUMN 17 PEAK WIND IN M.P.H.
PRELIMINARY LOCAL CLIMATOLOGICAL DATA (WS FORM: F-6) , PAGE 2
STATION: DOWNTOWN LOS ANGELES (USC) CA
MONTH: NOVEMBER
YEAR: 2022
LATITUDE: 34 1 N
LONGITUDE: 118 17 W
[TEMPERATURE DATA] [PRECIPITATION DATA] SYMBOLS USED IN COLUMN 16
AVERAGE MONTHLY: 60.2 TOTAL FOR MONTH: 1.98 1 = FOG OR MIST
DPTR FM NORMAL: -2.8 DPTR FM NORMAL: 1.20 2 = FOG REDUCING VISIBILITY
HIGHEST: 79 ON 20 GRTST 24HR 1.71 ON 8- 8 TO 1/4 MILE OR LESS
LOWEST: 46 ON 10 3 = THUNDER
SNOW, ICE PELLETS, HAIL 4 = ICE PELLETS
TOTAL MONTH: M 5 = HAIL
GRTST 24HR M ON M 6 = FREEZING RAIN OR DRIZZLE
GRTST DEPTH: M ON M 7 = DUSTSTORM OR SANDSTORM:
VSBY 1/2 MILE OR LESS
8 = SMOKE OR HAZE
[NO. OF DAYS WITH] [WEATHER - DAYS WITH] 9 = BLOWING SNOW
X = TORNADO
MAX 32 OR BELOW: 0 0.01 INCH OR MORE: 4
MAX 90 OR ABOVE: 0 0.10 INCH OR MORE: 3
MIN 32 OR BELOW: 0 0.50 INCH OR MORE: 1
MIN 0 OR BELOW: 0 1.00 INCH OR MORE: 1
[HDD (BASE 65) ]
TOTAL THIS MO. 135 CLEAR (SCALE 0-3) 24
DPTR FM NORMAL 35 PTCLDY (SCALE 4-7) 4
TOTAL FM JUL 1 140 CLOUDY (SCALE 8-10) 2
DPTR FM NORMAL 22
[CDD (BASE 65) ]
TOTAL THIS MO. 0
DPTR FM NORMAL -40 [PRESSURE DATA]
TOTAL FM JAN 1 1391 HIGHEST SLP M ON M
DPTR FM NORMAL 97 LOWEST SLP 29.75 ON 8
[REMARKS]
#FINAL-11-22#