000
CXUS52 KILM 031110
CLMCRE
CLIMATE REPORT
NATIONAL WEATHER SERVICE WILMINGTON NC
710 AM EDT SUN SEP 03 2023
...................................
...THE N.MYRTLE BEACH SOUTH CAROLINA CLIMATE SUMMARY FOR THE MONTH OF AUGUST 2023...
CLIMATE NORMAL PERIOD 1991 TO 2020
CLIMATE RECORD PERIOD 1931 TO 2023
WEATHER OBSERVED NORMAL DEPART LAST YEAR`S
VALUE DATE(S) VALUE FROM VALUE DATE(S)
NORMAL
................................................................
TEMPERATURE (F)
RECORD
HIGH 104 08/05/1954
LOW 54 08/25/1952
HIGHEST 94 08/10 MM MM 91 08/01
08/22
08/11
08/02
LOWEST 67 08/03 MM MM 65 08/14
08/15
AVG. MAXIMUM 87.8 86.5 1.3 85.1
AVG. MINIMUM 73.8 72.5 1.3 72.6
MEAN 80.8 79.5 1.3 78.8
DAYS MAX >= 90 8 5.7 2.3 4
DAYS MAX <= 32 0 0.0 0.0 0
DAYS MIN <= 32 0 0.0 0.0 0
DAYS MIN <= 0 0 0.0 0.0 0
PRECIPITATION (INCHES)
RECORD
MAXIMUM 16.48 2017
MINIMUM 1.05 1963
TOTALS 8.00 6.25 1.75 6.48
DAILY AVG. 0.26 0.20 0.06
DAYS >= .01 11 12.3 -1.3
DAYS >= .10 6 8.0 -2.0
DAYS >= .50 4 4.2 -0.2
DAYS >= 1.00 2 2.1 -0.1
GREATEST
24 HR. TOTAL 5.24 08/30 TO 08/31
DEGREE DAYS
HEATING TOTAL 0 0 0 0
SINCE 7/1 0 0 0
COOLING TOTAL 500 450 50 434
SINCE 1/1 1569 1560 9
FREEZE DATES
RECORD
EARLIEST MM
LATEST MM
EARLIEST 01/01
LATEST 03/29
................................................................
WIND (MPH)
AVERAGE WIND SPEED 7.5
RESULTANT WIND SPEED/DIRECTION 4/200
HIGHEST WIND SPEED/DIRECTION 29/010 DATE 08/31
HIGHEST GUST SPEED/DIRECTION 48/360 DATE 08/31
SKY COVER
AVERAGE SKY COVER 0.22
AVERAGE RH (PERCENT) 76
WEATHER CONDITIONS. NUMBER OF DAYS WITH
THUNDERSTORM 14 MIXED PRECIP MM
HEAVY RAIN 6 RAIN 7
LIGHT RAIN 17 FREEZING RAIN 0
LT FREEZING RAIN 0 HAIL MM
HEAVY SNOW 0 SNOW 0
LIGHT SNOW 0 SLEET MM
FOG 13 FOG W/VIS <= 1/4 MILE 0
HAZE 0
- INDICATES NEGATIVE NUMBERS.
R INDICATES RECORD WAS SET OR TIED.
MM INDICATES DATA IS MISSING.
T INDICATES TRACE AMOUNT.
$$