000
CXUS52 KJAX 020842
CF6CRG
PRELIMINARY LOCAL CLIMATOLOGICAL DATA (WS FORM: F-6)
STATION: CRAIG EXEC ARPT
MONTH: MARCH
YEAR: 2020
LATITUDE: 30 19 N
LONGITUDE: 81 31 W
TEMPERATURE IN F: :PCPN: SNOW: WIND :SUNSHINE: SKY :PK WND
================================================================================
1 2 3 4 5 6A 6B 7 8 9 10 11 12 13 14 15 16 17 18
12Z AVG MX 2MIN
DY MAX MIN AVG DEP HDD CDD WTR SNW DPTH SPD SPD DIR MIN PSBL S-S WX SPD DR
================================================================================
1 65 36 51 -8 14 0 0.00 0.0 0 3.6 13 130 M M 0 16 130
2 77 47 62 3 3 0 0.00 0.0 0 7.7 23 180 M M 4 29 210
3 82 63 73 14 0 8 0.00 0.0 0 12.3 24 220 M M 3 30 220
4 87 62 75 15 0 10 0.00 0.0 0 7.7 22 220 M M 3 18 27 230
5 88 60 74 14 0 9 0.77 0.0 0 10.3 29 230 M M 8 13 37 230
6 70 54 62 2 3 0 T 0.0 0 13.2 25 310 M M 4 1 34 310
7 56 43 50 -10 15 0 0.00 0.0 0 9.8 20 10 M M 0 29 30
8 64 44 54 -6 11 0 T 0.0 0 9.8 22 30 M M 2 30 40
9 74 51 63 2 2 0 0.02 0.0 0 6.1 21 150 M M 7 1 28 150
10 76 58 67 6 0 2 0.00 0.0 0 4.4 14 140 M M 4 19 160
11 81 58 70 9 0 5 0.00 0.0 0 4.6 16 100 M M 2 1 19 100
12 81 57 69 8 0 4 0.00 0.0 0 5.4 15 150 M M 1 18 150
13 85 57 71 10 0 6 0.00 0.0 0 4.3 14 260 M M 0 18 240
14 84 58 71 9 0 6 0.00 0.0 0 4.4 14 140 M M 1 1 18 140
15 88 61 75 13 0 10 0.00 0.0 0 4.1 15 60 M M 0 1 19 30
16 72 64 68 6 0 3 0.00 0.0 0 10.0 17 70 M M 9 23 40
17 83 62 73 11 0 8 1.05 0.0 0 5.9 15 320 M M 7 1 21 260
18 82 67 75 13 0 10 0.11 0.0 0 8.4 18 140 M M 3 1 26 150
19 83 61 72 9 0 7 0.00 0.0 0 7.8 21 140 M M 0 1 26 140
20 84 65 75 12 0 10 0.00 0.0 0 8.1 18 140 M M 1 22 140
21 87 63 75 12 0 10 0.00 0.0 0 3.1 13 220 M M 2 1 17 300
22 81 62 72 9 0 7 0.00 0.0 0 6.2 14 50 M M 4 1 20 50
23 85 67 76 13 0 11 0.00 0.0 0 3.8 13 90 M M 6 18 18 280
24 87 64 76 12 0 11 0.00 0.0 0 7.7 20 240 M M 3 1 26 240
25 89 70 80 16 0 15 0.00 0.0 0 11.3 22 250 M M 3 27 240
26 80 68 74 10 0 9 0.00 0.0 0 9.0 16 100 M M 5 21 90
27 89 67 78 14 0 13 0.00 0.0 0 7.2 15 150 M M 1 1 19 210
28 90 63 77 13 0 12 0.00 0.0 0 4.6 15 150 M M 0 1 22 140
29 89 63 76 12 0 11 0.00 0.0 0 5.0 13 110 M M 0 1 16 250
30 86 67 77 13 0 12 0.00 0.0 0 4.6 13 80 M M 1 1 15 100
31 87 66 77 12 0 12 0.35 0.0 0 11.5 28 230 M M 5 13 36 240
================================================================================
SM 2512 1848 48 221 2.30 0.0 221.9 M 89
================================================================================
AV 81.0 59.6 7.2 FASTST M M 3 MAX(MPH)
MISC ----> 29 230 37 230
================================================================================
NOTES:
# LAST OF SEVERAL OCCURRENCES
COLUMN 17 PEAK WIND IN M.P.H.
PRELIMINARY LOCAL CLIMATOLOGICAL DATA (WS FORM: F-6) , PAGE 2
STATION: CRAIG EXEC ARPT
MONTH: MARCH
YEAR: 2020
LATITUDE: 30 19 N
LONGITUDE: 81 31 W
[TEMPERATURE DATA] [PRECIPITATION DATA] SYMBOLS USED IN COLUMN 16
AVERAGE MONTHLY: 70.3 TOTAL FOR MONTH: 2.30 1 = FOG OR MIST
DPTR FM NORMAL: 8.3 DPTR FM NORMAL: -1.63 2 = FOG REDUCING VISIBILITY
HIGHEST: 90 ON 28 GRTST 24HR 1.16 ON 17-18 TO 1/4 MILE OR LESS
LOWEST: 36 ON 1 3 = THUNDER
SNOW, ICE PELLETS, HAIL 4 = ICE PELLETS
TOTAL MONTH: 0.0 INCH 5 = HAIL
GRTST 24HR 0.0 6 = FREEZING RAIN OR DRIZZLE
GRTST DEPTH: 0 7 = DUSTSTORM OR SANDSTORM:
VSBY 1/2 MILE OR LESS
8 = SMOKE OR HAZE
[NO. OF DAYS WITH] [WEATHER - DAYS WITH] 9 = BLOWING SNOW
X = TORNADO
MAX 32 OR BELOW: 0 0.01 INCH OR MORE: 5
MAX 90 OR ABOVE: 1 0.10 INCH OR MORE: 4
MIN 32 OR BELOW: 0 0.50 INCH OR MORE: 2
MIN 0 OR BELOW: 0 1.00 INCH OR MORE: 1
[HDD (BASE 65) ]
TOTAL THIS MO. 48 CLEAR (SCALE 0-3) 18
DPTR FM NORMAL -92 PTCLDY (SCALE 4-7) 11
TOTAL FM JUL 1 713 CLOUDY (SCALE 8-10) 2
DPTR FM NORMAL -449
[CDD (BASE 65) ]
TOTAL THIS MO. 221
DPTR FM NORMAL 175 [PRESSURE DATA]
TOTAL FM JAN 1 341 HIGHEST SLP 30.57 ON 9
DPTR FM NORMAL 270 LOWEST SLP 29.61 ON 31
[REMARKS]
#FINAL-03-20#