000
CXUS51 KRLX 011130
CF6CRW
PRELIMINARY LOCAL CLIMATOLOGICAL DATA (WS FORM: F-6)
STATION: CHARLESTON WV
MONTH: OCTOBER
YEAR: 2021
LATITUDE: 38 22 N
LONGITUDE: 81 36 W
TEMPERATURE IN F: :PCPN: SNOW: WIND :SUNSHINE: SKY :PK WND
================================================================================
1 2 3 4 5 6A 6B 7 8 9 10 11 12 13 14 15 16 17 18
12Z AVG MX 2MIN
DY MAX MIN AVG DEP HDD CDD WTR SNW DPTH SPD SPD DIR MIN PSBL S-S WX SPD DR
================================================================================
1 77 47 62 -1 3 0 0.00 0.0 0 0.9 6 60 M M 4 12 8 30
2 81 46 64 2 1 0 0.00 0.0 0 1.4 10 190 M M 5 12 14 200
3 77 61 69 7 0 4 0.28 0.0 0 3.7 15 240 M M 7 1 21 250
4 79 61 70 8 0 5 0.01 0.0 0 2.0 13 240 M M 7 1 16 230
5 83 59 71 10 0 6 T 0.0 0 2.5 10 20 M M 6 12 14 20
6 82 64 73 12 0 8 T 0.0 0 3.6 12 110 M M 7 1 14 130
7 76 63 70 10 0 5 0.02 0.0 0 3.1 10 130 M M 7 1 16 150
8 75 60 68 8 0 3 1.52 0.0 0 2.4 12 140 M M 8 123 17 280
9 78 61 70 10 0 5 T 0.0 0 1.6 10 120 M M 6 12 14 100
10 82 55 69 10 0 4 0.00 0.0 0 1.0 8 190 M M 2 1 10 160
11 82 56 69 10 0 4 0.00 0.0 0 3.1 12 110 M M 4 1 15 130
12 79 57 68 10 0 3 0.00 0.0 0 3.3 14 200 M M 4 1 20 200
13 78 59 69 11 0 4 0.00 0.0 0 2.3 12 230 M M 6 12 20 210
14 81 59 70 12 0 5 0.00 0.0 0 0.5 6 140 M M 6 12 9 220
15 84 64 74 17 0 9 T 0.0 0 4.6 15 230 M M 7 12 20 230
16 71 51 61 4 4 0 0.80 0.0 0 7.1 21 300 M M 8 1 31 300
17 62 44 53 -4 12 0 0.00 0.0 0 6.4 17 260 M M 4 24 270
18 68 40 54 -2 11 0 0.00 0.0 0 3.2 14 300 M M 1 1 21 300
19 71 39 55 -1 10 0 0.00 0.0 0 1.2 9 280 M M 0 13 270
20 73 41 57 1 8 0 0.00 0.0 0 2.3 15 200 M M 1 1 19 200
21 75 47 61 6 4 0 0.36 0.0 0 5.5 26 320 M M 6 13 37 330
22 56 50 53 -2 12 0 T 0.0 0 2.8 9 230 M M 9 1 13 260
23 62 50 56 2 9 0 T 0.0 0 5.8 14 230 M M 9 1 18 260
24 77 51 64 10 1 0 0.02 0.0 0 4.5 14 190 M M 6 1 17 190
25 65 48 57 3 8 0 0.37 0.0 0 5.2 22 140 M M 7 1 30 120
26 55 39 47 -6 18 0 0.07 0.0 0 8.4 17 310 M M 8 1 25 310
27 53 37 45 -8 20 0 0.00 0.0 0 3.4 13 80 M M 8 1 18 70
28 68 45 57 4 8 0 0.17 0.0 0 5.9 22 150 M M 8 1 30 150
29 65 54 60 8 5 0 0.10 0.0 0 5.8 18 220 M M 8 1 26 210
30 58 48 53 1 12 0 0.13 0.0 0 3.7 13 210 M M 9 1 16 200
31 57 51 54 2 11 0 0.05 0.0 0 6.2 13 240 M M 10 1 18 240
================================================================================
SM 2230 1607 157 65 3.90 0.0 113.4 M 188
================================================================================
AV 71.9 51.8 3.7 FASTST M M 6 MAX(MPH)
MISC ----> 26 320 37 330
================================================================================
NOTES:
# LAST OF SEVERAL OCCURRENCES
COLUMN 17 PEAK WIND IN M.P.H.
PRELIMINARY LOCAL CLIMATOLOGICAL DATA (WS FORM: F-6) , PAGE 2
STATION: CHARLESTON WV
MONTH: OCTOBER
YEAR: 2021
LATITUDE: 38 22 N
LONGITUDE: 81 36 W
[TEMPERATURE DATA] [PRECIPITATION DATA] SYMBOLS USED IN COLUMN 16
AVERAGE MONTHLY: 61.9 TOTAL FOR MONTH: 3.90 1 = FOG OR MIST
DPTR FM NORMAL: 4.9 DPTR FM NORMAL: 0.99 2 = FOG REDUCING VISIBILITY
HIGHEST: 84 ON 15 GRTST 24HR 1.52 ON 8- 8 TO 1/4 MILE OR LESS
LOWEST: 37 ON 27 3 = THUNDER
SNOW, ICE PELLETS, HAIL 4 = ICE PELLETS
TOTAL MONTH: 0.0 INCH 5 = HAIL
GRTST 24HR 0.0 6 = FREEZING RAIN OR DRIZZLE
GRTST DEPTH: 0 7 = DUSTSTORM OR SANDSTORM:
VSBY 1/2 MILE OR LESS
8 = SMOKE OR HAZE
[NO. OF DAYS WITH] [WEATHER - DAYS WITH] 9 = BLOWING SNOW
X = TORNADO
MAX 32 OR BELOW: 0 0.01 INCH OR MORE: 13
MAX 90 OR ABOVE: 0 0.10 INCH OR MORE: 8
MIN 32 OR BELOW: 0 0.50 INCH OR MORE: 2
MIN 0 OR BELOW: 0 1.00 INCH OR MORE: 1
[HDD (BASE 65) ]
TOTAL THIS MO. 157 CLEAR (SCALE 0-3) 4
DPTR FM NORMAL -114 PTCLDY (SCALE 4-7) 19
TOTAL FM JUL 1 183 CLOUDY (SCALE 8-10) 8
DPTR FM NORMAL -134
[CDD (BASE 65) ]
TOTAL THIS MO. 65
DPTR FM NORMAL 42 [PRESSURE DATA]
TOTAL FM JAN 1 1256 HIGHEST SLP 30.28 ON 1
DPTR FM NORMAL 98 LOWEST SLP 29.38 ON 29
[REMARKS]
#FINAL-10-21#