000
CXUS52 KFFC 011010
CF6CSG
PRELIMINARY LOCAL CLIMATOLOGICAL DATA (WS FORM: F-6)
STATION: COLUMBUS
MONTH: MARCH
YEAR: 2023
LATITUDE: 32 31 N
LONGITUDE: 84 56 W
TEMPERATURE IN F: :PCPN: SNOW: WIND :SUNSHINE: SKY :PK WND
================================================================================
1 2 3 4 5 6A 6B 7 8 9 10 11 12 13 14 15 16 17 18
12Z AVG MX 2MIN
DY MAX MIN AVG DEP HDD CDD WTR SNW DPTH SPD SPD DIR MIN PSBL S-S WX SPD DR
================================================================================
1 81 64 73 17 0 8 T 0.0 M 6.2 16 230 M M 8 1 24 230
2 76 61 69 13 0 4 0.08 0.0 M 8.2 18 40 M M 8 1 31 30
3 79 61 70 14 0 5 T 0.0 M 13.3 32 220 M M 10 48 230
4 78 51 65 9 0 0 0.00 0.0 M 4.3 15 290 M M 0 1 22 240
5 79 47 63 7 2 0 0.00 0.0 M 0.9 9 240 M M 0 13 240
6 83 50 67 10 0 2 0.00 0.0 M 3.0 13 240 M M 0 19 280
7 85 60 73 16 0 8 0.00 0.0 M 6.5 15 320 M M 5 1 20 330
8 73 55 64 7 1 0 0.00 0.0 M 8.1 21 100 M M 1 8 30 110
9 69 54 62 5 3 0 0.12 0.0 M 7.6 18 170 M M 10 24 170
10 66 50 58 0 7 0 0.95 M M 4.6 18 330 M M 7 13 26 340
11 71 41 56 -2 9 0 0.00 0.0 M 3.2 10 320 M M 0 15 290
12 70 56 63 5 2 0 0.07 0.0 M 6.9 17 230 M M 9 1 24 230
13 64 47 56 -2 9 0 0.00 0.0 M 9.8 18 330 M M 3 26 330
14 58 35 47 -11 18 0 0.00 0.0 M 9.2 20 330 M M 0 28 320
15 63 31 47 -12 18 0 0.00 0.0 M 2.9 10 150 M M 0 16 20
16 71 34 53 -6 12 0 0.00 0.0 M 5.2 18 240 M M 0 24 230
17 72 50 61 2 4 0 0.62 M M 7.8 24 310 M M 8 1 31 340
18 55 40 48 -11 17 0 0.00 0.0 M 10.2 17 340 M M 4 27 330
19 51 36 44 -16 21 0 0.00 0.0 M 9.1 18 340 M M 0 8 28 340
20 58 29 44 -16 21 0 0.00 0.0 M 5.1 12 330 M M 0 27 360
21 65 32 49 -11 16 0 0.00 0.0 M 4.9 15 130 M M 1 22 150
22 78 43 61 1 4 0 0.00 0.0 M 3.1 12 200 M M 3 17 240
23 81 49 65 5 0 0 0.00 0.0 M 3.5 14 230 M M 1 1 19 180
24 81 53 67 7 0 2 0.00 0.0 M 7.0 17 210 M M 4 12 25 220
25 88 62 75 14 0 10 0.18 0.0 M 9.2 18 210 M M 6 13 28 260
26 78 65 72 11 0 7 0.88 0.0 M 5.8 24 290 M M 9 13 37 280
27 74 62 68 7 0 3 1.76 0.0 M 4.5 21 330 M M 7 123 30 340
28 76 59 68 7 0 3 0.01 0.0 M 4.3 16 360 M M 7 12 26 360
29 69 44 57 -5 8 0 0.00 0.0 M 4.0 17 10 M M 0 29 20
30 75 42 59 -3 6 0 0.00 0.0 M 2.8 13 140 M M 0 17 130
31 81 53 67 5 0 2 0.00 0.0 M 10.0 22 230 M M 1 29 200
================================================================================
SM 2248 1516 178 54 4.67 0.0 191.2 M 112
================================================================================
AV 72.5 48.9 6.2 FASTST M M 4 MAX(MPH)
MISC ----> 32 220 48 230
================================================================================
NOTES:
# LAST OF SEVERAL OCCURRENCES
COLUMN 17 PEAK WIND IN M.P.H.
PRELIMINARY LOCAL CLIMATOLOGICAL DATA (WS FORM: F-6) , PAGE 2
STATION: COLUMBUS
MONTH: MARCH
YEAR: 2023
LATITUDE: 32 31 N
LONGITUDE: 84 56 W
[TEMPERATURE DATA] [PRECIPITATION DATA] SYMBOLS USED IN COLUMN 16
AVERAGE MONTHLY: 60.7 TOTAL FOR MONTH: 4.67 1 = FOG OR MIST
DPTR FM NORMAL: 1.8 DPTR FM NORMAL: -0.25 2 = FOG REDUCING VISIBILITY
HIGHEST: 88 ON 25 GRTST 24HR 2.64 ON 26-27 TO 1/4 MILE OR LESS
LOWEST: 29 ON 20 3 = THUNDER
SNOW, ICE PELLETS, HAIL 4 = ICE PELLETS
TOTAL MONTH: 0.0 INCH 5 = HAIL
GRTST 24HR 0.0 6 = FREEZING RAIN OR DRIZZLE
GRTST DEPTH: M ON M 7 = DUSTSTORM OR SANDSTORM:
VSBY 1/2 MILE OR LESS
8 = SMOKE OR HAZE
[NO. OF DAYS WITH] [WEATHER - DAYS WITH] 9 = BLOWING SNOW
X = TORNADO
MAX 32 OR BELOW: 0 0.01 INCH OR MORE: 9
MAX 90 OR ABOVE: 0 0.10 INCH OR MORE: 6
MIN 32 OR BELOW: 3 0.50 INCH OR MORE: 4
MIN 0 OR BELOW: 0 1.00 INCH OR MORE: 1
[HDD (BASE 65) ]
TOTAL THIS MO. 178 CLEAR (SCALE 0-3) 17
DPTR FM NORMAL -44 PTCLDY (SCALE 4-7) 9
TOTAL FM JUL 1 1499 CLOUDY (SCALE 8-10) 5
DPTR FM NORMAL -367
[CDD (BASE 65) ]
TOTAL THIS MO. 54
DPTR FM NORMAL 23 [PRESSURE DATA]
TOTAL FM JAN 1 113 HIGHEST SLP 30.42 ON 21
DPTR FM NORMAL 73 LOWEST SLP 29.50 ON 3
[REMARKS]
#FINAL-03-23#