000
CXUS56 KTFX 220803
CF6CTB
PRELIMINARY LOCAL CLIMATOLOGICAL DATA (WS FORM: F-6)
STATION: CUT BANK MT
MONTH: MARCH
YEAR: 2023
LATITUDE: 48 37 N
LONGITUDE: 112 23 W
TEMPERATURE IN F: :PCPN: SNOW: WIND :SUNSHINE: SKY :PK WND
================================================================================
1 2 3 4 5 6A 6B 7 8 9 10 11 12 13 14 15 16 17 18
12Z AVG MX 2MIN
DY MAX MIN AVG DEP HDD CDD WTR SNW DPTH SPD SPD DIR MIN PSBL S-S WX SPD DR
================================================================================
1 35 16 26 0 39 0 0.00 M T 15.0 37 250 M M 5 46 250
2 38 23 31 5 34 0 T M T 31.8 60 250 M M 2 1 75 250
3 32 16 24 -2 41 0 T M T 23.5 37 250 M M 0 1 47 250
4 36 13 25 -2 40 0 0.00 M T 8.4 23 260 M M 2 29 260
5 17 6 12 -15 53 0 0.05 M 0 15.6 22 10 M M 10 18 26 350
6 15 -9 3 -24 62 0 0.08 M 4 6.8 13 340 M M 9 18 14 330
7 11 -13 -1 -29 66 0 T M 4 4.2 10 120 M M 8 18 14 140
8 13 6 10 -18 55 0 0.05 M 6 9.7 18 10 M M 10 18 23 10
9 13 2 8 -20 57 0 0.01 M 3 9.2 16 150 M M 8 1 20 350
10 13 6 10 -19 55 0 0.21 M 3 17.2 35 320 M M 10 12 43 320
11 16 4 10 -19 55 0 0.18 M 4 15.9 39 320 M M 5 129 48 320
12 13 0 7 -23 58 0 T M 4 6.1 12 130 M M 7 12 14 140
13 42 6 24 -6 41 0 0.00 M 4 7.3 16 210 M M 4 12 24 190
14 42 26 34 4 31 0 0.01 M 1 17.6 48 250 M M 2 1 57 240
15 32 15 24 -7 41 0 0.20 M 5 5.5 16 270 M M 7 1 20 270
16 33 9 21 -10 44 0 0.00 M 3 8.1 18 320 M M 1 20 320
17 32 2 17 -15 48 0 0.00 M 3 4.9 12 130 M M 0 1 14 140
18 39 2 21 -11 44 0 0.00 M 3 3.8 12 280 M M 2 12 13 290
19 39 14 27 -5 38 0 0.00 M 2 6.0 14 330 M M 0 17 30
20 35 12 24 -9 41 0 0.00 M 2 4.3 14 40 M M 3 17 30
21 36 11 24 -9 41 0 0.00 M 1 5.2 14 350 M M 0 128 18 360
22 35 16 26 -8 39 0 0.00 M 1 6.5 12 150 M M 7 128 14 160
23 45 9 27 -7 38 0 0.00 M T 8.6 23 250 M M 3 12 29 250
24 44 25 35 1 30 0 0.01 M T 16.1 25 290 M M 5 1 32 290
25 40 17 29 -5 36 0 0.00 M T 6.8 18 340 M M 4 1 24 340
26 37 20 29 -6 36 0 0.01 M T 11.0 24 360 M M 6 1 29 30
27 32 18 25 -10 40 0 0.00 M T 6.8 21 30 M M 9 8 23 30
28 33 19 26 -10 39 0 0.00 M T 6.2 12 110 M M 7 1 20 120
29 34 14 24 -12 41 0 0.00 M T 6.8 14 110 M M 2 19 110
30 34 24 29 -7 36 0 0.03 M T 8.4 17 10 M M 10 128 19 140
31 46 21 34 -2 31 0 0.00 M T 19.8 41 250 M M 5 12 53 250
================================================================================
SM 962 350 1350 0 0.84 M 323.1 M 153
================================================================================
AV 31.0 11.3 10.4 FASTST M M 5 MAX(MPH)
MISC ----> 60 250 75 250
================================================================================
NOTES:
# LAST OF SEVERAL OCCURRENCES
COLUMN 17 PEAK WIND IN M.P.H.
PRELIMINARY LOCAL CLIMATOLOGICAL DATA (WS FORM: F-6) , PAGE 2
STATION: CUT BANK MT
MONTH: MARCH
YEAR: 2023
LATITUDE: 48 37 N
LONGITUDE: 112 23 W
[TEMPERATURE DATA] [PRECIPITATION DATA] SYMBOLS USED IN COLUMN 16
AVERAGE MONTHLY: 21.2 TOTAL FOR MONTH: 0.84 1 = FOG OR MIST
DPTR FM NORMAL: -9.9 DPTR FM NORMAL: 0.48 2 = FOG REDUCING VISIBILITY
HIGHEST: 46 ON 31 GRTST 24HR 0.21 ON 10-10 TO 1/4 MILE OR LESS
LOWEST: -13 ON 7 3 = THUNDER
SNOW, ICE PELLETS, HAIL 4 = ICE PELLETS
TOTAL MONTH: M 5 = HAIL
GRTST 24HR M ON M 6 = FREEZING RAIN OR DRIZZLE
GRTST DEPTH: 6 ON 8 7 = DUSTSTORM OR SANDSTORM:
VSBY 1/2 MILE OR LESS
8 = SMOKE OR HAZE
[NO. OF DAYS WITH] [WEATHER - DAYS WITH] 9 = BLOWING SNOW
X = TORNADO
MAX 32 OR BELOW: 12 0.01 INCH OR MORE: 11
MAX 90 OR ABOVE: 0 0.10 INCH OR MORE: 3
MIN 32 OR BELOW: 31 0.50 INCH OR MORE: 0
MIN 0 OR BELOW: 3 1.00 INCH OR MORE: 0
[HDD (BASE 65) ]
TOTAL THIS MO. 1350 CLEAR (SCALE 0-3) 11
DPTR FM NORMAL 301 PTCLDY (SCALE 4-7) 14
TOTAL FM JUL 1 7305 CLOUDY (SCALE 8-10) 6
DPTR FM NORMAL 183
[CDD (BASE 65) ]
TOTAL THIS MO. 0
DPTR FM NORMAL 0 [PRESSURE DATA]
TOTAL FM JAN 1 0 HIGHEST SLP 30.49 ON 17
DPTR FM NORMAL 0 LOWEST SLP 29.44 ON 14
[REMARKS]
#FINAL-03-23#