000
CXUS56 KTFX 011110
CF6CTB
PRELIMINARY LOCAL CLIMATOLOGICAL DATA (WS FORM: F-6)
STATION: CUT BANK MT
MONTH: JUNE
YEAR: 2021
LATITUDE: 48 37 N
LONGITUDE: 112 23 W
TEMPERATURE IN F: :PCPN: SNOW: WIND :SUNSHINE: SKY :PK WND
================================================================================
1 2 3 4 5 6A 6B 7 8 9 10 11 12 13 14 15 16 17 18
12Z AVG MX 2MIN
DY MAX MIN AVG DEP HDD CDD WTR SNW DPTH SPD SPD DIR MIN PSBL S-S WX SPD DR
================================================================================
1 82 44 63 8 2 0 0.00 M 0 5.2 16 270 M M 0 22 250
2 87 50 69 14 0 4 0.00 M 0 7.9 17 260 M M 0 22 290
3 89 54 72 17 0 7 0.00 M 0 12.5 30 250 M M 0 41 250
4 84 59 72 17 0 7 0.00 M 0 19.1 36 240 M M 0 47 240
5 73 47 60 5 5 0 0.00 M 0 23.6 41 250 M M 0 55 250
6 62 38 50 -6 15 0 0.00 M 0 14.4 32 240 M M 2 42 240
7 65 36 51 -5 14 0 0.00 M 0 17.8 38 250 M M 1 48 250
8 66 39 53 -3 12 0 0.02 M 0 11.9 21 10 M M 4 1 29 350
9 63 39 51 -5 14 0 0.04 M 0 9.5 23 260 M M 7 138 30 260
10 61 41 51 -5 14 0 0.03 M 0 15.7 26 330 M M 9 1 35 330
11 69 41 55 -2 10 0 0.00 M 0 14.3 26 250 M M 1 36 250
12 68 39 54 -3 11 0 0.00 M 0 13.9 30 230 M M 2 41 250
13 87 43 65 8 0 0 0.00 M 0 11.9 35 180 M M 0 46 180
14 96 60 78 21 0 13 0.00 M 0 11.5 31 130 M M 0 44 150
15 85 53 69 12 0 4 0.00 M 0 18.8 59 260 M M 1 73 260
16 70 44 57 -1 8 0 0.00 M 0 19.6 45 250 M M 0 58 250
17 77 40 59 1 6 0 0.00 M 0 13.7 25 280 M M 0 36 270
18 77 39 58 0 7 0 0.00 M 0 8.4 15 150 M M 0 21 150
19 73 48 61 3 4 0 0.24 M 0 10.6 29 360 M M 4 1 36 350
20 69 49 59 1 6 0 0.31 M 0 10.3 20 340 M M 6 1 26 350
21 80 43 62 3 3 0 0.00 M 0 7.2 18 260 M M 0 24 190
22 86 52 69 10 0 4 0.00 M 0 12.4 26 250 M M 0 35 240
23 75 55 65 6 0 0 0.00 M 0 12.6 28 350 M M 0 35 350
24 68 48 58 -1 7 0 0.02 M 0 9.2 23 340 M M 5 1 28 350
25 80 44 62 2 3 0 0.00 M 0 8.0 23 350 M M 4 12 32 330
26 85 53 69 9 0 4 0.00 M 0 11.7 22 330 M M 4 33 340
27 87 53 70 10 0 5 0.00 M 0 8.8 22 360 M M 3 30 20
28 91 49 70 10 0 5 0.00 M 0 7.4 18 180 M M 0 28 160
29 94 51 73 12 0 8 0.00 M 0 5.4 14 120 M M 0 20 180
30 93 49 71 10 0 6 0.00 M 0 7.7 20 140 M M 0 28 140
================================================================================
SM 2342 1400 141 67 0.66 M 361.0 M 53
================================================================================
AV 78.1 46.7 12.0 FASTST M M 2 MAX(MPH)
MISC ----> 59 260 73 260
================================================================================
NOTES:
# LAST OF SEVERAL OCCURRENCES
COLUMN 17 PEAK WIND IN M.P.H.
PRELIMINARY LOCAL CLIMATOLOGICAL DATA (WS FORM: F-6) , PAGE 2
STATION: CUT BANK MT
MONTH: JUNE
YEAR: 2021
LATITUDE: 48 37 N
LONGITUDE: 112 23 W
[TEMPERATURE DATA] [PRECIPITATION DATA] SYMBOLS USED IN COLUMN 16
AVERAGE MONTHLY: 62.4 TOTAL FOR MONTH: 0.66 1 = FOG OR MIST
DPTR FM NORMAL: 4.8 DPTR FM NORMAL: -2.07 2 = FOG REDUCING VISIBILITY
HIGHEST: 96 ON 14 GRTST 24HR 0.55 ON 19-20 TO 1/4 MILE OR LESS
LOWEST: 36 ON 7 3 = THUNDER
SNOW, ICE PELLETS, HAIL 4 = ICE PELLETS
TOTAL MONTH: M 5 = HAIL
GRTST 24HR M ON M 6 = FREEZING RAIN OR DRIZZLE
GRTST DEPTH: 0 7 = DUSTSTORM OR SANDSTORM:
VSBY 1/2 MILE OR LESS
8 = SMOKE OR HAZE
[NO. OF DAYS WITH] [WEATHER - DAYS WITH] 9 = BLOWING SNOW
X = TORNADO
MAX 32 OR BELOW: 0 0.01 INCH OR MORE: 6
MAX 90 OR ABOVE: 4 0.10 INCH OR MORE: 2
MIN 32 OR BELOW: 0 0.50 INCH OR MORE: 0
MIN 0 OR BELOW: 0 1.00 INCH OR MORE: 0
[HDD (BASE 65) ]
TOTAL THIS MO. 141 CLEAR (SCALE 0-3) 22
DPTR FM NORMAL -94 PTCLDY (SCALE 4-7) 7
TOTAL FM JUL 1 8259 CLOUDY (SCALE 8-10) 1
DPTR FM NORMAL -318
[CDD (BASE 65) ]
TOTAL THIS MO. 67
DPTR FM NORMAL 56 [PRESSURE DATA]
TOTAL FM JAN 1 67 HIGHEST SLP 30.20 ON 27
DPTR FM NORMAL 55 LOWEST SLP 29.57 ON 5
[REMARKS]
#FINAL-06-21#