000
CXUS56 KSGX 011445
CF6CZZ
PRELIMINARY LOCAL CLIMATOLOGICAL DATA (WS FORM: F-6)
STATION: CAMPO ASOS CA
MONTH: JUNE
YEAR: 2019
LATITUDE: 32 37 N
LONGITUDE: 116 28 W
TEMPERATURE IN F: :PCPN: SNOW: WIND :SUNSHINE: SKY :PK WND
================================================================================
1 2 3 4 5 6A 6B 7 8 9 10 11 12 13 14 15 16 17 18
12Z AVG MX 2MIN
DY MAX MIN AVG DEP HDD CDD WTR SNW DPTH SPD SPD DIR MIN PSBL S-S WX SPD DR
================================================================================
1 71 47 59 -4 6 0 0.00 0.0 M 8.1 21 220 M M 0 24 230
2 72 48 60 -3 5 0 0.00 0.0 0 6.9 20 220 M M 0 24 200
3 75 45 60 -3 5 0 0.00 0.0 0 7.3 21 220 M M 0 27 220
4 83 52 68 4 0 3 0.00 0.0 0 7.0 21 220 M M 0 24 220
5 89 49 69 5 0 4 0.00 0.0 0 7.9 21 220 M M 0 24 220
6 84 51 68 4 0 3 0.00 0.0 0 8.0 22 220 M M 0 26 200
7 80 48 64 0 1 0 0.00 0.0 0 8.8 21 220 M M 0 24 220
8 88 45 67 3 0 2 0.00 0.0 0 6.5 21 220 M M 0 25 210
9 92 49 71 7 0 6 0.00 0.0 0 11.9 31 60 M M 0 39 60
10 99 51 75 10 0 10 0.00 0.0 0 7.3 17 250 M M 0 23 240
11 102 55 79 14 0 14 0.00 0.0 0 6.1 17 290 M M 0 22 290
12 95 55 75 10 0 10 0.00 0.0 0 7.8 17 220 M M 0 23 220
13 84 48 66 1 0 1 0.00 0.0 0 8.5 22 220 M M 0 28 220
14 80 43 62 -4 3 0 0.00 0.0 0 9.1 20 230 M M 0 26 220
15 83 45 64 -2 1 0 0.00 0.0 0 7.4 21 220 M M 0 25 210
16 81 49 65 -1 0 0 0.00 0.0 0 8.1 21 220 M M 0 25 220
17 77 47 62 -4 3 0 0.00 0.0 0 7.4 20 220 M M 0 23 220
18 80 43 62 -5 3 0 0.00 0.0 0 8.1 20 210 M M 0 24 220
19 85 49 67 0 0 2 0.00 0.0 0 8.5 21 220 M M 0 24 210
20 77 48 63 -4 2 0 0.00 0.0 0 8.7 18 230 M M 0 23 220
21 72 55 64 -4 1 0 0.00 0.0 0 9.9 21 230 M M 0 26 220
22 77 50 64 -4 1 0 0.00 0.0 0 8.0 21 210 M M 0 26 210
23 93 44 69 1 0 4 0.00 0.0 0 6.8 21 230 M M 0 25 230
24 89 44 67 -1 0 2 0.00 0.0 0 7.5 21 230 M M 0 25 230
25 79 46 63 -6 2 0 0.00 0.0 0 8.0 23 220 M M 0 27 220
26 80 45 63 -6 2 0 0.00 M 0 8.4 21 220 M M 0 25 220
27 84 44 64 -5 1 0 0.00 0.0 0 8.3 21 220 M M 0 24 220
28 89 45 67 -2 0 2 0.00 0.0 0 7.6 20 210 M M 0 23 210
29 87 52 70 0 0 5 0.00 0.0 0 5.6 17 230 M M 0 20 230
30 90 54 72 2 0 7 0.00 0.0 0 7.6 20 260 M M 0 28 280
================================================================================
SM 2517 1446 36 75 0.00 0.0 237.1 M 0
================================================================================
AV 83.9 48.2 7.9 FASTST M M 0 MAX(MPH)
MISC ----> # 31 60 # 39 60
================================================================================
NOTES:
# LAST OF SEVERAL OCCURRENCES
COLUMN 17 PEAK WIND IN M.P.H.
PRELIMINARY LOCAL CLIMATOLOGICAL DATA (WS FORM: F-6) , PAGE 2
STATION: CAMPO ASOS CA
MONTH: JUNE
YEAR: 2019
LATITUDE: 32 37 N
LONGITUDE: 116 28 W
[TEMPERATURE DATA] [PRECIPITATION DATA] SYMBOLS USED IN COLUMN 16
AVERAGE MONTHLY: 66.1 TOTAL FOR MONTH: 0.00 1 = FOG OR MIST
DPTR FM NORMAL: -0.1 DPTR FM NORMAL: -0.11 2 = FOG REDUCING VISIBILITY
HIGHEST: 102 ON 11 GRTST 24HR 0.00 ON 30-30 TO 1/4 MILE OR LESS
LOWEST: 43 ON 18,14 3 = THUNDER
SNOW, ICE PELLETS, HAIL 4 = ICE PELLETS
TOTAL MONTH: 0.0 INCH 5 = HAIL
GRTST 24HR 0.0 6 = FREEZING RAIN OR DRIZZLE
GRTST DEPTH: 0 7 = DUSTSTORM OR SANDSTORM:
VSBY 1/2 MILE OR LESS
8 = SMOKE OR HAZE
[NO. OF DAYS WITH] [WEATHER - DAYS WITH] 9 = BLOWING SNOW
X = TORNADO
MAX 32 OR BELOW: 0 0.01 INCH OR MORE: 0
MAX 90 OR ABOVE: 6 0.10 INCH OR MORE: 0
MIN 32 OR BELOW: 0 0.50 INCH OR MORE: 0
MIN 0 OR BELOW: 0 1.00 INCH OR MORE: 0
[HDD (BASE 65) ]
TOTAL THIS MO. 36 CLEAR (SCALE 0-3) 30
DPTR FM NORMAL -20 PTCLDY (SCALE 4-7) 0
TOTAL FM JUL 1 3051 CLOUDY (SCALE 8-10) 0
DPTR FM NORMAL 68
[CDD (BASE 65) ]
TOTAL THIS MO. 75
DPTR FM NORMAL -17 [PRESSURE DATA]
TOTAL FM JAN 1 77 HIGHEST SLP 29.99 ON 11
DPTR FM NORMAL -45 LOWEST SLP 29.74 ON 1
[REMARKS]
#FINAL-06-19#