000
CXUS53 KUNR 010930
CF6D07
PRELIMINARY LOCAL CLIMATOLOGICAL DATA (WS FORM: F-6)
STATION: FAITH SD
MONTH: APRIL
YEAR: 2022
LATITUDE: 45 1 N
LONGITUDE: 102 1 W
TEMPERATURE IN F: :PCPN: SNOW: WIND :SUNSHINE: SKY :PK WND
================================================================================
1 2 3 4 5 6A 6B 7 8 9 10 11 12 13 14 15 16 17 18
12Z AVG MX 2MIN
DY MAX MIN AVG DEP HDD CDD WTR SNW DPTH SPD SPD DIR MIN PSBL S-S WX SPD DR
================================================================================
1 50 28 39 0 26 0 0.01 M M 9.7 29 320 M M M 40 320
2 56 26 41 1 24 0 0.00 M M 10.1 25 140 M M M 35 130
3 53 31 42 2 23 0 0.00 M M 18.3 44 310 M M M 53 310
4 65 29 47 7 18 0 0.00 M M 15.9 31 160 M M M 41 160
5 65 29 47 6 18 0 0.04 M M 30.0 53 310 M M M 73 310
6 44 31 38 -3 27 0 0.05 M M 28.9 47 320 M M M 60 310
7 49 29 39 -2 26 0 0.00 M M 28.8 48 330 M M M 62 350
8 53 19 36 -6 29 0 0.00 M M 10.6 23 160 M M M 31 160
9 62 32 47 5 18 0 0.00 M M 18.7 37 340 M M M 47 340
10 51 32 42 0 23 0 0.07 M M 11.7 29 320 M M M 36 320
11 51 25 38 -5 27 0 0.00 M M 10.7 29 80 M M M 37 90
12 39 18 29 -14 36 0 0.29 M M 26.3 37 80 M M M 50 80
13 21 15 18 -25 47 0 0.00 M M 35.4 47 300 M M M 68 300
14 26 15 21 -23 44 0 0.00 M M 33.3 49 300 M M M 68 290
15 30 17 24 -20 41 0 0.00 M M 16.1 25 320 M M M 34 330
16 43 16 30 -14 35 0 0.00 M M 12.8 32 140 M M M 45 140
17 44 19 32 -13 33 0 0.00 M M 25.3 45 310 M M M 57 310
18 50 19 35 -10 30 0 0.00 M M 9.7 24 120 M M M 38 140
19 63 29 46 0 19 0 0.00 M M 21.7 37 160 M M M 47 150
20 63 29 46 0 19 0 0.00 M M 14.4 36 320 M M M 46 320
21 58 21 40 -6 25 0 0.00 M M 13.5 33 140 M M M 48 140
22 70 38 54 8 11 0 0.11 M M 21.1 45 20 M M M 57 350
23 38 31 35 -12 30 0 0.54 M M 34.5 49 330 M M M 65 340
24 41 30 36 -11 29 0 0.01 M M 29.7 46 330 M M M 58 320
25 50 24 37 -11 28 0 0.00 M M 9.3 17 140 M M M 22 140
26 55 28 42 -6 23 0 0.00 M M 19.4 28 100 M M M 37 100
27 54 27 41 -7 24 0 0.00 M M 12.3 29 100 M M M 35 100
28 63 34 49 0 16 0 0.00 M M 7.5 26 120 M M M 36 130
29 47 39 43 -6 22 0 0.04 M M 18.1 31 90 M M M 39 360
30 57 34 46 -3 19 0 0.00 M M 25.9 40 340 M M M 51 340
================================================================================
SM 1511 794 790 0 1.16 M 579.7 M M
================================================================================
AV 50.4 26.5 19.3 FASTST M M M MAX(MPH)
MISC ----> 53 310 73 310
================================================================================
NOTES:
# LAST OF SEVERAL OCCURRENCES
COLUMN 17 PEAK WIND IN M.P.H.
PRELIMINARY LOCAL CLIMATOLOGICAL DATA (WS FORM: F-6) , PAGE 2
STATION: FAITH SD
MONTH: APRIL
YEAR: 2022
LATITUDE: 45 1 N
LONGITUDE: 102 1 W
[TEMPERATURE DATA] [PRECIPITATION DATA] SYMBOLS USED IN COLUMN 16
AVERAGE MONTHLY: 38.4 TOTAL FOR MONTH: 1.16 1 = FOG OR MIST
DPTR FM NORMAL: -5.9 DPTR FM NORMAL: -0.59 2 = FOG REDUCING VISIBILITY
HIGHEST: 70 ON 22 GRTST 24HR 0.65 ON 22-23 TO 1/4 MILE OR LESS
LOWEST: 15 ON 14,13 3 = THUNDER
SNOW, ICE PELLETS, HAIL 4 = ICE PELLETS
TOTAL MONTH: M 5 = HAIL
GRTST 24HR M ON M 6 = FREEZING RAIN OR DRIZZLE
GRTST DEPTH: M ON M 7 = DUSTSTORM OR SANDSTORM:
VSBY 1/2 MILE OR LESS
8 = SMOKE OR HAZE
[NO. OF DAYS WITH] [WEATHER - DAYS WITH] 9 = BLOWING SNOW
X = TORNADO
MAX 32 OR BELOW: 3 0.01 INCH OR MORE: 9
MAX 90 OR ABOVE: 0 0.10 INCH OR MORE: 3
MIN 32 OR BELOW: 26 0.50 INCH OR MORE: 1
MIN 0 OR BELOW: 0 1.00 INCH OR MORE: 0
[HDD (BASE 65) ]
TOTAL THIS MO. 790 CLEAR (SCALE 0-3) 0
DPTR FM NORMAL 168 PTCLDY (SCALE 4-7) 0
TOTAL FM JUL 1 6875 CLOUDY (SCALE 8-10) 30
DPTR FM NORMAL -351
[CDD (BASE 65) ]
TOTAL THIS MO. 0
DPTR FM NORMAL -1 [PRESSURE DATA]
TOTAL FM JAN 1 0 HIGHEST SLP 30.49 ON 18
DPTR FM NORMAL -1 LOWEST SLP 29.21 ON 5
[REMARKS]
#FINAL-04-22#