000
CXUS55 KVEF 010910
CF6DAG
PRELIMINARY LOCAL CLIMATOLOGICAL DATA (WS FORM: F-6)
STATION: BARSTOW-DAGGETT CA
MONTH: FEBRUARY
YEAR: 2024
LATITUDE: 34 51 N
LONGITUDE: 116 47 W
TEMPERATURE IN F: :PCPN: SNOW: WIND :SUNSHINE: SKY :PK WND
================================================================================
1 2 3 4 5 6A 6B 7 8 9 10 11 12 13 14 15 16 17 18
12Z AVG MX 2MIN
DY MAX MIN AVG DEP HDD CDD WTR SNW DPTH SPD SPD DIR MIN PSBL S-S WX SPD DR
================================================================================
1 56 48 52 1 13 0 0.25 0.0 0 7.5 22 240 M M 8 1 32 220
2 59 47 53 2 12 0 0.00 0.0 0 21.3 35 270 M M 1 43 280
3 59 44 52 1 13 0 0.00 0.0 0 12.0 25 250 M M 1 33 260
4 63 45 54 3 11 0 0.04 0.0 0 12.5 30 140 M M 8 39 130
5 57 48 53 2 12 0 0.73 0.0 0 5.8 18 130 M M 9 1 24 140
6 50 44 47 -4 18 0 0.40 0.0 0 9.5 23 260 M M 9 1 29 240
7 57 38 48 -3 17 0 0.13 0.0 0 19.6 32 210 M M 4 1 45 210
8 55 39 47 -5 18 0 0.01 0.0 0 19.4 33 260 M M 3 41 260
9 54 35 45 -7 20 0 0.00 0.0 0 10.4 21 260 M M 2 27 270
10 56 37 47 -5 18 0 0.02 0.0 0 7.5 21 20 M M 1 27 40
11 55 33 44 -8 21 0 0.00 0.0 0 5.4 13 290 M M 0 14 290
12 59 30 45 -7 20 0 0.00 0.0 0 3.9 9 290 M M 0 15 90
13 63 34 49 -3 16 0 0.00 0.0 0 5.3 16 270 M M 0 18 280
14 67 41 54 2 11 0 0.00 0.0 0 4.2 16 300 M M 0 21 300
15 68 45 57 4 8 0 0.00 0.0 0 13.7 30 260 M M 1 35 270
16 66 42 54 1 11 0 0.00 0.0 0 5.7 13 280 M M 0 16 280
17 72 46 59 6 6 0 0.00 0.0 0 7.4 24 290 M M 0 31 280
18 70 46 58 5 7 0 T 0.0 0 8.9 21 280 M M 2 36 290
19 69 47 58 4 7 0 T 0.0 0 7.2 20 320 M M 7 31 320
20 59 49 54 0 11 0 0.27 0.0 0 5.2 21 20 M M 9 1 27 20
21 65 45 55 1 10 0 0.00 0.0 0 11.8 24 270 M M 4 32 260
22 65 41 53 -1 12 0 0.00 0.0 0 7.4 16 280 M M 0 18 280
23 67 44 56 2 9 0 0.00 0.0 0 5.3 13 60 M M 0 16 70
24 69 46 58 3 7 0 0.00 0.0 0 5.3 15 80 M M 0 20 70
25 68 45 57 2 8 0 0.00 0.0 0 6.0 15 280 M M 0 18 280
26 71 47 59 4 6 0 0.00 0.0 0 15.8 32 240 M M 2 42 230
27 70 48 59 4 6 0 0.00 0.0 0 13.4 36 240 M M 0 49 240
28 71 43 57 1 8 0 0.00 0.0 0 6.3 14 290 M M 0 16 290
29 72 46 59 3 6 0 0.00 0.0 0 12.2 23 270 M M 0 33 260
================================================================================
SM 1832 1243 342 0 1.85 0.0 275.9 M 71
================================================================================
AV 63.2 42.9 9.5 FASTST M M 2 MAX(MPH)
MISC ----> 36 240 49 240
================================================================================
NOTES:
# LAST OF SEVERAL OCCURRENCES
COLUMN 17 PEAK WIND IN M.P.H.
PRELIMINARY LOCAL CLIMATOLOGICAL DATA (WS FORM: F-6) , PAGE 2
STATION: BARSTOW-DAGGETT CA
MONTH: FEBRUARY
YEAR: 2024
LATITUDE: 34 51 N
LONGITUDE: 116 47 W
[TEMPERATURE DATA] [PRECIPITATION DATA] SYMBOLS USED IN COLUMN 16
AVERAGE MONTHLY: 53.0 TOTAL FOR MONTH: 1.85 1 = FOG OR MIST
DPTR FM NORMAL: 0.2 DPTR FM NORMAL: 1.15 2 = FOG REDUCING VISIBILITY
HIGHEST: 72 ON 29,17 GRTST 24HR 1.07 ON 5- 6 TO 1/4 MILE OR LESS
LOWEST: 30 ON 12 3 = THUNDER
SNOW, ICE PELLETS, HAIL 4 = ICE PELLETS
TOTAL MONTH: 0.0 INCH 5 = HAIL
GRTST 24HR 0.0 6 = FREEZING RAIN OR DRIZZLE
GRTST DEPTH: 0 7 = DUSTSTORM OR SANDSTORM:
VSBY 1/2 MILE OR LESS
8 = SMOKE OR HAZE
[NO. OF DAYS WITH] [WEATHER - DAYS WITH] 9 = BLOWING SNOW
X = TORNADO
MAX 32 OR BELOW: 0 0.01 INCH OR MORE: 8
MAX 90 OR ABOVE: 0 0.10 INCH OR MORE: 5
MIN 32 OR BELOW: 1 0.50 INCH OR MORE: 1
MIN 0 OR BELOW: 0 1.00 INCH OR MORE: 0
[HDD (BASE 65) ]
TOTAL THIS MO. 342 CLEAR (SCALE 0-3) 20
DPTR FM NORMAL -1 PTCLDY (SCALE 4-7) 6
TOTAL FM JUL 1 1535 CLOUDY (SCALE 8-10) 3
DPTR FM NORMAL -198
[CDD (BASE 65) ]
TOTAL THIS MO. 0
DPTR FM NORMAL -1 [PRESSURE DATA]
TOTAL FM JAN 1 0 HIGHEST SLP M ON M
DPTR FM NORMAL -1 LOWEST SLP 29.57 ON 6
[REMARKS]
#FINAL-02-24#