000
CXUS55 KVEF 070555
CF6DAG
PRELIMINARY LOCAL CLIMATOLOGICAL DATA (WS FORM: F-6)
STATION: BARSTOW-DAGGETT CA
MONTH: JANUARY
YEAR: 2024
LATITUDE: 34 51 N
LONGITUDE: 116 47 W
TEMPERATURE IN F: :PCPN: SNOW: WIND :SUNSHINE: SKY :PK WND
================================================================================
1 2 3 4 5 6A 6B 7 8 9 10 11 12 13 14 15 16 17 18
12Z AVG MX 2MIN
DY MAX MIN AVG DEP HDD CDD WTR SNW DPTH SPD SPD DIR MIN PSBL S-S WX SPD DR
================================================================================
1 58 35 47 0 18 0 0.00 0.0 0 4.4 10 270 M M 0 11 270
2 62 39 51 4 14 0 0.00 0.0 0 8.9 16 270 M M 0 20 280
3 55 42 49 2 16 0 0.13 0.0 0 17.6 35 260 M M 3 45 270
4 58 40 49 2 16 0 0.00 0.0 0 13.4 22 260 M M 0 30 260
5 58 38 48 0 17 0 0.00 0.0 0 10.3 20 280 M M 1 24 290
6 61 33 47 -1 18 0 0.00 0.0 0 12.6 30 250 M M 0 43 230
7 53 32 43 -5 22 0 0.00 0.0 0 16.5 38 270 M M 2 51 260
8 53 28 41 -7 24 0 0.00 0.0 0 7.6 16 300 M M 0 25 300
9 56 31 44 -4 21 0 0.00 0.0 0 8.7 28 290 M M 0 36 280
10 60 46 53 5 12 0 0.00 0.0 0 30.2 46 260 M M 0 8 67 260
11 54 37 46 -2 19 0 0.00 0.0 0 14.7 46 260 M M 1 59 250
12 59 30 45 -3 20 0 0.00 0.0 0 6.8 22 280 M M 0 29 270
13 63 32 48 0 17 0 0.00 0.0 0 11.9 35 260 M M 0 46 260
14 68 46 57 8 8 0 0.00 0.0 0 18.9 39 260 M M 0 50 260
15 66 42 54 5 11 0 0.00 0.0 0 5.4 14 260 M M 0 17 260
16 63 36 50 1 15 0 0.00 0.0 0 3.2 9 260 M M 0 10 260
17 73 46 60 11 5 0 0.00 0.0 0 16.1 41 280 M M 1 54 270
18 64 37 51 2 14 0 0.00 0.0 0 4.1 13 250 M M 0 15 260
19 64 41 53 4 12 0 0.00 0.0 0 4.4 12 80 M M 0 14 80
20 61 46 54 5 11 0 0.07 0.0 0 4.5 17 290 M M 6 18 20 280
21 63 46 55 6 10 0 0.02 0.0 0 3.9 17 290 M M 8 23 300
22 55 44 50 0 15 0 0.50 0.0 0 4.9 18 100 M M 7 1 26 100
23 64 47 56 6 9 0 0.01 0.0 0 11.0 18 270 M M 6 24 280
24 60 43 52 2 13 0 0.00 0.0 0 7.4 17 270 M M 2 20 290
25 65 45 55 5 10 0 0.00 0.0 0 12.7 29 260 M M 0 39 260
26 63 40 52 2 13 0 0.00 0.0 0 5.8 15 270 M M 0 18 90
27 66 39 53 3 12 0 0.00 0.0 0 4.2 10 280 M M 0 12 290
28 70 42 56 6 9 0 0.00 0.0 0 4.4 12 100 M M 0 19 90
29 72 42 57 7 8 0 0.00 0.0 0 5.0 12 80 M M 0 15 70
30 72 43 58 8 7 0 0.00 0.0 0 5.7 20 280 M M 0 25 280
31 71 44 58 8 7 0 0.00 0.0 0 4.8 18 90 M M 0 23 100
================================================================================
SM 1930 1232 423 0 0.73 0.0 290.0 M 37
================================================================================
AV 62.3 39.7 9.4 FASTST M M 1 MAX(MPH)
MISC ----> # 46 260 67 260
================================================================================
NOTES:
# LAST OF SEVERAL OCCURRENCES
COLUMN 17 PEAK WIND IN M.P.H.
PRELIMINARY LOCAL CLIMATOLOGICAL DATA (WS FORM: F-6) , PAGE 2
STATION: BARSTOW-DAGGETT CA
MONTH: JANUARY
YEAR: 2024
LATITUDE: 34 51 N
LONGITUDE: 116 47 W
[TEMPERATURE DATA] [PRECIPITATION DATA] SYMBOLS USED IN COLUMN 16
AVERAGE MONTHLY: 51.0 TOTAL FOR MONTH: 0.73 1 = FOG OR MIST
DPTR FM NORMAL: 2.2 DPTR FM NORMAL: 0.16 2 = FOG REDUCING VISIBILITY
HIGHEST: 73 ON 17 GRTST 24HR 0.50 ON 22-22 TO 1/4 MILE OR LESS
LOWEST: 28 ON 8 3 = THUNDER
SNOW, ICE PELLETS, HAIL 4 = ICE PELLETS
TOTAL MONTH: 0.0 INCH 5 = HAIL
GRTST 24HR 0.0 6 = FREEZING RAIN OR DRIZZLE
GRTST DEPTH: 0 7 = DUSTSTORM OR SANDSTORM:
VSBY 1/2 MILE OR LESS
8 = SMOKE OR HAZE
[NO. OF DAYS WITH] [WEATHER - DAYS WITH] 9 = BLOWING SNOW
X = TORNADO
MAX 32 OR BELOW: 0 0.01 INCH OR MORE: 5
MAX 90 OR ABOVE: 0 0.10 INCH OR MORE: 2
MIN 32 OR BELOW: 5 0.50 INCH OR MORE: 1
MIN 0 OR BELOW: 0 1.00 INCH OR MORE: 0
[HDD (BASE 65) ]
TOTAL THIS MO. 423 CLEAR (SCALE 0-3) 27
DPTR FM NORMAL -79 PTCLDY (SCALE 4-7) 4
TOTAL FM JUL 1 1193 CLOUDY (SCALE 8-10) 0
DPTR FM NORMAL -178
[CDD (BASE 65) ]
TOTAL THIS MO. 0
DPTR FM NORMAL 0 [PRESSURE DATA]
TOTAL FM JAN 1 0 HIGHEST SLP 30.40 ON 27
DPTR FM NORMAL 0 LOWEST SLP 29.64 ON 11
[REMARKS]
#FINAL-01-24#