000
CXUS54 KFWD 010730
CF6DAL
PRELIMINARY LOCAL CLIMATOLOGICAL DATA (WS FORM: F-6)
STATION: DALLAS LOVE FIELD
MONTH: MAY
YEAR: 2021
LATITUDE: 32 50 N
LONGITUDE: 96 51 W
TEMPERATURE IN F: :PCPN: SNOW: WIND :SUNSHINE: SKY :PK WND
================================================================================
1 2 3 4 5 6A 6B 7 8 9 10 11 12 13 14 15 16 17 18
12Z AVG MX 2MIN
DY MAX MIN AVG DEP HDD CDD WTR SNW DPTH SPD SPD DIR MIN PSBL S-S WX SPD DR
================================================================================
1 75 64 70 -1 0 5 T 0.0 0 6.8 16 120 M M 10 1 22 80
2 82 66 74 3 0 9 0.02 0.0 0 8.5 17 160 M M 6 1 28 160
3 91 70 81 10 0 16 0.01 0.0 0 10.3 23 180 M M 5 3 36 180
4 77 59 68 -4 0 3 0.00 0.0 0 10.6 23 320 M M 6 35 360
5 78 52 65 -7 0 0 0.00 0.0 0 4.1 12 120 M M 2 22 40
6 85 59 72 0 0 7 0.00 0.0 0 4.1 13 330 M M 2 40 70
7 86 61 74 2 0 9 0.00 0.0 0 9.5 20 180 M M 3 29 180
8 88 63 76 3 0 11 0.00 0.0 0 15.2 25 170 M M 6 42 180
9 84 65 75 2 0 10 T 0.0 0 11.9 26 180 M M 6 42 170
10 65 58 62 -12 3 0 0.58 0.0 0 8.8 16 30 M M 10 138 32 260
11 63 57 60 -14 5 0 0.87 0.0 0 7.0 20 350 M M 10 13 31 20
12 64 57 61 -13 4 0 T 0.0 0 6.9 14 10 M M 10 1 32 240
13 76 61 69 -5 0 4 0.00 0.0 0 4.6 10 80 M M 6 22 40
14 79 63 71 -4 0 6 0.00 0.0 0 9.8 16 150 M M 7 25 150
15 84 64 74 -1 0 9 0.00 0.0 0 11.3 18 160 M M 8 28 130
16 76 69 73 -3 0 8 5.11 0.0 0 10.4 18 140 M M 9 123 26 120
17 82 66 74 -2 0 9 0.41 0.0 0 8.2 21 180 M M 8 13 31 180
18 74 64 69 -7 0 4 0.25 0.0 0 7.5 24 330 M M 9 13 34 300
19 83 66 75 -1 0 10 T 0.0 0 5.8 17 150 M M 9 24 150
20 80 67 74 -3 0 9 0.29 0.0 0 4.7 13 110 M M 8 18 20 120
21 86 71 79 2 0 14 0.00 0.0 0 10.2 18 130 M M 9 27 170
22 81 70 76 -1 0 11 0.64 0.0 0 9.2 21 150 M M 10 1 28 140
23 78 70 74 -4 0 9 0.02 0.0 0 6.4 15 120 M M 10 1 22 140
24 79 70 75 -3 0 10 0.24 0.0 0 9.2 23 120 M M 9 18 34 130
25 81 68 75 -3 0 10 0.68 0.0 0 9.4 17 240 M M 8 138 26 180
26 92 74 83 4 0 18 0.00 0.0 0 9.1 15 140 M M 7 22 160
27 89 77 83 4 0 18 T 0.0 0 10.8 24 30 M M 8 39 40
28 82 68 75 -4 0 10 T 0.0 0 4.8 25 30 M M 9 3 36 30
29 86 68 77 -3 0 12 0.00 0.0 M 6.7 14 70 M M 6 31 40
30 77 64 71 -9 0 6 0.00 0.0 0 9.7 17 90 M M 9 25 110
31 77 67 72 -8 0 7 1.75 0.0 M 8.2 18 110 M M 10 13 26 360
================================================================================
SM 2480 2018 12 254 10.87 0.0 259.7 M 235
================================================================================
AV 80.0 65.1 8.4 FASTST M M 8 MAX(MPH)
MISC ----> 26 180 # 42 180
================================================================================
NOTES:
# LAST OF SEVERAL OCCURRENCES
COLUMN 17 PEAK WIND IN M.P.H.
PRELIMINARY LOCAL CLIMATOLOGICAL DATA (WS FORM: F-6) , PAGE 2
STATION: DALLAS LOVE FIELD
MONTH: MAY
YEAR: 2021
LATITUDE: 32 50 N
LONGITUDE: 96 51 W
[TEMPERATURE DATA] [PRECIPITATION DATA] SYMBOLS USED IN COLUMN 16
AVERAGE MONTHLY: 72.5 TOTAL FOR MONTH: 10.87 1 = FOG OR MIST
DPTR FM NORMAL: -2.9 DPTR FM NORMAL: 6.30 2 = FOG REDUCING VISIBILITY
HIGHEST: 92 ON 26 GRTST 24HR 5.52 ON 16-17 TO 1/4 MILE OR LESS
LOWEST: 52 ON 5 3 = THUNDER
SNOW, ICE PELLETS, HAIL 4 = ICE PELLETS
TOTAL MONTH: 0.0 INCH 5 = HAIL
GRTST 24HR 0.0 6 = FREEZING RAIN OR DRIZZLE
GRTST DEPTH: 0 7 = DUSTSTORM OR SANDSTORM:
VSBY 1/2 MILE OR LESS
8 = SMOKE OR HAZE
[NO. OF DAYS WITH] [WEATHER - DAYS WITH] 9 = BLOWING SNOW
X = TORNADO
MAX 32 OR BELOW: 0 0.01 INCH OR MORE: 13
MAX 90 OR ABOVE: 2 0.10 INCH OR MORE: 10
MIN 32 OR BELOW: 0 0.50 INCH OR MORE: 6
MIN 0 OR BELOW: 0 1.00 INCH OR MORE: 2
[HDD (BASE 65) ]
TOTAL THIS MO. 12 CLEAR (SCALE 0-3) 3
DPTR FM NORMAL 6 PTCLDY (SCALE 4-7) 13
TOTAL FM JUL 1 2027 CLOUDY (SCALE 8-10) 15
DPTR FM NORMAL 37
[CDD (BASE 65) ]
TOTAL THIS MO. 254
DPTR FM NORMAL -76 [PRESSURE DATA]
TOTAL FM JAN 1 402 HIGHEST SLP M ON M
DPTR FM NORMAL -118 LOWEST SLP 29.43 ON 3
[REMARKS]
#FINAL-05-21#