000
CXUS55 KDVN 011000
CF6DBQ
PRELIMINARY LOCAL CLIMATOLOGICAL DATA (WS FORM: F-6)
STATION: DUBUQUE IA
MONTH: JULY
YEAR: 2022
LATITUDE: 42 24 N
LONGITUDE: 90 42 W
TEMPERATURE IN F: :PCPN: SNOW: WIND :SUNSHINE: SKY :PK WND
================================================================================
1 2 3 4 5 6A 6B 7 8 9 10 11 12 13 14 15 16 17 18
12Z AVG MX 2MIN
DY MAX MIN AVG DEP HDD CDD WTR SNW DPTH SPD SPD DIR MIN PSBL S-S WX SPD DR
================================================================================
1 80 62 71 -1 0 6 0.00 0.0 0 6.6 15 40 M M 1 22 360
2 83 56 70 -2 0 5 0.00 0.0 0 4.0 15 40 M M 1 20 250
3 85 57 71 -1 0 6 0.00 0.0 0 6.7 16 190 M M 0 24 190
4 84 66 75 3 0 10 0.48 0.0 0 9.9 22 170 M M 3 138 29 180
5 92 69 81 9 0 16 1.01 0.0 0 10.3 43 360 M M 2 13 57 360
6 84 69 77 5 0 12 0.00 0.0 0 6.4 21 130 M M 3 27 130
7 83 68 76 4 0 11 T 0.0 0 6.1 16 50 M M 6 1 21 60
8 80 65 73 1 0 8 0.30 0.0 0 9.8 17 90 M M 7 12 24 70
9 81 60 71 -1 0 6 0.00 0.0 0 7.2 14 40 M M 1 17 40
10 80 60 70 -2 0 5 0.01 0.0 0 8.7 17 160 M M 0 25 170
11 84 68 76 4 0 11 0.08 0.0 0 13.7 24 280 M M M 1 33 300
12 83 62 73 1 0 8 0.00 0.0 0 9.9 18 330 M M 1 27 300
13 83 64 74 2 0 9 0.01 0.0 0 6.1 14 340 M M 2 19 330
14 81 61 71 -1 0 6 T 0.0 0 8.0 15 130 M M 1 18 130
15 79 66 73 1 0 8 2.08 0.0 0 11.5 25 150 M M 9 13 36 120
16 79 68 74 2 0 9 0.00 0.0 0 7.0 13 40 M M 6 1 17 70
17 84 66 75 3 0 10 0.00 0.0 0 5.6 14 350 M M 1 1 18 340
18 86 61 74 2 0 9 0.00 0.0 0 3.6 13 280 M M 0 16 240
19 86 67 77 5 0 12 0.00 0.0 0 13.0 25 190 M M 1 33 190
20 83 66 75 3 0 10 0.00 0.0 0 11.7 23 300 M M 2 31 280
21 88 62 75 3 0 10 0.00 0.0 0 9.2 22 270 M M 1 28 260
22 85 58 72 0 0 7 T 0.0 0 7.9 18 190 M M 0 24 180
23 90 70 80 8 0 15 0.19 0.0 0 12.0 47 230 M M 1 13 66 260
24 81 63 72 0 0 7 0.38 0.0 0 9.4 39 250 M M 4 13 58 250
25 77 60 69 -3 0 4 T 0.0 0 3.7 10 320 M M 1 14 310
26 79 62 71 -1 0 6 0.00 0.0 0 4.1 10 160 M M 3 13 160
27 82 66 74 2 0 9 0.17 0.0 0 9.5 22 240 M M 4 1 32 240
28 77 60 69 -3 0 4 0.20 0.0 0 8.8 20 330 M M 2 1 25 310
29 78 56 67 -5 0 2 0.00 0.0 0 5.0 15 300 M M 1 19 310
30 80 56 68 -3 0 3 0.00 0.0 M 3.0 10 220 M M 1 14 210
31 81 63 72 1 0 7 0.00 0.0 0 10.1 22 180 M M 4 31 170
================================================================================
SM 2558 1957 0 251 4.91 0.0 248.5 M 69
================================================================================
AV 82.5 63.1 8.0 FASTST M M 2 MAX(MPH)
MISC ----> 47 230 66 260
================================================================================
NOTES:
# LAST OF SEVERAL OCCURRENCES
COLUMN 17 PEAK WIND IN M.P.H.
PRELIMINARY LOCAL CLIMATOLOGICAL DATA (WS FORM: F-6) , PAGE 2
STATION: DUBUQUE IA
MONTH: JULY
YEAR: 2022
LATITUDE: 42 24 N
LONGITUDE: 90 42 W
[TEMPERATURE DATA] [PRECIPITATION DATA] SYMBOLS USED IN COLUMN 16
AVERAGE MONTHLY: 72.8 TOTAL FOR MONTH: 4.91 1 = FOG OR MIST
DPTR FM NORMAL: 1.1 DPTR FM NORMAL: 0.11 2 = FOG REDUCING VISIBILITY
HIGHEST: 92 ON 5 GRTST 24HR 2.08 ON 14-15 TO 1/4 MILE OR LESS
LOWEST: 56 ON 30,29 3 = THUNDER
SNOW, ICE PELLETS, HAIL 4 = ICE PELLETS
TOTAL MONTH: 0.0 INCH 5 = HAIL
GRTST 24HR 0.0 6 = FREEZING RAIN OR DRIZZLE
GRTST DEPTH: 0 7 = DUSTSTORM OR SANDSTORM:
VSBY 1/2 MILE OR LESS
8 = SMOKE OR HAZE
[NO. OF DAYS WITH] [WEATHER - DAYS WITH] 9 = BLOWING SNOW
X = TORNADO
MAX 32 OR BELOW: 0 0.01 INCH OR MORE: 11
MAX 90 OR ABOVE: 2 0.10 INCH OR MORE: 8
MIN 32 OR BELOW: 0 0.50 INCH OR MORE: 2
MIN 0 OR BELOW: 0 1.00 INCH OR MORE: 2
[HDD (BASE 65) ]
TOTAL THIS MO. 0 CLEAR (SCALE 0-3) 23
DPTR FM NORMAL -8 PTCLDY (SCALE 4-7) 6
TOTAL FM JUL 1 0 CLOUDY (SCALE 8-10) 2
DPTR FM NORMAL 0
[CDD (BASE 65) ]
TOTAL THIS MO. 251
DPTR FM NORMAL 34 [PRESSURE DATA]
TOTAL FM JAN 1 541 HIGHEST SLP 30.22 ON 9
DPTR FM NORMAL 140 LOWEST SLP 29.60 ON 20
[REMARKS]
#FINAL-07-22#