000
CXUS51 KLWX 011718
CF6DCA
PRELIMINARY LOCAL CLIMATOLOGICAL DATA (WS FORM: F-6)
STATION: WASHINGTON NATIONAL DC
MONTH: NOVEMBER
YEAR: 2020
LATITUDE: 38 50 N
LONGITUDE: 77 2 W
TEMPERATURE IN F: :PCPN: SNOW: WIND :SUNSHINE: SKY :PK WND
================================================================================
1 2 3 4 5 6A 6B 7 8 9 10 11 12 13 14 15 16 17 18
12Z AVG MX 2MIN
DY MAX MIN AVG DEP HDD CDD WTR SNW DPTH SPD SPD DIR MIN PSBL S-S WX SPD DR
================================================================================
1 59 42 51 -3 14 0 0.52 0.0 0 12.5 35 320 M M 9 1 48 320
2 50 39 45 -9 20 0 T 0.0 0 15.1 35 310 M M 3 47 320
3 66 39 53 -1 12 0 0.00 0.0 0 8.6 22 310 M M 5 35 300
4 67 42 55 1 10 0 0.00 0.0 0 5.5 13 180 M M 0 18 180
5 69 47 58 5 7 0 0.00 0.0 0 4.6 13 160 M M 4 18 16 170
6 70 49 60 7 5 0 0.00 0.0 0 3.9 10 180 M M 5 1 14 180
7 74 47 61 9 4 0 0.00 0.0 0 3.1 8 190 M M 1 18 10 180
8 74 49 62 10 3 0 0.00 0.0 0 2.0 10 160 M M 2 18 12 160
9 75 52 64 12 1 0 0.00 0.0 0 4.9 9 190 M M 2 1 12 170
10 76 54 65 13 0 0 0.00 0.0 0 6.5 14 170 M M 3 20 180
11 70 61 66 15 0 1 2.02 0.0 0 8.3 13 180 M M 9 1 18 170
12 68 51 60 9 5 0 0.89 0.0 0 10.4 22 360 M M 10 1 27 10
13 62 49 56 6 9 0 T 0.0 0 6.2 16 340 M M 6 23 330
14 61 42 52 2 13 0 0.00 0.0 0 5.7 13 340 M M 3 19 360
15 71 48 60 10 5 0 0.26 0.0 0 11.4 30 300 M M 9 41 320
16 62 49 56 6 9 0 0.00 0.0 0 10.9 22 300 M M 0 33 250
17 57 38 48 -1 17 0 0.00 0.0 0 13.0 29 320 M M 4 45 340
18 45 35 40 -9 25 0 0.00 0.0 0 10.9 23 340 M M 3 29 310
19 53 32 43 -5 22 0 0.00 0.0 0 9.9 21 200 M M 5 30 190
20 64 42 53 5 12 0 0.00 0.0 0 7.0 16 170 M M 3 20 180
21 64 45 55 7 10 0 0.00 0.0 0 2.3 9 50 M M 8 11 80
22 59 51 55 8 10 0 0.00 0.0 0 7.5 15 60 M M 9 19 40
23 59 45 52 5 13 0 0.02 0.0 0 14.9 31 320 M M 7 1 48 290
24 52 38 45 -2 20 0 0.00 0.0 0 6.2 14 160 M M 6 20 290
25 57 44 51 5 14 0 0.01 0.0 0 9.1 20 210 M M 9 1 27 190
26 67 51 59 13 6 0 0.03 0.0 0 6.3 16 210 M M 6 1 23 200
27 61 51 56 10 9 0 0.00 0.0 0 2.4 7 330 M M 9 9 330
28 61 46 54 9 11 0 0.00 0.0 0 6.0 21 300 M M 3 30 290
29 58 37 48 3 17 0 0.00 0.0 0 4.6 12 190 M M 4 15 210
30 65 48 57 13 8 0 2.39 0.0 0 8.1 21 210 M M 10 13 31 220
================================================================================
SM 1896 1363 311 1 6.14 0.0 227.8 M 157
================================================================================
AV 63.2 45.4 7.6 FASTST M M 5 MAX(MPH)
MISC ----> # 35 320 # 48 320
================================================================================
NOTES:
# LAST OF SEVERAL OCCURRENCES
COLUMN 17 PEAK WIND IN M.P.H.
PRELIMINARY LOCAL CLIMATOLOGICAL DATA (WS FORM: F-6) , PAGE 2
STATION: WASHINGTON NATIONAL DC
MONTH: NOVEMBER
YEAR: 2020
LATITUDE: 38 50 N
LONGITUDE: 77 2 W
[TEMPERATURE DATA] [PRECIPITATION DATA] SYMBOLS USED IN COLUMN 16
AVERAGE MONTHLY: 54.3 TOTAL FOR MONTH: 6.14 1 = FOG OR MIST
DPTR FM NORMAL: 4.7 DPTR FM NORMAL: 2.97 2 = FOG REDUCING VISIBILITY
HIGHEST: 76 ON 10 GRTST 24HR 2.71 ON 11-12 TO 1/4 MILE OR LESS
LOWEST: 32 ON 19 3 = THUNDER
SNOW, ICE PELLETS, HAIL 4 = ICE PELLETS
TOTAL MONTH: 0.0 INCH 5 = HAIL
GRTST 24HR 0.0 6 = FREEZING RAIN OR DRIZZLE
GRTST DEPTH: 0 7 = DUSTSTORM OR SANDSTORM:
VSBY 1/2 MILE OR LESS
8 = SMOKE OR HAZE
[NO. OF DAYS WITH] [WEATHER - DAYS WITH] 9 = BLOWING SNOW
X = TORNADO
MAX 32 OR BELOW: 0 0.01 INCH OR MORE: 8
MAX 90 OR ABOVE: 0 0.10 INCH OR MORE: 5
MIN 32 OR BELOW: 1 0.50 INCH OR MORE: 4
MIN 0 OR BELOW: 0 1.00 INCH OR MORE: 2
[HDD (BASE 65) ]
TOTAL THIS MO. 311 CLEAR (SCALE 0-3) 10
DPTR FM NORMAL -155 PTCLDY (SCALE 4-7) 12
TOTAL FM JUL 1 465 CLOUDY (SCALE 8-10) 8
DPTR FM NORMAL -231
[CDD (BASE 65) ]
TOTAL THIS MO. 1
DPTR FM NORMAL -1 [PRESSURE DATA]
TOTAL FM JAN 1 1760 HIGHEST SLP 30.65 ON 19
DPTR FM NORMAL 211 LOWEST SLP 29.33 ON 30
[REMARKS]
#FINAL-11-20#