000
CXUS53 KDDC 011403
CF6DDC
PRELIMINARY LOCAL CLIMATOLOGICAL DATA (WS FORM: F-6)
STATION: DODGE CITY KS
MONTH: JULY
YEAR: 2023
LATITUDE: 37 46 N
LONGITUDE: 99 58 W
TEMPERATURE IN F: :PCPN: SNOW: WIND :SUNSHINE: SKY :PK WND
================================================================================
1 2 3 4 5 6A 6B 7 8 9 10 11 12 13 14 15 16 17 18
12Z AVG MX 2MIN
DY MAX MIN AVG DEP HDD CDD WTR SNW DPTH SPD SPD DIR MIN PSBL S-S WX SPD DR
================================================================================
1 86 62 74 -5 0 9 0.00 0.0 0 9.8 20 300 M M 1 1 26 310
2 90 59 75 -4 0 10 0.01 0.0 0 6.0 26 290 M M 1 138 36 260
3 90 66 78 -1 0 13 T 0.0 0 8.9 20 140 M M 1 28 130
4 97 65 81 2 0 16 T 0.0 0 12.9 25 300 M M 0 35 300
5 80 66 73 -6 0 8 0.85 0.0 0 11.8 23 40 M M 7 13 36 320
6 80 63 72 -7 0 7 0.61 0.0 0 8.5 31 160 M M 6 13 42 150
7 79 67 73 -7 0 8 0.27 0.0 0 8.2 37 160 M M 7 13 51 160
8 78 59 69 -11 0 4 0.63 0.0 0 10.3 32 30 M M 8 138 42 20
9 79 56 68 -12 0 3 0.00 0.0 0 7.4 12 170 M M 1 128 17 130
10 85 61 73 -7 0 8 T 0.0 0 11.5 22 30 M M 3 1 30 40
11 91 63 77 -3 0 12 0.00 0.0 0 10.0 17 160 M M 0 18 25 160
12 98 73 86 6 0 21 0.00 0.0 0 9.1 17 180 M M 0 18 24 180
13 90 72 81 1 0 16 T 0.0 0 8.9 18 80 M M 2 18 27 80
14 95 66 81 1 0 16 0.00 0.0 0 8.8 26 40 M M 2 18 37 30
15 90 63 77 -3 0 12 0.00 0.0 0 6.4 13 170 M M 0 1 17 170
16 95 64 80 0 0 15 0.00 0.0 0 9.6 32 60 M M 0 138 45 60
17 103 70 87 7 0 22 0.00 0.0 0 12.6 35 120 M M 0 138 47 120
18 103 67 85 5 0 20 0.00 0.0 0 9.5 21 30 M M 0 18 26 20
19 95 73 84 4 0 19 0.11 0.0 0 9.4 22 290 M M 3 1238 31 290
20 90 65 78 -3 0 13 2.98 0.0 0 9.9 45 340 M M 5 123 70 350
21 80 64 72 -9 0 7 0.33 0.0 0 8.2 23 100 M M 7 138 32 110
22 87 62 75 -6 0 10 0.01 0.0 0 7.6 14 200 M M 1 138 20 190
23 94 65 80 -1 0 15 0.00 0.0 0 10.1 16 180 M M 0 18 22 40
24 97 73 85 4 0 20 0.00 0.0 0 10.4 20 220 M M 0 30 220
25 99 72 86 5 0 21 0.00 0.0 0 10.8 22 210 M M 0 30 210
26 97 73 85 5 0 20 0.00 0.0 0 9.4 21 310 M M 0 38 30 290
27 96 71 84 4 0 19 T 0.0 0 9.1 20 210 M M 0 8 24 180
28 98 71 85 5 0 20 T 0.0 0 8.7 18 170 M M 1 8 23 170
29 95 70 83 3 0 18 0.07 0.0 0 9.9 23 20 M M 1 38 31 20
30 100 68 84 4 0 19 0.00 0.0 0 10.3 21 190 M M 0 18 30 190
31 99 68 84 4 0 19 0.00 0.0 0 11.5 22 230 M M 0 8 31 240
================================================================================
SM 2836 2057 0 440 5.87 0.0 295.5 M 57
================================================================================
AV 91.5 66.4 9.5 FASTST M M 2 MAX(MPH)
MISC ----> 45 340 70 350
================================================================================
NOTES:
# LAST OF SEVERAL OCCURRENCES
COLUMN 17 PEAK WIND IN M.P.H.
PRELIMINARY LOCAL CLIMATOLOGICAL DATA (WS FORM: F-6) , PAGE 2
STATION: DODGE CITY KS
MONTH: JULY
YEAR: 2023
LATITUDE: 37 46 N
LONGITUDE: 99 58 W
[TEMPERATURE DATA] [PRECIPITATION DATA] SYMBOLS USED IN COLUMN 16
AVERAGE MONTHLY: 79.0 TOTAL FOR MONTH: 5.87 1 = FOG OR MIST
DPTR FM NORMAL: -1.1 DPTR FM NORMAL: 2.79 2 = FOG REDUCING VISIBILITY
HIGHEST: 103 ON 18,17 GRTST 24HR 3.27 ON 20-21 TO 1/4 MILE OR LESS
LOWEST: 56 ON 9 3 = THUNDER
SNOW, ICE PELLETS, HAIL 4 = ICE PELLETS
TOTAL MONTH: 0.0 INCH 5 = HAIL
GRTST 24HR 0.0 6 = FREEZING RAIN OR DRIZZLE
GRTST DEPTH: 0 7 = DUSTSTORM OR SANDSTORM:
VSBY 1/2 MILE OR LESS
8 = SMOKE OR HAZE
[NO. OF DAYS WITH] [WEATHER - DAYS WITH] 9 = BLOWING SNOW
X = TORNADO
MAX 32 OR BELOW: 0 0.01 INCH OR MORE: 10
MAX 90 OR ABOVE: 22 0.10 INCH OR MORE: 7
MIN 32 OR BELOW: 0 0.50 INCH OR MORE: 4
MIN 0 OR BELOW: 0 1.00 INCH OR MORE: 1
[HDD (BASE 65) ]
TOTAL THIS MO. 0 CLEAR (SCALE 0-3) 24
DPTR FM NORMAL -1 PTCLDY (SCALE 4-7) 7
TOTAL FM JUL 1 0 CLOUDY (SCALE 8-10) 0
DPTR FM NORMAL 0
[CDD (BASE 65) ]
TOTAL THIS MO. 440
DPTR FM NORMAL -27 [PRESSURE DATA]
TOTAL FM JAN 1 803 HIGHEST SLP 30.15 ON 21
DPTR FM NORMAL -103 LOWEST SLP 29.72 ON 12
[REMARKS]
#FINAL-07-23#