000
CXUS53 KDDC 031410
CF6DDC
PRELIMINARY LOCAL CLIMATOLOGICAL DATA (WS FORM: F-6)
STATION: DODGE CITY KS
MONTH: MARCH
YEAR: 2023
LATITUDE: 37 46 N
LONGITUDE: 99 58 W
TEMPERATURE IN F: :PCPN: SNOW: WIND :SUNSHINE: SKY :PK WND
================================================================================
1 2 3 4 5 6A 6B 7 8 9 10 11 12 13 14 15 16 17 18
12Z AVG MX 2MIN
DY MAX MIN AVG DEP HDD CDD WTR SNW DPTH SPD SPD DIR MIN PSBL S-S WX SPD DR
================================================================================
1 59 25 42 2 23 0 0.00 0.0 0 12.2 33 350 M M 0 42 350
2 50 25 38 -2 27 0 0.00 0.0 0 15.2 28 30 M M 3 36 40
3 62 23 43 2 22 0 0.00 0.0 0 9.4 18 310 M M 0 33 280
4 58 34 46 5 19 0 0.00 0.0 0 13.4 29 20 M M 1 35 20
5 76 35 56 14 9 0 0.00 0.0 0 14.1 28 210 M M 0 36 220
6 59 31 45 3 20 0 0.00 0.0 0 15.6 26 20 M M 0 18 31 50
7 37 30 34 -8 31 0 0.00 0.0 0 14.7 22 50 M M 9 18 28 60
8 44 31 38 -5 27 0 0.00 0.0 0 10.6 20 350 M M 10 18 27 350
9 46 28 37 -6 28 0 T 0.0 0 9.2 16 350 M M 7 128 21 350
10 52 17 35 -8 30 0 0.00 0.0 0 14.6 28 150 M M 1 12 35 150
11 60 33 47 3 18 0 0.00 0.0 0 17.0 36 20 M M 3 18 44 20
12 48 30 39 -5 26 0 0.00 0.0 0 11.7 28 20 M M 6 35 20
13 42 25 34 -10 31 0 0.00 0.0 0 8.4 15 50 M M 7 19 150
14 60 22 41 -4 24 0 0.00 0.0 0 18.7 31 190 M M 0 42 190
15 69 40 55 10 10 0 0.00 0.0 0 23.4 32 170 M M 0 43 160
16 61 24 43 -3 22 0 0.01 0.1 0 27.5 47 350 M M 5 18 63 350
17 51 19 35 -11 30 0 0.00 0.0 0 13.5 26 310 M M 1 39 360
18 42 13 28 -18 37 0 0.00 0.0 0 11.1 25 320 M M 0 40 350
19 57 8 33 -14 32 0 0.00 0.0 0 16.2 28 180 M M 0 38 200
20 63 38 51 4 14 0 0.00 0.0 0 21.9 32 170 M M 1 42 190
21 69 40 55 8 10 0 0.00 0.0 0 12.7 24 170 M M 0 33 320
22 78 33 56 8 9 0 0.00 0.0 0 14.5 33 200 M M 1 18 43 200
23 53 33 43 -5 22 0 0.12 0.0 0 13.5 24 20 M M 6 18 30 350
24 49 33 41 -7 24 0 0.02 0.0 0 7.9 21 20 M M 9 1 24 10
25 54 26 40 -9 25 0 T 0.0 0 11.4 35 310 M M 5 128 42 320
26 52 24 38 -11 27 0 0.00 0.0 0 11.0 20 30 M M 2 26 10
27 50 24 37 -12 28 0 0.08 0.0 0 10.4 35 340 M M 5 18 52 340
28 52 21 37 -13 28 0 0.00 0.0 0 10.1 22 160 M M 1 29 350
29 72 35 54 4 11 0 0.00 0.0 0 14.8 24 150 M M 0 32 160
30 73 45 59 9 6 0 0.00 0.0 0 22.7 38 170 M M 1 18 53 180
31 68 37 53 3 12 0 0.00 0.0 0 16.6 36 280 M M 1 8 52 280
================================================================================
SM 1766 882 682 0 0.23 0.1 444.0 M 85
================================================================================
AV 57.0 28.5 14.3 FASTST M M 3 MAX(MPH)
MISC ----> 47 350 63 350
================================================================================
NOTES:
# LAST OF SEVERAL OCCURRENCES
COLUMN 17 PEAK WIND IN M.P.H.
PRELIMINARY LOCAL CLIMATOLOGICAL DATA (WS FORM: F-6) , PAGE 2
STATION: DODGE CITY KS
MONTH: MARCH
YEAR: 2023
LATITUDE: 37 46 N
LONGITUDE: 99 58 W
[TEMPERATURE DATA] [PRECIPITATION DATA] SYMBOLS USED IN COLUMN 16
AVERAGE MONTHLY: 42.8 TOTAL FOR MONTH: 0.23 1 = FOG OR MIST
DPTR FM NORMAL: -2.6 DPTR FM NORMAL: -1.12 2 = FOG REDUCING VISIBILITY
HIGHEST: 78 ON 22 GRTST 24HR 0.14 ON 23-24 TO 1/4 MILE OR LESS
LOWEST: 8 ON 19 3 = THUNDER
SNOW, ICE PELLETS, HAIL 4 = ICE PELLETS
TOTAL MONTH: 0.1 INCH 5 = HAIL
GRTST 24HR 0.1 ON 16-16 6 = FREEZING RAIN OR DRIZZLE
GRTST DEPTH: 0 7 = DUSTSTORM OR SANDSTORM:
VSBY 1/2 MILE OR LESS
8 = SMOKE OR HAZE
[NO. OF DAYS WITH] [WEATHER - DAYS WITH] 9 = BLOWING SNOW
X = TORNADO
MAX 32 OR BELOW: 0 0.01 INCH OR MORE: 4
MAX 90 OR ABOVE: 0 0.10 INCH OR MORE: 1
MIN 32 OR BELOW: 19 0.50 INCH OR MORE: 0
MIN 0 OR BELOW: 0 1.00 INCH OR MORE: 0
[HDD (BASE 65) ]
TOTAL THIS MO. 682 CLEAR (SCALE 0-3) 19
DPTR FM NORMAL 73 PTCLDY (SCALE 4-7) 9
TOTAL FM JUL 1 4371 CLOUDY (SCALE 8-10) 3
DPTR FM NORMAL 21
[CDD (BASE 65) ]
TOTAL THIS MO. 0
DPTR FM NORMAL -2 [PRESSURE DATA]
TOTAL FM JAN 1 0 HIGHEST SLP 30.53 ON 19
DPTR FM NORMAL -2 LOWEST SLP 29.38 ON 16
[REMARKS]
#FINAL-03-23#