000
CXUS53 KDDC 011613
CF6DDC
PRELIMINARY LOCAL CLIMATOLOGICAL DATA (WS FORM: F-6)
STATION: DODGE CITY KS
MONTH: SEPTEMBER
YEAR: 2021
LATITUDE: 37 46 N
LONGITUDE: 99 58 W
TEMPERATURE IN F: :PCPN: SNOW: WIND :SUNSHINE: SKY :PK WND
================================================================================
1 2 3 4 5 6A 6B 7 8 9 10 11 12 13 14 15 16 17 18
12Z AVG MX 2MIN
DY MAX MIN AVG DEP HDD CDD WTR SNW DPTH SPD SPD DIR MIN PSBL S-S WX SPD DR
================================================================================
1 99 67 83 8 0 18 0.00 0.0 0 12.2 23 160 M M 0 8 33 160
2 96 72 84 10 0 19 0.06 0.0 0 12.5 26 200 M M 3 13 37 200
3 88 69 79 5 0 14 0.13 0.0 0 8.8 21 40 M M 4 1238 26 40
4 83 62 73 -1 0 8 0.80 0.0 0 10.8 22 280 M M 4 13 31 290
5 86 57 72 -2 0 7 0.00 0.0 0 7.1 16 200 M M 1 1 21 200
6 94 61 78 5 0 13 0.00 0.0 0 11.7 22 190 M M 0 18 32 180
7 91 58 75 2 0 10 0.00 0.0 0 13.2 29 30 M M 0 8 40 20
8 86 53 70 -3 0 5 0.00 0.0 0 6.5 14 190 M M 0 8 24 130
9 96 60 78 6 0 13 0.00 0.0 0 12.2 22 220 M M 0 31 220
10 100 63 82 10 0 17 0.00 0.0 0 8.8 15 210 M M 0 8 19 230
11 105 65 85 13 0 20 0.00 0.0 0 17.4 33 200 M M 0 8 46 210
12 100 65 83 11 0 18 0.00 0.0 0 16.0 30 210 M M 0 8 39 200
13 97 65 81 10 0 16 0.00 0.0 0 15.7 29 190 M M 0 8 39 210
14 90 63 77 6 0 12 0.00 0.0 0 10.2 21 150 M M 3 3 26 160
15 89 60 75 5 0 10 0.20 0.0 0 12.9 21 150 M M 2 13 29 140
16 92 66 79 9 0 14 0.00 0.0 0 16.9 29 190 M M 0 39 190
17 89 63 76 6 0 11 0.58 0.0 0 13.4 31 310 M M 2 138 40 300
18 88 58 73 4 0 8 0.00 0.0 0 9.2 20 160 M M 1 18 29 180
19 93 64 79 10 0 14 0.00 0.0 0 19.4 31 160 M M 0 43 160
20 83 60 72 4 0 7 0.00 0.0 0 19.0 41 10 M M 0 8 53 10
21 74 46 60 -8 5 0 T 0.0 0 11.1 23 10 M M 3 33 10
22 79 44 62 -6 3 0 0.00 0.0 0 8.7 15 170 M M 0 8 24 170
23 88 54 71 4 0 6 0.00 0.0 0 14.7 24 210 M M 0 35 210
24 83 51 67 0 0 2 0.00 0.0 0 10.3 26 30 M M 0 8 34 20
25 83 47 65 -1 0 0 0.00 0.0 0 10.6 22 170 M M 0 8 30 180
26 95 60 78 12 0 13 0.00 0.0 0 16.2 30 200 M M 0 40 180
27 98 61 80 14 0 15 0.00 0.0 0 9.9 20 190 M M 0 26 190
28 90 59 75 10 0 10 0.00 0.0 0 12.8 29 170 M M 0 8 38 180
29 87 62 75 10 0 10 0.00 0.0 0 13.8 23 110 M M 1 31 160
30 73 54 64 0 1 0 0.26 0.0 0 11.5 35 360 M M 5 13 45 10
================================================================================
SM 2695 1789 9 310 2.03 0.0 373.5 M 29
================================================================================
AV 89.8 59.6 12.5 FASTST M M 1 MAX(MPH)
MISC ----> 41 10 53 10
================================================================================
NOTES:
# LAST OF SEVERAL OCCURRENCES
COLUMN 17 PEAK WIND IN M.P.H.
PRELIMINARY LOCAL CLIMATOLOGICAL DATA (WS FORM: F-6) , PAGE 2
STATION: DODGE CITY KS
MONTH: SEPTEMBER
YEAR: 2021
LATITUDE: 37 46 N
LONGITUDE: 99 58 W
[TEMPERATURE DATA] [PRECIPITATION DATA] SYMBOLS USED IN COLUMN 16
AVERAGE MONTHLY: 74.7 TOTAL FOR MONTH: 2.03 1 = FOG OR MIST
DPTR FM NORMAL: 4.7 DPTR FM NORMAL: 0.72 2 = FOG REDUCING VISIBILITY
HIGHEST: 105 ON 11 GRTST 24HR 0.93 ON 3- 4 TO 1/4 MILE OR LESS
LOWEST: 44 ON 22 3 = THUNDER
SNOW, ICE PELLETS, HAIL 4 = ICE PELLETS
TOTAL MONTH: 0.0 INCH 5 = HAIL
GRTST 24HR 0.0 6 = FREEZING RAIN OR DRIZZLE
GRTST DEPTH: 0 7 = DUSTSTORM OR SANDSTORM:
VSBY 1/2 MILE OR LESS
8 = SMOKE OR HAZE
[NO. OF DAYS WITH] [WEATHER - DAYS WITH] 9 = BLOWING SNOW
X = TORNADO
MAX 32 OR BELOW: 0 0.01 INCH OR MORE: 6
MAX 90 OR ABOVE: 15 0.10 INCH OR MORE: 5
MIN 32 OR BELOW: 0 0.50 INCH OR MORE: 2
MIN 0 OR BELOW: 0 1.00 INCH OR MORE: 0
[HDD (BASE 65) ]
TOTAL THIS MO. 9 CLEAR (SCALE 0-3) 27
DPTR FM NORMAL -40 PTCLDY (SCALE 4-7) 3
TOTAL FM JUL 1 9 CLOUDY (SCALE 8-10) 0
DPTR FM NORMAL -43
[CDD (BASE 65) ]
TOTAL THIS MO. 310
DPTR FM NORMAL 111 [PRESSURE DATA]
TOTAL FM JAN 1 1716 HIGHEST SLP 30.40 ON 22
DPTR FM NORMAL 205 LOWEST SLP 29.54 ON 20
[REMARKS]
#FINAL-09-21#