000
CXUS55 KBOU 011000
CF6DEN
PRELIMINARY LOCAL CLIMATOLOGICAL DATA (WS FORM: F-6)
STATION: DENVER CO
MONTH: FEBRUARY
YEAR: 2021
LATITUDE: 39 52 N
LONGITUDE: 104 40 W
TEMPERATURE IN F: :PCPN: SNOW: WIND :SUNSHINE: SKY :PK WND
================================================================================
1 2 3 4 5 6A 6B 7 8 9 10 11 12 13 14 15 16 17 18
12Z AVG MX 2MIN
DY MAX MIN AVG DEP HDD CDD WTR SNW DPTH SPD SPD DIR MIN PSBL S-S WX SPD DR
================================================================================
1 59 24 42 11 23 0 0.00 0.0 0 6.4 16 220 M M 6 21 220
2 65 27 46 15 19 0 0.00 0.0 0 7.7 17 210 M M 3 22 210
3 67 29 48 17 17 0 T 0.0 0 16.7 40 340 M M 7 50 350
4 42 18 30 -1 35 0 0.00 0.0 0 14.5 29 280 M M 5 39 300
5 40 22 31 0 34 0 0.00 0.0 0 9.1 18 300 M M 7 23 280
6 45 25 35 4 30 0 0.00 0.0 0 9.6 25 300 M M 6 35 300
7 54 8 31 0 34 0 T T T 15.5 43 290 M M 5 1 56 290
8 30 6 18 -13 47 0 T T T 8.4 15 60 M M 6 128 19 90
9 28 6 17 -14 48 0 T T T 5.8 16 100 M M 7 12 20 90
10 34 7 21 -10 44 0 0.01 T T 7.6 17 40 M M 6 128 20 80
11 20 5 13 -19 52 0 T T T 8.5 17 50 M M 9 18 22 20
12 11 -3 4 -28 61 0 T 0.4 T 9.9 20 320 M M 9 18 25 320
13 5 -5 0 -32 65 0 0.13 1.0 T 9.8 20 320 M M 10 18 24 320
14 1 -14 -6 -38 71 0 0.05 0.5 1 7.9 13 60 M M 6 8 15 50
15 19 -16 2 -30 63 0 0.00 0.0 1 5.4 15 50 M M 4 18 16 50
16 38 -1 19 -13 46 0 0.00 0.0 1 7.3 17 50 M M 5 8 20 40
17 30 13 22 -11 43 0 0.06 0.8 1 6.5 16 70 M M 8 128 20 70
18 33 14 24 -9 41 0 T T 1 6.8 16 60 M M 5 1 21 60
19 47 13 30 -3 35 0 0.00 0.0 1 14.4 36 280 M M 3 48 280
20 58 24 41 8 24 0 0.10 1.2 T 15.0 28 10 M M 5 1 36 20
21 42 20 31 -3 34 0 T T 1 10.0 21 270 M M 3 28 360
22 60 22 41 7 24 0 0.00 0.0 0 12.6 26 270 M M 2 37 280
23 63 22 43 9 22 0 0.00 0.0 0 14.2 41 300 M M 4 8 55 280
24 43 18 31 -3 34 0 0.25 5.3 0 12.6 23 130 M M 5 12 29 140
25 29 13 21 -14 44 0 0.20 4.3 10 5.1 16 30 M M 5 18 19 30
26 41 13 27 -8 38 0 0.00 0.0 5 9.2 18 110 M M 3 18 23 120
27 37 18 28 -7 37 0 0.00 0.0 2 10.7 29 310 M M 6 36 300
28 35 16 26 -10 39 0 0.00 0.0 1 6.4 14 200 M M 3 16 190
================================================================================
SM 1076 344 1104 0 0.80 13.5 273.6 M 153
================================================================================
AV 38.4 12.3 9.8 FASTST M M 5 MAX(MPH)
MISC ----> 43 290 56 290
================================================================================
NOTES:
# LAST OF SEVERAL OCCURRENCES
COLUMN 17 PEAK WIND IN M.P.H.
PRELIMINARY LOCAL CLIMATOLOGICAL DATA (WS FORM: F-6) , PAGE 2
STATION: DENVER CO
MONTH: FEBRUARY
YEAR: 2021
LATITUDE: 39 52 N
LONGITUDE: 104 40 W
[TEMPERATURE DATA] [PRECIPITATION DATA] SYMBOLS USED IN COLUMN 16
AVERAGE MONTHLY: 25.4 TOTAL FOR MONTH: 0.80 1 = FOG OR MIST
DPTR FM NORMAL: -7.1 DPTR FM NORMAL: 0.43 2 = FOG REDUCING VISIBILITY
HIGHEST: 67 ON 3 GRTST 24HR 0.45 ON 24-25 TO 1/4 MILE OR LESS
LOWEST: -16 ON 15 3 = THUNDER
SNOW, ICE PELLETS, HAIL 4 = ICE PELLETS
TOTAL MONTH: 13.5 INCHES 5 = HAIL
GRTST 24HR 5.3 ON 24-24 6 = FREEZING RAIN OR DRIZZLE
GRTST DEPTH: 10 ON 25 7 = DUSTSTORM OR SANDSTORM:
VSBY 1/2 MILE OR LESS
8 = SMOKE OR HAZE
[NO. OF DAYS WITH] [WEATHER - DAYS WITH] 9 = BLOWING SNOW
X = TORNADO
MAX 32 OR BELOW: 9 0.01 INCH OR MORE: 7
MAX 90 OR ABOVE: 0 0.10 INCH OR MORE: 4
MIN 32 OR BELOW: 28 0.50 INCH OR MORE: 0
MIN 0 OR BELOW: 5 1.00 INCH OR MORE: 0
[HDD (BASE 65) ]
TOTAL THIS MO. 1104 CLEAR (SCALE 0-3) 4
DPTR FM NORMAL 196 PTCLDY (SCALE 4-7) 20
TOTAL FM JUL 1 4278 CLOUDY (SCALE 8-10) 4
DPTR FM NORMAL -162
[CDD (BASE 65) ]
TOTAL THIS MO. 0
DPTR FM NORMAL 0 [PRESSURE DATA]
TOTAL FM JAN 1 0 HIGHEST SLP 30.46 ON 14
DPTR FM NORMAL 0 LOWEST SLP 29.48 ON 3
[REMARKS]
#FINAL-02-21#