000
CXUS56 KOTX 010910
CF6DEW
PRELIMINARY LOCAL CLIMATOLOGICAL DATA (WS FORM: F-6)
STATION: DEER_PARK WA AIRPORT
MONTH: MARCH
YEAR: 2023
LATITUDE: 47 58 N
LONGITUDE: 117 25 W
TEMPERATURE IN F: :PCPN: SNOW: WIND :SUNSHINE: SKY :PK WND
================================================================================
1 2 3 4 5 6A 6B 7 8 9 10 11 12 13 14 15 16 17 18
12Z AVG MX 2MIN
DY MAX MIN AVG DEP HDD CDD WTR SNW DPTH SPD SPD DIR MIN PSBL S-S WX SPD DR
================================================================================
1 33 1 17 -16 48 0 0.00 M M 4.2 9 220 M M 4 128 M M
2 40 20 30 -4 35 0 0.04 M M 9.5 25 240 M M 6 1 32 330
3 38 19 29 -5 36 0 0.00 M M 9.5 25 230 M M 4 30 240
4 43 21 32 -2 33 0 0.01 M M 8.4 16 60 M M 7 1 21 60
5 35 27 31 -3 34 0 T M M 11.6 21 40 M M 8 8 30 40
6 35 25 30 -5 35 0 T M M 5.5 13 30 M M 8 17 30
7 45 23 34 -1 31 0 T M M 6.3 14 30 M M 4 1 26 30
8 44 27 36 1 29 0 0.00 M M 10.2 17 40 M M 5 21 50
9 40 29 35 -1 30 0 0.19 M M 10.5 18 50 M M 6 12 23 50
10 34 27 31 -5 34 0 0.22 M M 11.0 23 50 M M 9 12 30 60
11 42 29 36 0 29 0 T M M 4.1 12 30 M M 9 12 19 360
12 48 30 39 2 26 0 0.08 M M 7.3 17 170 M M 7 1 21 170
13 45 35 40 3 25 0 0.37 M M 6.1 20 210 M M 10 1 25 200
14 43 27 35 -2 30 0 0.00 M M 6.5 16 210 M M 0 21 210
15 46 21 34 -4 31 0 0.00 M M 3.8 16 200 M M 3 27 320
16 50 20 35 -3 30 0 0.00 M M 4.1 12 20 M M 0 49 90
17 M 33 M M M M 0.00 M M 5.4 12 30 M M 0 17 40
18 53 M M M M M 0.00 M M 2.3 8 50 M M 0 13 30
19 59 26 43 4 22 0 0.00 M M 7.1 15 10 M M 0 19 60
20 55 34 45 6 20 0 0.00 M M 7.6 15 50 M M 10 19 20
21 57 24 41 2 24 0 0.00 M M 4.1 14 50 M M 0 28 90
22 60 27 44 5 21 0 0.00 M M 7.7 16 40 M M 0 22 70
23 47 23 35 -5 30 0 T M M 5.3 20 210 M M 7 27 210
24 46 25 36 -4 29 0 0.01 M M 9.1 22 200 M M 6 1 27 210
25 42 28 35 -5 30 0 0.00 M M 4.0 10 180 M M 6 15 310
26 45 24 35 -5 30 0 T M M 3.1 10 190 M M 6 8 12 270
27 49 23 36 -4 29 0 0.00 M M 2.7 9 30 M M 6 8 11 30
28 52 32 42 1 23 0 0.00 M M 11.6 21 50 M M 1 25 60
29 57 34 46 5 19 0 0.00 M M 8.9 18 50 M M 4 28 170
30 55 35 45 4 20 0 0.00 M M 5.5 16 200 M M 9 20 210
31 47 34 41 0 24 0 0.15 M M 10.2 23 210 M M 8 1 43 330
================================================================================
SM 1385 783 837 0 1.07 M 213.2 M 153
================================================================================
AV 46.2 26.1 6.9 FASTST M M 5 MAX(MPH)
MISC ----> # 25 240 49 90
================================================================================
NOTES:
# LAST OF SEVERAL OCCURRENCES
COLUMN 17 PEAK WIND IN M.P.H.
PRELIMINARY LOCAL CLIMATOLOGICAL DATA (WS FORM: F-6) , PAGE 2
STATION: DEER_PARK WA AIRPORT
MONTH: MARCH
YEAR: 2023
LATITUDE: 47 58 N
LONGITUDE: 117 25 W
[TEMPERATURE DATA] [PRECIPITATION DATA] SYMBOLS USED IN COLUMN 16
AVERAGE MONTHLY: 36.1 TOTAL FOR MONTH: 1.07 1 = FOG OR MIST
DPTR FM NORMAL: -1.5 DPTR FM NORMAL: -1.20 2 = FOG REDUCING VISIBILITY
HIGHEST: 60 ON 22 GRTST 24HR 0.40 ON 12-13 TO 1/4 MILE OR LESS
LOWEST: 1 ON 1 3 = THUNDER
SNOW, ICE PELLETS, HAIL 4 = ICE PELLETS
TOTAL MONTH: M 5 = HAIL
GRTST 24HR M ON M 6 = FREEZING RAIN OR DRIZZLE
GRTST DEPTH: M ON M 7 = DUSTSTORM OR SANDSTORM:
VSBY 1/2 MILE OR LESS
8 = SMOKE OR HAZE
[NO. OF DAYS WITH] [WEATHER - DAYS WITH] 9 = BLOWING SNOW
X = TORNADO
MAX 32 OR BELOW: 0 0.01 INCH OR MORE: 8
MAX 90 OR ABOVE: 0 0.10 INCH OR MORE: 4
MIN 32 OR BELOW: 24 0.50 INCH OR MORE: 0
MIN 0 OR BELOW: 0 1.00 INCH OR MORE: 0
[HDD (BASE 65) ]
TOTAL THIS MO. 837 CLEAR (SCALE 0-3) 8
DPTR FM NORMAL -14 PTCLDY (SCALE 4-7) 16
TOTAL FM JUL 1 6002 CLOUDY (SCALE 8-10) 7
DPTR FM NORMAL -96
[CDD (BASE 65) ]
TOTAL THIS MO. 0
DPTR FM NORMAL 0 [PRESSURE DATA]
TOTAL FM JAN 1 0 HIGHEST SLP M ON M
DPTR FM NORMAL 0 LOWEST SLP 29.34 ON 10
[REMARKS]
#FINAL-03-23#