000
CXUS53 KIWX 010800
CF6DFI
PRELIMINARY LOCAL CLIMATOLOGICAL DATA (WS FORM: F-6)
STATION: DEFIANCE MEMORIAL
MONTH: JULY
YEAR: 2020
LATITUDE: 41 20 N
LONGITUDE: 84 26 W
TEMPERATURE IN F: :PCPN: SNOW: WIND :SUNSHINE: SKY :PK WND
================================================================================
1 2 3 4 5 6A 6B 7 8 9 10 11 12 13 14 15 16 17 18
12Z AVG MX 2MIN
DY MAX MIN AVG DEP HDD CDD WTR SNW DPTH SPD SPD DIR MIN PSBL S-S WX SPD DR
================================================================================
1 89 62 76 4 0 11 0.00 0.0 0 6.4 16 70 M M 0 26 80
2 93 64 79 7 0 14 0.00 0.0 0 3.1 13 50 M M 1 19 60
3 96 66 81 9 0 16 0.00 0.0 0 4.1 15 360 M M 1 20 330
4 93 71 82 10 0 17 0.00 0.0 0 4.4 12 40 M M 1 18 80
5 94 67 81 8 0 16 0.00 0.0 0 2.6 9 30 M M 1 13 40
6 96 69 83 10 0 18 0.00 0.0 0 3.3 13 230 M M 1 18 240
7 95 68 82 9 0 17 T 0.0 0 2.6 18 170 M M 1 38 27 150
8 95 71 83 10 0 18 0.87 0.0 0 2.7 29 310 M M 2 138 39 300
9 94 70 82 9 0 17 0.07 0.0 0 2.3 15 230 M M 0 138 24 240
10 86 72 79 6 0 14 0.24 0.0 0 8.2 21 310 M M 5 138 31 230
11 88 67 78 5 0 13 0.00 0.0 0 9.2 21 310 M M 1 31 330
12 83 64 74 1 0 9 T 0.0 0 3.7 15 210 M M 2 19 210
13 83 63 73 0 0 8 0.00 0.0 0 5.3 13 340 M M 1 19 350
14 86 60 73 0 0 8 0.00 M M 2.0 9 210 M M 1 13 210
15 91 63 77 4 0 12 T M M 4.7 16 200 M M 1 24 190
16 84 71 78 5 0 13 0.10 M M 5.8 14 290 M M 9 1 21 210
17 90 63 77 4 0 12 0.00 0.0 0 3.0 10 240 M M 1 12 18 240
18 94 65 80 7 0 15 0.00 0.0 0 6.9 17 210 M M 1 24 210
19 90 73 82 9 0 17 0.75 0.0 0 8.3 18 230 M M 3 138 32 240
20 88 69 79 6 0 14 0.00 0.0 0 4.3 13 300 M M 2 20 220
21 89 67 78 5 0 13 0.03 0.0 0 1.8 16 200 M M 3 24 190
22 83 70 77 4 0 12 0.05 0.0 0 6.0 14 220 M M 6 1 22 230
23 90 69 80 7 0 15 0.00 0.0 0 4.3 14 30 M M 7 128 18 10
24 88 69 79 6 0 14 0.00 0.0 0 4.7 10 70 M M 5 15 60
25 89 63 76 3 0 11 0.00 0.0 0 1.7 9 230 M M 1 13 170
26 93 65 79 6 0 14 0.00 0.0 0 5.4 16 200 M M 1 18 23 230
27 90 72 81 9 0 16 0.61 0.0 0 7.7 20 290 M M 4 13 30 290
28 88 61 75 3 0 10 0.00 0.0 0 4.4 13 290 M M 2 21 290
29 91 66 79 7 0 14 0.00 0.0 0 6.3 17 220 M M 2 27 300
30 82 68 75 3 0 10 0.00 0.0 0 4.5 12 60 M M 5 16 50
31 84 62 73 1 0 8 0.00 0.0 0 5.8 14 70 M M 1 21 40
================================================================================
SM 2775 2070 0 416 2.72 0.0 145.5 M 72
================================================================================
AV 89.5 66.8 4.7 FASTST M M 2 MAX(MPH)
MISC ----> # 29 310 # 39 300
================================================================================
NOTES:
# LAST OF SEVERAL OCCURRENCES
COLUMN 17 PEAK WIND IN M.P.H.
PRELIMINARY LOCAL CLIMATOLOGICAL DATA (WS FORM: F-6) , PAGE 2
STATION: DEFIANCE MEMORIAL
MONTH: JULY
YEAR: 2020
LATITUDE: 41 20 N
LONGITUDE: 84 26 W
[TEMPERATURE DATA] [PRECIPITATION DATA] SYMBOLS USED IN COLUMN 16
AVERAGE MONTHLY: 78.2 TOTAL FOR MONTH: 2.72 1 = FOG OR MIST
DPTR FM NORMAL: 5.4 DPTR FM NORMAL: -1.00 2 = FOG REDUCING VISIBILITY
HIGHEST: 96 ON 6, 3 GRTST 24HR 0.87 ON 8- 8 TO 1/4 MILE OR LESS
LOWEST: 60 ON 14 3 = THUNDER
SNOW, ICE PELLETS, HAIL 4 = ICE PELLETS
TOTAL MONTH: 0.0 INCH 5 = HAIL
GRTST 24HR 0.0 6 = FREEZING RAIN OR DRIZZLE
GRTST DEPTH: 0 7 = DUSTSTORM OR SANDSTORM:
VSBY 1/2 MILE OR LESS
8 = SMOKE OR HAZE
[NO. OF DAYS WITH] [WEATHER - DAYS WITH] 9 = BLOWING SNOW
X = TORNADO
MAX 32 OR BELOW: 0 0.01 INCH OR MORE: 8
MAX 90 OR ABOVE: 16 0.10 INCH OR MORE: 5
MIN 32 OR BELOW: 0 0.50 INCH OR MORE: 3
MIN 0 OR BELOW: 0 1.00 INCH OR MORE: 0
[HDD (BASE 65) ]
TOTAL THIS MO. 0 CLEAR (SCALE 0-3) 23
DPTR FM NORMAL -2 PTCLDY (SCALE 4-7) 7
TOTAL FM JUL 1 0 CLOUDY (SCALE 8-10) 1
DPTR FM NORMAL -2
[CDD (BASE 65) ]
TOTAL THIS MO. 416
DPTR FM NORMAL 175 [PRESSURE DATA]
TOTAL FM JAN 1 720 HIGHEST SLP 30.18 ON 17
DPTR FM NORMAL 287 LOWEST SLP 29.70 ON 10
[REMARKS]
#FINAL-07-20#