000
CXUS54 KFWD 161603
CF6DFW
PRELIMINARY LOCAL CLIMATOLOGICAL DATA (WS FORM: F-6)
STATION: DALLAS/FORT WORTH
MONTH: JANUARY
YEAR: 2024
LATITUDE: 32 54 N
LONGITUDE: 97 2 W
TEMPERATURE IN F: :PCPN: SNOW: WIND :SUNSHINE: SKY :PK WND
================================================================================
1 2 3 4 5 6A 6B 7 8 9 10 11 12 13 14 15 16 17 18
12Z AVG MX 2MIN
DY MAX MIN AVG DEP HDD CDD WTR SNW DPTH SPD SPD DIR MIN PSBL S-S WX SPD DR
================================================================================
1 47 33 40 -6 25 0 0.00 0.0 0 10.2 21 20 M M 2 27 10
2 49 33 41 -5 24 0 0.39 0.0 0 3.7 15 80 M M 8 1 17 110
3 56 41 49 3 16 0 T 0.0 0 4.0 13 10 M M 6 1 15 360
4 58 36 47 1 18 0 0.01 0.0 0 8.9 24 130 M M 4 1 31 130
5 53 45 49 3 16 0 0.44 0.0 0 8.4 23 110 M M 9 1 31 110
6 50 40 45 -1 20 0 0.00 0.0 0 10.0 20 330 M M 6 22 320
7 60 32 46 0 19 0 0.00 0.0 0 11.7 24 140 M M 2 31 180
8 57 39 48 2 17 0 0.47 0.0 0 18.0 39 280 M M 9 13 54 270
9 50 34 42 -4 23 0 0.00 0.0 0 18.4 36 290 M M 3 49 300
10 67 32 50 4 15 0 0.00 0.0 0 13.5 31 210 M M 2 41 230
11 71 38 55 9 10 0 0.00 0.0 0 10.6 24 180 M M 1 32 300
12 63 29 46 0 19 0 0.02 0.0 0 15.3 38 320 M M 5 38 50 320
13 63 22 43 -3 22 0 0.00 0.0 0 15.0 31 360 M M 3 37 350
14 22 13 18 -28 47 0 0.03 0.4 0 15.5 21 360 M M 8 1 28 360
15 26 11 19 -27 46 0 0.07 1.1 1 15.5 26 360 M M 7 1 34 360
16 28 12 20 -26 45 0 0.00 0.0 0 11.7 24 350 M M 3 31 350
17 44 16 30 -16 35 0 0.00 0.0 0 13.8 25 170 M M 2 36 170
18 60 38 49 3 16 0 0.00 0.0 0 13.6 28 200 M M 3 35 200
19 44 24 34 -12 31 0 0.00 0.0 0 16.0 30 360 M M 1 41 350
20 38 19 29 -17 36 0 0.00 0.0 0 7.2 16 20 M M 4 21 30
21 41 32 37 -9 28 0 0.24 0.0 0 12.7 18 140 M M 10 18 25 120
22 40 32 36 -11 29 0 0.49 0.0 0 6.4 12 360 M M 10 12 13 30
23 50 39 45 -2 20 0 0.34 0.0 0 6.4 13 330 M M 10 12 19 320
24 52 45 49 2 16 0 0.03 0.0 0 6.6 13 320 M M 10 1 16 340
25 56 46 51 4 14 0 T 0.0 0 5.9 12 40 M M 9 1 14 260
26 52 49 51 4 14 0 0.35 0.0 0 8.9 17 70 M M 10 1 23 60
27 52 37 45 -2 20 0 0.32 0.0 0 14.4 23 320 M M 7 1 32 330
28 64 33 49 2 16 0 0.00 0.0 0 5.8 13 310 M M 0 16 350
29 74 40 57 10 8 0 0.00 0.0 0 7.5 15 280 M M 3 24 250
30 77 44 61 13 4 0 0.00 0.0 0 5.0 12 270 M M 3 17 340
31 76 43 60 12 5 0 0.00 0.0 0 4.9 10 150 M M 5 15 90
================================================================================
SM 1640 1027 674 0 3.20 1.5 325.5 M 165
================================================================================
AV 52.9 33.1 10.5 FASTST M M 5 MAX(MPH)
MISC ----> 39 280 54 270
================================================================================
NOTES:
# LAST OF SEVERAL OCCURRENCES
COLUMN 17 PEAK WIND IN M.P.H.
PRELIMINARY LOCAL CLIMATOLOGICAL DATA (WS FORM: F-6) , PAGE 2
STATION: DALLAS/FORT WORTH
MONTH: JANUARY
YEAR: 2024
LATITUDE: 32 54 N
LONGITUDE: 97 2 W
[TEMPERATURE DATA] [PRECIPITATION DATA] SYMBOLS USED IN COLUMN 16
AVERAGE MONTHLY: 43.0 TOTAL FOR MONTH: 3.20 1 = FOG OR MIST
DPTR FM NORMAL: -3.3 DPTR FM NORMAL: 0.67 2 = FOG REDUCING VISIBILITY
HIGHEST: 77 ON 30 GRTST 24HR 2.15 ON 21-22 TO 1/4 MILE OR LESS
LOWEST: 11 ON 15 3 = THUNDER
SNOW, ICE PELLETS, HAIL 4 = ICE PELLETS
TOTAL MONTH: 1.5 INCHES 5 = HAIL
GRTST 24HR 1.1 ON 15-15 6 = FREEZING RAIN OR DRIZZLE
GRTST DEPTH: 1 ON 15 7 = DUSTSTORM OR SANDSTORM:
VSBY 1/2 MILE OR LESS
8 = SMOKE OR HAZE
[NO. OF DAYS WITH] [WEATHER - DAYS WITH] 9 = BLOWING SNOW
X = TORNADO
MAX 32 OR BELOW: 3 0.01 INCH OR MORE: 13
MAX 90 OR ABOVE: 0 0.10 INCH OR MORE: 8
MIN 32 OR BELOW: 12 0.50 INCH OR MORE: 0
MIN 0 OR BELOW: 0 1.00 INCH OR MORE: 0
[HDD (BASE 65) ]
TOTAL THIS MO. 674 CLEAR (SCALE 0-3) 13
DPTR FM NORMAL 92 PTCLDY (SCALE 4-7) 9
TOTAL FM JUL 1 1377 CLOUDY (SCALE 8-10) 9
DPTR FM NORMAL -86
[CDD (BASE 65) ]
TOTAL THIS MO. 0
DPTR FM NORMAL -2 [PRESSURE DATA]
TOTAL FM JAN 1 0 HIGHEST SLP 30.64 ON 20
DPTR FM NORMAL -2 LOWEST SLP 29.42 ON 12
[REMARKS]
#FINAL-01-24#