000
CXUS54 KAMA 010810
CF6DHT
PRELIMINARY LOCAL CLIMATOLOGICAL DATA (WS FORM: F-6)
STATION: DALHART
MONTH: DECEMBER
YEAR: 2021
LATITUDE: 36 1 N
LONGITUDE: 102 33 W
TEMPERATURE IN F: :PCPN: SNOW: WIND :SUNSHINE: SKY :PK WND
================================================================================
1 2 3 4 5 6A 6B 7 8 9 10 11 12 13 14 15 16 17 18
12Z AVG MX 2MIN
DY MAX MIN AVG DEP HDD CDD WTR SNW DPTH SPD SPD DIR MIN PSBL S-S WX SPD DR
================================================================================
1 70 29 50 11 15 0 0.00 0.0 0 7.6 14 40 M M 0 8 19 350
2 75 29 52 13 13 0 0.00 0.0 0 7.6 14 190 M M 0 8 19 200
3 64 28 46 8 19 0 0.00 0.0 0 14.0 31 10 M M 0 38 10
4 59 29 44 6 21 0 0.00 0.0 0 7.6 15 10 M M 0 19 270
5 75 23 49 11 16 0 0.00 0.0 0 12.4 45 30 M M 1 8 62 20
6 39 20 30 -8 35 0 0.00 0.0 0 12.9 31 10 M M 0 38 360
7 56 29 43 6 22 0 0.00 0.0 0 8.4 21 180 M M 0 8 27 180
8 58 25 42 5 23 0 0.00 0.0 0 12.2 30 230 M M 0 8 44 230
9 67 31 49 12 16 0 0.00 0.0 0 12.4 28 230 M M 0 35 230
10 64 23 44 7 21 0 T 0.0 0 21.0 44 230 M M 2 8 60 250
11 48 11 30 -6 35 0 0.00 0.0 0 10.5 23 200 M M 0 28 200
12 69 22 46 10 19 0 0.00 0.0 0 14.2 31 210 M M 0 38 210
13 66 17 42 6 23 0 0.00 0.0 0 5.8 16 190 M M 0 8 21 190
14 73 29 51 15 14 0 0.00 0.0 0 15.7 33 220 M M 0 42 220
15 67 32 50 14 15 0 0.00 0.0 0 16.5 55 220 M M 0 8 74 220
16 48 18 33 -3 32 0 0.00 0.0 0 9.5 20 180 M M 0 26 170
17 53 24 39 4 26 0 0.00 0.0 0 11.4 21 40 M M 0 27 40
18 40 11 26 -9 39 0 0.00 0.0 0 11.4 20 10 M M 1 28 20
19 50 6 28 -7 37 0 0.00 0.0 0 11.8 23 210 M M 0 29 190
20 63 12 38 3 27 0 0.00 0.0 0 8.7 18 360 M M 0 24 10
21 67 20 44 9 21 0 0.00 0.0 0 8.6 23 30 M M 0 8 32 350
22 69 23 46 11 19 0 0.00 0.0 0 7.8 13 200 M M 0 8 18 270
23 71 30 51 16 14 0 0.00 0.0 0 11.4 23 220 M M 0 32 230
24 71 43 57 22 8 0 0.00 0.0 0 23.8 47 230 M M 1 8 61 230
25 64 35 50 15 15 0 0.00 0.0 0 13.1 23 260 M M 0 30 270
26 72 34 53 18 12 0 0.00 0.0 0 21.4 43 240 M M 0 8 58 210
27 53 26 40 5 25 0 0.00 0.0 0 10.9 25 210 M M 1 36 210
28 58 30 44 9 21 0 0.00 0.0 0 15.0 26 270 M M 1 35 270
29 57 21 39 4 26 0 0.00 0.0 0 15.4 32 260 M M 0 43 250
30 57 20 39 4 26 0 0.00 0.0 0 13.3 25 220 M M 0 34 240
31 58 37 48 13 17 0 0.00 0.0 0 19.3 35 240 M M 0 47 240
================================================================================
SM 1901 767 672 0 T 0.0 391.6 M 7
================================================================================
AV 61.3 24.7 12.6 FASTST M M 0 MAX(MPH)
MISC ----> 55 220 74 220
================================================================================
NOTES:
# LAST OF SEVERAL OCCURRENCES
COLUMN 17 PEAK WIND IN M.P.H.
PRELIMINARY LOCAL CLIMATOLOGICAL DATA (WS FORM: F-6) , PAGE 2
STATION: DALHART
MONTH: DECEMBER
YEAR: 2021
LATITUDE: 36 1 N
LONGITUDE: 102 33 W
[TEMPERATURE DATA] [PRECIPITATION DATA] SYMBOLS USED IN COLUMN 16
AVERAGE MONTHLY: 43.0 TOTAL FOR MONTH: T 1 = FOG OR MIST
DPTR FM NORMAL: 6.9 DPTR FM NORMAL: -0.54 2 = FOG REDUCING VISIBILITY
HIGHEST: 75 ON 5, 2 GRTST 24HR T ON 10-10 TO 1/4 MILE OR LESS
LOWEST: 6 ON 19 3 = THUNDER
SNOW, ICE PELLETS, HAIL 4 = ICE PELLETS
TOTAL MONTH: 0.0 INCH 5 = HAIL
GRTST 24HR 0.0 6 = FREEZING RAIN OR DRIZZLE
GRTST DEPTH: 0 7 = DUSTSTORM OR SANDSTORM:
VSBY 1/2 MILE OR LESS
8 = SMOKE OR HAZE
[NO. OF DAYS WITH] [WEATHER - DAYS WITH] 9 = BLOWING SNOW
X = TORNADO
MAX 32 OR BELOW: 0 0.01 INCH OR MORE: 0
MAX 90 OR ABOVE: 0 0.10 INCH OR MORE: 0
MIN 32 OR BELOW: 27 0.50 INCH OR MORE: 0
MIN 0 OR BELOW: 0 1.00 INCH OR MORE: 0
[HDD (BASE 65) ]
TOTAL THIS MO. 672 CLEAR (SCALE 0-3) 31
DPTR FM NORMAL -225 PTCLDY (SCALE 4-7) 0
TOTAL FM JUL 1 1401 CLOUDY (SCALE 8-10) 0
DPTR FM NORMAL -396
[CDD (BASE 65) ]
TOTAL THIS MO. 0
DPTR FM NORMAL 0 [PRESSURE DATA]
TOTAL FM JAN 1 1389 HIGHEST SLP M ON M
DPTR FM NORMAL -15 LOWEST SLP 29.36 ON 10
[REMARKS]
#FINAL-12-21#