000
CXUS53 KBIS 010830
CF6DIK
PRELIMINARY LOCAL CLIMATOLOGICAL DATA (WS FORM: F-6)
STATION: DICKINSON ND
MONTH: NOVEMBER
YEAR: 2020
LATITUDE: 46 47 N
LONGITUDE: 102 48 W
TEMPERATURE IN F: :PCPN: SNOW: WIND :SUNSHINE: SKY :PK WND
================================================================================
1 2 3 4 5 6A 6B 7 8 9 10 11 12 13 14 15 16 17 18
12Z AVG MX 2MIN
DY MAX MIN AVG DEP HDD CDD WTR SNW DPTH SPD SPD DIR MIN PSBL S-S WX SPD DR
================================================================================
1 57 24 41 4 24 0 0.00 M M 10.5 24 200 M M 3 29 220
2 73 34 54 18 11 0 0.00 M M 10.7 18 230 M M 0 24 230
3 75 45 60 24 5 0 0.00 M M 12.3 24 290 M M 0 30 290
4 73 42 58 23 7 0 0.00 M M 11.1 28 280 M M 0 35 280
5 78 39 59 24 6 0 0.00 M M 13.4 25 230 M M 0 33 250
6 57 33 45 11 20 0 0.00 M M 9.5 16 50 M M 1 1 21 30
7 43 29 36 2 29 0 0.00 M M 10.9 17 120 M M 7 12 22 110
8 39 18 29 -4 36 0 0.03 M M 19.7 37 260 M M 8 12 48 260
9 24 13 19 -14 46 0 T M M 17.5 31 270 M M 3 41 280
10 38 12 25 -7 40 0 0.00 M M 9.4 18 290 M M 2 23 270
11 35 11 23 -9 42 0 T M M 22.7 40 290 M M 7 51 280
12 32 8 20 -11 45 0 0.00 M M 10.6 18 280 M M 1 23 270
13 51 16 34 3 31 0 0.00 M M 13.3 21 250 M M 0 26 230
14 45 29 37 7 28 0 T M M 22.2 37 290 M M 4 48 280
15 41 24 33 3 32 0 T M M 15.7 33 290 M M 4 43 300
16 45 18 32 3 33 0 0.00 M M 14.4 23 290 M M 0 33 290
17 51 24 38 9 27 0 0.00 M M 13.2 23 160 M M 3 29 160
18 65 31 48 20 17 0 T M M 7.0 22 280 M M 3 27 290
19 47 26 37 9 28 0 0.06 M M 9.0 24 300 M M 2 1 32 280
20 36 13 25 -2 40 0 0.00 M M 10.0 23 310 M M 1 28 300
21 46 24 35 8 30 0 0.00 M M 12.5 23 280 M M 1 32 290
22 45 20 33 7 32 0 0.00 M M 11.0 20 280 M M 0 24 280
23 39 17 28 2 37 0 0.00 M M 11.1 20 150 M M 0 25 150
24 37 15 26 1 39 0 0.00 M M 12.2 25 300 M M 3 1 31 310
25 52 25 39 14 26 0 T M M 13.9 23 260 M M 2 31 310
26 42 22 32 8 33 0 0.00 M M 14.6 21 260 0 0 0 33 250
27 50 17 34 10 31 0 0.00 M M 13.8 28 260 M M 0 33 260
28 58 24 41 18 24 0 0.00 M M 19.0 37 300 M M 0 45 310
29 37 14 26 3 39 0 0.00 M M 12.9 28 320 M M 1 40 310
30 52 20 36 14 29 0 0.00 M M 9.8 17 250 M M 0 21 230
================================================================================
SM 1463 687 867 0 0.09 M 393.9 0 56
================================================================================
AV 48.8 22.9 13.1 FASTST 0 0 2 MAX(MPH)
MISC ----> # 40 290 # 51 280
================================================================================
NOTES:
# LAST OF SEVERAL OCCURRENCES
COLUMN 17 PEAK WIND IN M.P.H.
PRELIMINARY LOCAL CLIMATOLOGICAL DATA (WS FORM: F-6) , PAGE 2
STATION: DICKINSON ND
MONTH: NOVEMBER
YEAR: 2020
LATITUDE: 46 47 N
LONGITUDE: 102 48 W
[TEMPERATURE DATA] [PRECIPITATION DATA] SYMBOLS USED IN COLUMN 16
AVERAGE MONTHLY: 35.8 TOTAL FOR MONTH: 0.09 1 = FOG OR MIST
DPTR FM NORMAL: 6.3 DPTR FM NORMAL: -0.45 2 = FOG REDUCING VISIBILITY
HIGHEST: 78 ON 5 GRTST 24HR 0.06 ON 19-19 TO 1/4 MILE OR LESS
LOWEST: 8 ON 12 3 = THUNDER
SNOW, ICE PELLETS, HAIL 4 = ICE PELLETS
TOTAL MONTH: M 5 = HAIL
GRTST 24HR M ON M 6 = FREEZING RAIN OR DRIZZLE
GRTST DEPTH: M ON M 7 = DUSTSTORM OR SANDSTORM:
VSBY 1/2 MILE OR LESS
8 = SMOKE OR HAZE
[NO. OF DAYS WITH] [WEATHER - DAYS WITH] 9 = BLOWING SNOW
X = TORNADO
MAX 32 OR BELOW: 2 0.01 INCH OR MORE: 2
MAX 90 OR ABOVE: 0 0.10 INCH OR MORE: 0
MIN 32 OR BELOW: 25 0.50 INCH OR MORE: 0
MIN 0 OR BELOW: 0 1.00 INCH OR MORE: 0
[HDD (BASE 65) ]
TOTAL THIS MO. 867 CLEAR (SCALE 0-3) 24
DPTR FM NORMAL -199 PTCLDY (SCALE 4-7) 6
TOTAL FM JUL 1 1935 CLOUDY (SCALE 8-10) 0
DPTR FM NORMAL -142
[CDD (BASE 65) ]
TOTAL THIS MO. 0
DPTR FM NORMAL 0 [PRESSURE DATA]
TOTAL FM JAN 1 488 HIGHEST SLP 30.55 ON 20
DPTR FM NORMAL 69 LOWEST SLP 29.27 ON 8
[REMARKS]
#FINAL-11-20#