000
CXUS54 KEPZ 011030
CF6DMN
PRELIMINARY LOCAL CLIMATOLOGICAL DATA (WS FORM: F-6)
STATION: DEMING
MONTH: MARCH
YEAR: 2022
LATITUDE: 32 15 N
LONGITUDE: 107 42 W
TEMPERATURE IN F: :PCPN: SNOW: WIND :SUNSHINE: SKY :PK WND
================================================================================
1 2 3 4 5 6A 6B 7 8 9 10 11 12 13 14 15 16 17 18
12Z AVG MX 2MIN
DY MAX MIN AVG DEP HDD CDD WTR SNW DPTH SPD SPD DIR MIN PSBL S-S WX SPD DR
================================================================================
1 73 38 56 7 9 0 0.00 M M 6.1 22 60 M M 0 26 50
2 77 31 54 4 11 0 0.00 M M 5.4 14 60 M M 0 19 70
3 73 37 55 5 10 0 0.02 M M 8.3 24 240 M M 4 8 33 240
4 74 44 59 9 6 0 0.02 M M 15.0 37 250 M M 4 8 54 230
5 69 36 53 3 12 0 0.00 M M 11.5 25 260 M M 0 8 37 220
6 56 35 46 -5 19 0 0.00 M M 16.0 36 270 M M 1 8 48 270
7 60 20 40 -11 25 0 0.00 M M 6.1 16 300 M M 0 25 190
8 57 21 39 -12 26 0 0.00 M M 6.1 14 230 M M 0 8 19 220
9 63 23 43 -8 22 0 0.00 M M 11.6 29 270 M M 0 8 39 250
10 67 31 49 -3 16 0 0.00 M M 11.5 25 280 M M 0 8 37 260
11 55 35 45 -7 20 0 0.04 M M 9.0 26 320 M M 3 1 35 310
12 61 26 44 -8 21 0 0.00 M M 4.7 13 90 M M 0 19 90
13 72 22 47 -5 18 0 0.00 M M 10.3 29 280 M M 0 8 38 290
14 70 29 50 -3 15 0 0.00 M M 6.5 18 300 M M 0 30 310
15 74 32 53 0 12 0 0.00 M M 5.4 14 180 M M 0 20 210
16 80 31 56 3 9 0 0.00 M M 10.7 24 280 M M 0 35 280
17 70 36 53 -1 12 0 0.00 M M 12.9 29 300 M M 0 8 39 300
18 66 30 48 -6 17 0 0.00 M M 5.2 13 180 M M 0 19 170
19 72 27 50 -4 15 0 0.00 M M 5.8 16 80 M M 0 23 60
20 78 33 56 2 9 0 0.00 M M 12.5 31 290 M M 0 8 42 260
21 59 39 49 -5 16 0 0.04 M M 16.9 33 260 M M 5 8 47 270
22 62 34 48 -7 17 0 0.00 M M 9.2 29 90 M M 1 8 40 90
23 61 35 48 -7 17 0 0.00 M M 7.7 15 50 M M 2 19 200
24 76 30 53 -2 12 0 0.00 M M 6.6 13 240 M M 0 20 250
25 81 35 58 2 7 0 0.00 M M 6.0 15 80 M M 0 22 70
26 83 35 59 3 6 0 0.00 M M 4.2 12 190 M M 0 17 160
27 84 38 61 5 4 0 0.00 M M 5.9 17 260 M M 0 24 270
28 81 41 61 5 4 0 0.00 M M 10.9 29 280 M M 3 8 43 240
29 66 41 54 -2 11 0 0.04 M M 19.3 37 240 M M 7 8 54 250
30 66 41 54 -3 11 0 0.00 M M 15.2 33 260 M M 4 8 45 280
31 72 40 56 -1 9 0 0.00 M M 6.8 17 290 M M 0 22 300
================================================================================
SM 2158 1026 418 0 0.16 M 289.3 M 34
================================================================================
AV 69.6 33.1 9.3 FASTST M M 1 MAX(MPH)
MISC ----> # 37 250 # 54 230
================================================================================
NOTES:
# LAST OF SEVERAL OCCURRENCES
COLUMN 17 PEAK WIND IN M.P.H.
PRELIMINARY LOCAL CLIMATOLOGICAL DATA (WS FORM: F-6) , PAGE 2
STATION: DEMING
MONTH: MARCH
YEAR: 2022
LATITUDE: 32 15 N
LONGITUDE: 107 42 W
[TEMPERATURE DATA] [PRECIPITATION DATA] SYMBOLS USED IN COLUMN 16
AVERAGE MONTHLY: 51.4 TOTAL FOR MONTH: 0.16 1 = FOG OR MIST
DPTR FM NORMAL: -1.8 DPTR FM NORMAL: -0.14 2 = FOG REDUCING VISIBILITY
HIGHEST: 84 ON 27 GRTST 24HR 0.04 ON 3- 4 TO 1/4 MILE OR LESS
LOWEST: 20 ON 7 3 = THUNDER
SNOW, ICE PELLETS, HAIL 4 = ICE PELLETS
TOTAL MONTH: M 5 = HAIL
GRTST 24HR M ON M 6 = FREEZING RAIN OR DRIZZLE
GRTST DEPTH: M ON M 7 = DUSTSTORM OR SANDSTORM:
VSBY 1/2 MILE OR LESS
8 = SMOKE OR HAZE
[NO. OF DAYS WITH] [WEATHER - DAYS WITH] 9 = BLOWING SNOW
X = TORNADO
MAX 32 OR BELOW: 0 0.01 INCH OR MORE: 5
MAX 90 OR ABOVE: 0 0.10 INCH OR MORE: 0
MIN 32 OR BELOW: 13 0.50 INCH OR MORE: 0
MIN 0 OR BELOW: 0 1.00 INCH OR MORE: 0
[HDD (BASE 65) ]
TOTAL THIS MO. 418 CLEAR (SCALE 0-3) 26
DPTR FM NORMAL 51 PTCLDY (SCALE 4-7) 5
TOTAL FM JUL 1 2708 CLOUDY (SCALE 8-10) 0
DPTR FM NORMAL -145
[CDD (BASE 65) ]
TOTAL THIS MO. 0
DPTR FM NORMAL -1 [PRESSURE DATA]
TOTAL FM JAN 1 0 HIGHEST SLP 30.35 ON 12
DPTR FM NORMAL -1 LOWEST SLP 29.57 ON 20
[REMARKS]
#FINAL-03-22#