000
CXUS53 KEAX 010836
CF6DMO
PRELIMINARY LOCAL CLIMATOLOGICAL DATA (WS FORM: F-6)
STATION: SEDALIA MO
MONTH: DECEMBER
YEAR: 2022
LATITUDE: 38 42 N
LONGITUDE: 93 6 W
TEMPERATURE IN F: :PCPN: SNOW: WIND :SUNSHINE: SKY :PK WND
================================================================================
1 2 3 4 5 6A 6B 7 8 9 10 11 12 13 14 15 16 17 18
12Z AVG MX 2MIN
DY MAX MIN AVG DEP HDD CDD WTR SNW DPTH SPD SPD DIR MIN PSBL S-S WX SPD DR
================================================================================
1 48 21 35 -3 30 0 0.00 M M 12.6 23 170 M M 5 34 170
2 63 33 48 10 17 0 0.00 M M 19.6 32 320 M M 5 46 210
3 34 21 28 -10 37 0 0.00 M M 8.1 24 320 M M 0 8 36 320
4 46 24 35 -3 30 0 0.00 M M 5.7 10 180 M M 0 13 210
5 56 34 45 8 20 0 0.00 M M 6.1 13 220 M M 5 17 220
6 45 39 42 5 23 0 T M M 5.1 12 360 M M 10 18 14 10
7 50 42 46 9 19 0 0.00 M M 2.8 8 20 M M 10 18 10 320
8 48 45 47 11 18 0 T M M 9.0 13 100 M M 10 1 M M
9 51 37 44 8 21 0 0.00 0.0 0 M M M M M M M M
10 45 36 41 5 24 0 0.08 M M 4.5 12 330 M M 10 1 16 340
11 42 32 37 2 28 0 0.00 M M 5.5 13 150 M M 8 18 19 140
12 41 36 39 4 26 0 0.00 M M 12.9 23 120 M M 10 18 32 120
13 56 39 48 13 17 0 1.61 M M 14.4 25 140 M M 9 13 37 140
14 51 34 43 9 22 0 0.00 M M 9.2 17 260 M M 2 24 250
15 36 30 33 -1 32 0 T M M 12.5 24 270 M M 10 40 250
16 33 26 30 -4 35 0 T M M 13.8 24 260 M M 6 35 260
17 32 21 27 -7 38 0 T M M 11.1 22 280 M M 5 32 280
18 37 15 26 -8 39 0 0.00 M M 4.7 12 140 M M 0 16 320
19 44 29 37 4 28 0 T M M 6.9 17 160 M M 7 22 180
20 36 23 30 -3 35 0 0.00 M M 8.2 16 330 M M 9 18 22 330
21 37 24 31 -2 34 0 0.00 M M 7.8 15 110 M M 9 20 110
22 35 -6 15 -18 50 0 T M M 18.7 32 330 M M 9 8 41 340
23 9 -6 2 -30 63 0 0.00 M M 17.5 25 290 M M 2 39 290
24 20 5 13 -19 52 0 0.00 M M 12.9 20 290 M M 0 30 280
25 29 5 17 -15 48 0 T M M 9.3 21 230 M M 2 6 30 230
26 33 7 20 -12 45 0 T M M 11.9 28 330 M M 6 36 320
27 39 7 23 -9 42 0 0.00 M M 13.0 24 180 M M 0 32 170
28 62 38 50 19 15 0 0.00 M M 19.9 29 190 M M 0 42 180
29 71 47 59 28 6 0 0.00 M M 16.2 33 200 M M 0 45 190
30 48 33 41 10 24 0 0.00 M M 5.3 14 330 M M 0 18 310
31 61 32 47 16 18 0 0.00 M M 8.1 15 210 M M 4 1 20 220
================================================================================
SM 1338 803 936 0 1.69 0.0 313.3 M 153
================================================================================
AV 43.2 25.9 10.4 FASTST M M 5 MAX(MPH)
MISC ----> 33 200 46 210
================================================================================
NOTES:
# LAST OF SEVERAL OCCURRENCES
COLUMN 17 PEAK WIND IN M.P.H.
PRELIMINARY LOCAL CLIMATOLOGICAL DATA (WS FORM: F-6) , PAGE 2
STATION: SEDALIA MO
MONTH: DECEMBER
YEAR: 2022
LATITUDE: 38 42 N
LONGITUDE: 93 6 W
[TEMPERATURE DATA] [PRECIPITATION DATA] SYMBOLS USED IN COLUMN 16
AVERAGE MONTHLY: 34.5 TOTAL FOR MONTH: 1.69 1 = FOG OR MIST
DPTR FM NORMAL: 0.2 DPTR FM NORMAL: 0.02 2 = FOG REDUCING VISIBILITY
HIGHEST: 71 ON 29 GRTST 24HR 1.61 ON 13-13 TO 1/4 MILE OR LESS
LOWEST: -6 ON 23,22 3 = THUNDER
SNOW, ICE PELLETS, HAIL 4 = ICE PELLETS
TOTAL MONTH: 0.0 INCH 5 = HAIL
GRTST 24HR 0.0 6 = FREEZING RAIN OR DRIZZLE
GRTST DEPTH: 0 7 = DUSTSTORM OR SANDSTORM:
VSBY 1/2 MILE OR LESS
8 = SMOKE OR HAZE
[NO. OF DAYS WITH] [WEATHER - DAYS WITH] 9 = BLOWING SNOW
X = TORNADO
MAX 32 OR BELOW: 4 0.01 INCH OR MORE: 2
MAX 90 OR ABOVE: 0 0.10 INCH OR MORE: 1
MIN 32 OR BELOW: 18 0.50 INCH OR MORE: 1
MIN 0 OR BELOW: 2 1.00 INCH OR MORE: 1
[HDD (BASE 65) ]
TOTAL THIS MO. 936 CLEAR (SCALE 0-3) 11
DPTR FM NORMAL -17 PTCLDY (SCALE 4-7) 9
TOTAL FM JUL 1 1833 CLOUDY (SCALE 8-10) 11
DPTR FM NORMAL -96
[CDD (BASE 65) ]
TOTAL THIS MO. 0
DPTR FM NORMAL 0 [PRESSURE DATA]
TOTAL FM JAN 1 1680 HIGHEST SLP 30.62 ON 3
DPTR FM NORMAL 414 LOWEST SLP 29.58 ON 28
[REMARKS]
#FINAL-12-22#