000
CXUS53 KEAX 010836
CF6DMO
PRELIMINARY LOCAL CLIMATOLOGICAL DATA (WS FORM: F-6)
STATION: SEDALIA MO
MONTH: JANUARY
YEAR: 2024
LATITUDE: 38 42 N
LONGITUDE: 93 6 W
TEMPERATURE IN F: :PCPN: SNOW: WIND :SUNSHINE: SKY :PK WND
================================================================================
1 2 3 4 5 6A 6B 7 8 9 10 11 12 13 14 15 16 17 18
12Z AVG MX 2MIN
DY MAX MIN AVG DEP HDD CDD WTR SNW DPTH SPD SPD DIR MIN PSBL S-S WX SPD DR
================================================================================
1 36 24 30 -1 35 0 0.00 M M 5.7 13 340 M M 6 17 340
2 43 21 32 2 33 0 0.00 M M 7.7 15 220 M M 0 1 21 220
3 32 26 29 -1 36 0 0.00 M M 4.7 12 330 M M 6 12 14 330
4 40 22 31 1 34 0 0.00 M M 3.9 15 110 M M 5 128 18 110
5 39 29 34 4 31 0 T M M 7.6 16 100 M M 6 18 21 90
6 34 32 33 3 32 0 T M M 6.5 14 280 M M 10 128 20 250
7 39 30 35 5 30 0 T M M 6.9 12 120 M M 6 1 17 280
8 40 31 36 6 29 0 0.72 M M 13.2 26 140 M M 6 12 36 150
9 34 27 31 1 34 0 0.16 M M 14.2 32 310 M M 10 12 46 330
10 43 16 30 0 35 0 0.00 M M 10.4 20 280 M M 1 1 29 240
11 40 25 33 3 32 0 0.00 M M 8.8 18 70 M M 2 25 80
12 39 11 25 -5 40 0 0.03 M M 18.8 26 290 M M 10 18 39 280
13 11 -6 3 -27 62 0 T M M 14.0 22 310 M M 5 8 32 270
14 -1 -9 -5 -35 70 0 0.00 M M 11.0 21 300 M M 2 32 330
15 3 -7 -2 -32 67 0 T M M 8.3 15 300 M M 5 8 21 290
16 11 -8 2 -28 63 0 0.00 M M 11.5 20 220 M M 0 28 230
17 36 11 24 -6 41 0 0.00 M M 12.7 26 210 M M 0 40 210
18 38 18 28 -2 37 0 T M M 8.0 28 330 M M 4 1 38 330
19 18 3 11 -19 54 0 T M M 13.6 29 320 M M 3 42 310
20 14 -3 6 -24 59 0 0.00 M M 4.9 13 330 M M 0 15 330
21 34 5 20 -10 45 0 T M M 12.2 20 160 M M 4 25 160
22 36 31 34 4 31 0 0.36 M M 11.7 23 180 M M 10 16 31 170
23 40 35 38 8 27 0 0.18 M M 4.0 10 110 M M 10 12 13 110
24 42 35 39 9 26 0 0.10 M M 4.1 9 320 M M 10 12 12 310
25 40 36 38 8 27 0 0.51 M M 4.5 13 20 M M 10 12 17 30
26 39 34 37 7 28 0 0.00 M M 3.9 9 360 M M 10 12 13 320
27 39 33 36 6 29 0 0.00 M M 8.7 16 310 M M 10 12 23 310
28 46 31 39 9 26 0 0.00 M M 7.7 15 300 M M 6 18 21 310
29 59 31 45 15 20 0 0.00 M M 9.6 17 220 M M 0 1 24 220
30 54 33 44 14 21 0 0.00 M M 9.3 20 330 M M 1 27 290
31 58 26 42 11 23 0 0.00 M M 7.3 13 210 M M 0 18 220
================================================================================
SM 1076 623 1157 0 2.06 M 275.4 M 158
================================================================================
AV 34.7 20.1 8.9 FASTST M M 5 MAX(MPH)
MISC ----> 32 310 46 330
================================================================================
NOTES:
# LAST OF SEVERAL OCCURRENCES
COLUMN 17 PEAK WIND IN M.P.H.
PRELIMINARY LOCAL CLIMATOLOGICAL DATA (WS FORM: F-6) , PAGE 2
STATION: SEDALIA MO
MONTH: JANUARY
YEAR: 2024
LATITUDE: 38 42 N
LONGITUDE: 93 6 W
[TEMPERATURE DATA] [PRECIPITATION DATA] SYMBOLS USED IN COLUMN 16
AVERAGE MONTHLY: 27.4 TOTAL FOR MONTH: 2.06 1 = FOG OR MIST
DPTR FM NORMAL: -2.5 DPTR FM NORMAL: 0.53 2 = FOG REDUCING VISIBILITY
HIGHEST: 59 ON 29 GRTST 24HR 0.72 ON 8- 8 TO 1/4 MILE OR LESS
LOWEST: -9 ON 14 3 = THUNDER
SNOW, ICE PELLETS, HAIL 4 = ICE PELLETS
TOTAL MONTH: M 5 = HAIL
GRTST 24HR M ON M 6 = FREEZING RAIN OR DRIZZLE
GRTST DEPTH: M ON M 7 = DUSTSTORM OR SANDSTORM:
VSBY 1/2 MILE OR LESS
8 = SMOKE OR HAZE
[NO. OF DAYS WITH] [WEATHER - DAYS WITH] 9 = BLOWING SNOW
X = TORNADO
MAX 32 OR BELOW: 7 0.01 INCH OR MORE: 7
MAX 90 OR ABOVE: 0 0.10 INCH OR MORE: 6
MIN 32 OR BELOW: 25 0.50 INCH OR MORE: 2
MIN 0 OR BELOW: 5 1.00 INCH OR MORE: 0
[HDD (BASE 65) ]
TOTAL THIS MO. 1157 CLEAR (SCALE 0-3) 11
DPTR FM NORMAL 69 PTCLDY (SCALE 4-7) 11
TOTAL FM JUL 1 2572 CLOUDY (SCALE 8-10) 9
DPTR FM NORMAL -445
[CDD (BASE 65) ]
TOTAL THIS MO. 0
DPTR FM NORMAL 0 [PRESSURE DATA]
TOTAL FM JAN 1 0 HIGHEST SLP 30.77 ON 20
DPTR FM NORMAL 0 LOWEST SLP 29.27 ON 9
[REMARKS]
#FINAL-01-24#