000
CXUS52 KCAE 011500
CF6DNL
PRELIMINARY LOCAL CLIMATOLOGICAL DATA (WS FORM: F-6)
STATION: AUGUSTA DANIEL FIELD GA
MONTH: FEBRUARY
YEAR: 2023
LATITUDE: 33 28 N
LONGITUDE: 82 2 W
TEMPERATURE IN F: :PCPN: SNOW: WIND :SUNSHINE: SKY :PK WND
================================================================================
1 2 3 4 5 6A 6B 7 8 9 10 11 12 13 14 15 16 17 18
12Z AVG MX 2MIN
DY MAX MIN AVG DEP HDD CDD WTR SNW DPTH SPD SPD DIR MIN PSBL S-S WX SPD DR
================================================================================
1 71 59 65 15 0 0 0.00 M M 5.2 13 310 M M 6 1 17 300
2 58 48 53 3 12 0 0.38 M M 5.1 10 360 M M 10 1 13 30
3 59 40 50 0 15 0 0.32 M M 6.6 14 330 M M 5 1 20 350
4 50 32 41 -9 24 0 0.00 M M 6.0 14 100 M M 0 17 80
5 63 39 51 0 14 0 0.00 M M 2.7 9 350 M M 3 11 360
6 67 45 56 5 9 0 0.00 M M 4.6 12 330 M M 0 15 310
7 70 41 56 5 9 0 0.00 M M 3.8 13 190 M M 0 18 200
8 75 47 61 10 4 0 0.00 M M 3.2 9 210 M M 1 1 13 200
9 76 53 65 14 0 0 T M M 7.5 23 200 M M 3 30 180
10 69 55 62 10 3 0 0.06 M M 3.3 14 320 M M 8 1 19 320
11 57 43 50 -2 15 0 1.52 M M 11.7 23 40 M M 8 13 36 40
12 47 43 45 -7 20 0 0.23 M M 7.6 17 60 M M 8 1 23 50
13 69 39 54 2 11 0 0.00 M M 5.2 13 310 M M 0 18 310
14 72 40 56 4 9 0 0.00 M M 4.9 14 150 M M 0 17 150
15 75 47 61 9 4 0 0.00 M M 4.7 16 210 M M 0 23 200
16 78 55 67 14 0 2 0.00 M M 7.0 20 200 M M 4 12 24 210
17 67 39 53 0 12 0 0.13 M M 11.0 20 300 M M 4 1 30 310
18 58 32 45 -8 20 0 0.00 M M 5.6 12 40 M M 0 18 300
19 68 40 54 1 11 0 0.00 M M 3.2 15 200 M M 3 24 150
20 76 47 62 8 3 0 0.00 M M 6.2 20 200 M M 0 26 220
21 76 61 69 15 0 4 0.04 M M 6.2 15 280 M M 3 23 320
22 82 61 72 18 0 7 0.00 M M 9.4 20 190 M M 0 26 210
23 83 67 75 21 0 10 0.00 M M 9.5 20 200 M M M 27 210
24 80 54 67 13 0 2 2.18 M M 6.5 23 40 M M 9 1 31 30
25 59 52 56 1 9 0 0.02 M M 4.5 16 30 M M 10 1 21 30
26 79 57 68 13 0 3 0.00 M M 4.3 14 260 M M 4 1 26 270
27 76 58 67 12 0 2 T M M 8.6 23 210 M M 3 30 250
28 82 64 73 18 0 8 0.00 M M 5.5 15 280 M M 0 23 300
================================================================================
SM 1942 1358 204 38 4.88 M 169.6 M 92
================================================================================
AV 69.4 48.5 6.1 FASTST M M 3 MAX(MPH)
MISC ----> # 23 200 36 40
================================================================================
NOTES:
# LAST OF SEVERAL OCCURRENCES
COLUMN 17 PEAK WIND IN M.P.H.
PRELIMINARY LOCAL CLIMATOLOGICAL DATA (WS FORM: F-6) , PAGE 2
STATION: AUGUSTA DANIEL FIELD GA
MONTH: FEBRUARY
YEAR: 2023
LATITUDE: 33 28 N
LONGITUDE: 82 2 W
[TEMPERATURE DATA] [PRECIPITATION DATA] SYMBOLS USED IN COLUMN 16
AVERAGE MONTHLY: 58.9 TOTAL FOR MONTH: 4.88 1 = FOG OR MIST
DPTR FM NORMAL: 6.5 DPTR FM NORMAL: 1.41 2 = FOG REDUCING VISIBILITY
HIGHEST: 83 ON 23 GRTST 24HR 2.20 ON 24-25 TO 1/4 MILE OR LESS
LOWEST: 32 ON 18, 4 3 = THUNDER
SNOW, ICE PELLETS, HAIL 4 = ICE PELLETS
TOTAL MONTH: M 5 = HAIL
GRTST 24HR M ON M 6 = FREEZING RAIN OR DRIZZLE
GRTST DEPTH: M ON M 7 = DUSTSTORM OR SANDSTORM:
VSBY 1/2 MILE OR LESS
8 = SMOKE OR HAZE
[NO. OF DAYS WITH] [WEATHER - DAYS WITH] 9 = BLOWING SNOW
X = TORNADO
MAX 32 OR BELOW: 0 0.01 INCH OR MORE: 9
MAX 90 OR ABOVE: 0 0.10 INCH OR MORE: 6
MIN 32 OR BELOW: 2 0.50 INCH OR MORE: 2
MIN 0 OR BELOW: 0 1.00 INCH OR MORE: 2
[HDD (BASE 65) ]
TOTAL THIS MO. 204 CLEAR (SCALE 0-3) 15
DPTR FM NORMAL -156 PTCLDY (SCALE 4-7) 7
TOTAL FM JUL 1 1354 CLOUDY (SCALE 8-10) 6
DPTR FM NORMAL -242
[CDD (BASE 65) ]
TOTAL THIS MO. 38
DPTR FM NORMAL 29 [PRESSURE DATA]
TOTAL FM JAN 1 39 HIGHEST SLP 30.63 ON 4
DPTR FM NORMAL 32 LOWEST SLP 29.67 ON 27
[REMARKS]
#FINAL-02-23#