000
CXUS55 KCAE 011500
CF6DNL
PRELIMINARY LOCAL CLIMATOLOGICAL DATA (WS FORM: F-6)
STATION: AUGUSTA DANIEL FIELD GA
MONTH: DECEMBER
YEAR: 2020
LATITUDE: 33 28 N
LONGITUDE: 82 2 W
TEMPERATURE IN F: :PCPN: SNOW: WIND :SUNSHINE: SKY :PK WND
================================================================================
1 2 3 4 5 6A 6B 7 8 9 10 11 12 13 14 15 16 17 18
12Z AVG MX 2MIN
DY MAX MIN AVG DEP HDD CDD WTR SNW DPTH SPD SPD DIR MIN PSBL S-S WX SPD DR
================================================================================
1 47 36 42 -10 23 0 0.00 M M 8.1 17 300 M M 0 28 300
2 57 30 44 -8 21 0 0.00 M M 3.0 15 320 M M 0 22 320
3 57 34 46 -6 19 0 0.00 M M 1.9 8 140 M M 0 8 12 140
4 66 44 55 3 10 0 0.30 M M 6.5 23 210 M M 6 1 32 210
5 61 40 51 0 14 0 0.00 M M 5.7 14 280 M M 0 23 310
6 62 37 50 -1 15 0 0.02 M M 2.6 9 200 M M 1 1 12 200
7 59 40 50 -1 15 0 0.21 M M 6.8 15 300 M M 7 1 23 310
8 52 32 42 -8 23 0 0.00 M M 4.3 10 310 M M 0 14 320
9 62 32 47 -3 18 0 0.00 M M 3.9 13 310 M M 0 17 310
10 67 45 56 6 9 0 0.00 M M 4.7 9 140 M M 0 15 140
11 68 46 57 7 8 0 0.00 M M 3.2 8 120 M M 2 128 11 140
12 71 48 60 11 5 0 0.00 M M 4.5 13 190 M M 1 18 16 210
13 71 58 65 16 0 0 0.06 M M 3.3 10 180 M M 8 1 11 180
14 68 48 58 9 7 0 0.14 M M 8.3 21 300 M M 6 1 31 300
15 50 40 45 -4 20 0 T M M 9.3 16 60 M M 6 20 60
16 45 39 42 -6 23 0 0.38 M M 6.8 14 10 M M 10 1 19 10
17 45 35 40 -8 25 0 0.00 M M 4.8 13 320 M M 9 12 18 280
18 52 32 42 -6 23 0 0.00 M M 7.0 12 10 M M 0 16 360
19 54 32 43 -5 22 0 0.00 M M 4.1 9 90 M M M 13 150
20 53 43 48 0 17 0 0.38 M M 4.8 12 330 M M M 1 14 330
21 60 47 54 6 11 0 T M M 4.8 14 230 M M M 20 240
22 65 45 55 8 10 0 0.00 M M 4.9 15 300 M M M 20 300
23 66 43 55 8 10 0 0.00 M M 6.0 13 160 M M M 17 120
24 62 37 50 3 15 0 0.88 M M 8.7 21 290 M M 9 1 34 290
25 39 29 34 -13 31 0 0.00 M M 9.0 22 290 M M 1 29 300
26 47 25 36 -11 29 0 0.00 M M 2.8 9 220 M M 0 12 300
27 59 29 44 -3 21 0 0.00 M M 2.7 9 200 M M 0 12 190
28 65 35 50 3 15 0 0.00 M M 2.9 9 300 M M 0 17 230
29 66 41 54 7 11 0 0.00 M M 6.0 10 80 M M 0 1 14 70
30 56 45 51 5 14 0 T M M 6.2 10 60 M M 8 14 60
31 61 47 54 8 11 0 0.94 M M 3.5 8 360 M M 10 12 11 350
================================================================================
SM 1813 1214 495 0 3.31 M 161.1 M 84
================================================================================
AV 58.5 39.2 5.2 FASTST M M 3 MAX(MPH)
MISC ----> 23 210 34 290
================================================================================
NOTES:
# LAST OF SEVERAL OCCURRENCES
COLUMN 17 PEAK WIND IN M.P.H.
PRELIMINARY LOCAL CLIMATOLOGICAL DATA (WS FORM: F-6) , PAGE 2
STATION: AUGUSTA DANIEL FIELD GA
MONTH: DECEMBER
YEAR: 2020
LATITUDE: 33 28 N
LONGITUDE: 82 2 W
[TEMPERATURE DATA] [PRECIPITATION DATA] SYMBOLS USED IN COLUMN 16
AVERAGE MONTHLY: 48.8 TOTAL FOR MONTH: 3.31 1 = FOG OR MIST
DPTR FM NORMAL: -0.1 DPTR FM NORMAL: -0.31 2 = FOG REDUCING VISIBILITY
HIGHEST: 71 ON 13,12 GRTST 24HR 0.94 ON 30-31 TO 1/4 MILE OR LESS
LOWEST: 25 ON 26 3 = THUNDER
SNOW, ICE PELLETS, HAIL 4 = ICE PELLETS
TOTAL MONTH: M 5 = HAIL
GRTST 24HR M ON M 6 = FREEZING RAIN OR DRIZZLE
GRTST DEPTH: M ON M 7 = DUSTSTORM OR SANDSTORM:
VSBY 1/2 MILE OR LESS
8 = SMOKE OR HAZE
[NO. OF DAYS WITH] [WEATHER - DAYS WITH] 9 = BLOWING SNOW
X = TORNADO
MAX 32 OR BELOW: 0 0.01 INCH OR MORE: 9
MAX 90 OR ABOVE: 0 0.10 INCH OR MORE: 7
MIN 32 OR BELOW: 8 0.50 INCH OR MORE: 2
MIN 0 OR BELOW: 0 1.00 INCH OR MORE: 0
[HDD (BASE 65) ]
TOTAL THIS MO. 495 CLEAR (SCALE 0-3) 16
DPTR FM NORMAL -10 PTCLDY (SCALE 4-7) 6
TOTAL FM JUL 1 636 CLOUDY (SCALE 8-10) 9
DPTR FM NORMAL -203
[CDD (BASE 65) ]
TOTAL THIS MO. 0
DPTR FM NORMAL -5 [PRESSURE DATA]
TOTAL FM JAN 1 2792 HIGHEST SLP 30.44 ON 19
DPTR FM NORMAL 531 LOWEST SLP 29.61 ON 24
[REMARKS]
#FINAL-12-20#