000
CXUS55 KVEF 281021
CF6DRA
PRELIMINARY LOCAL CLIMATOLOGICAL DATA (WS FORM: F-6)
STATION: DESERT ROCK-MERCURY NV
MONTH: AUGUST
YEAR: 2021
LATITUDE: 36 37 N
LONGITUDE: 116 1 W
TEMPERATURE IN F: :PCPN: SNOW: WIND :SUNSHINE: SKY :PK WND
================================================================================
1 2 3 4 5 6A 6B 7 8 9 10 11 12 13 14 15 16 17 18
12Z AVG MX 2MIN
DY MAX MIN AVG DEP HDD CDD WTR SNW DPTH SPD SPD DIR MIN PSBL S-S WX SPD DR
================================================================================
1 98 77 88 2 0 23 0.00 0.0 0 8.6 16 40 M M 3 27 40
2 102 74 88 2 0 23 0.00 0.0 0 6.6 13 280 M M 0 18 230
3 106 75 91 5 0 26 0.00 0.0 0 5.4 10 130 M M 0 17 280
4 109 77 93 7 0 28 0.00 0.0 0 4.9 12 240 M M 0 21 240
5 107 76 92 6 0 27 0.00 0.0 0 14.0 24 200 M M 0 45 220
6 99 72 86 0 0 21 0.00 0.0 0 8.0 17 260 M M 3 8 24 200
7 102 70 86 0 0 21 0.00 0.0 0 8.1 16 200 M M 5 8 22 220
8 102 64 83 -3 0 18 0.00 0.0 0 12.1 27 220 M M 0 39 200
9 102 75 89 3 0 24 0.00 0.0 0 12.5 22 220 M M 0 39 230
10 103 74 89 4 0 24 0.00 0.0 0 6.5 15 200 M M 0 21 200
11 102 71 87 2 0 22 0.00 0.0 0 6.2 20 130 M M 0 39 60
12 103 73 88 3 0 23 0.00 0.0 0 5.4 14 220 M M 0 22 290
13 102 77 90 5 0 25 0.00 0.0 0 5.3 15 150 M M 0 M M
14 105 77 91 6 0 26 0.00 0.0 0 7.8 21 70 M M 0 31 50
15 M 79 M M M M 0.00 0.0 0 M M M M M 0 M M
16 105 M M M M M 0.00 0.0 0 10.4 21 200 M M 0 31 210
17 101 80 91 7 0 26 0.00 0.0 0 16.0 30 220 M M 0 46 240
18 94 72 83 -1 0 18 0.00 0.0 0 20.8 31 10 M M 0 46 210
19 90 64 77 -7 0 12 0.00 0.0 0 5.5 14 220 M M 0 23 220
20 94 64 79 -5 0 14 0.00 0.0 0 7.1 18 220 M M 0 25 220
21 94 75 85 1 0 20 0.00 0.0 0 15.8 22 180 M M 0 39 200
22 97 67 82 -1 0 17 0.00 0.0 0 10.0 22 210 M M 0 36 230
23 97 62 80 -3 0 15 0.00 0.0 0 8.2 20 220 M M 0 40 190
24 98 71 85 2 0 20 0.00 0.0 0 11.3 20 220 M M 0 40 230
25 100 68 84 1 0 19 0.00 0.0 0 11.5 20 210 M M 0 36 210
26 98 65 82 -1 0 17 0.00 0.0 0 7.7 14 240 M M 0 24 220
27 103 60 82 0 0 17 0.00 0.0 0 7.5 21 200 M M 0 36 200
28 104 65 85 3 0 20 0.00 0.0 0 5.9 21 230 M M M 31 210
29 105 71 88 6 0 23 0.00 0.0 0 6.5 22 270 M M M 31 260
30 104 71 88 6 0 23 0.00 0.0 0 7.6 22 190 M M 0 31 200
31 98 71 85 4 0 20 0.00 0.0 0 10.2 23 210 M M 0 31 230
================================================================================
SM 3024 2137 0 612 0.00 0.0 273.4 M 11
================================================================================
AV100.8 71.2 9.1 FASTST M M 0 MAX(MPH)
MISC ----> 31 10 # 46 240
================================================================================
NOTES:
# LAST OF SEVERAL OCCURRENCES
COLUMN 17 PEAK WIND IN M.P.H.
PRELIMINARY LOCAL CLIMATOLOGICAL DATA (WS FORM: F-6) , PAGE 2
STATION: DESERT ROCK-MERCURY NV
MONTH: AUGUST
YEAR: 2021
LATITUDE: 36 37 N
LONGITUDE: 116 1 W
[TEMPERATURE DATA] [PRECIPITATION DATA] SYMBOLS USED IN COLUMN 16
AVERAGE MONTHLY: 86.0 TOTAL FOR MONTH: 0.00 1 = FOG OR MIST
DPTR FM NORMAL: 1.7 DPTR FM NORMAL: -0.39 2 = FOG REDUCING VISIBILITY
HIGHEST: 109 ON 4 GRTST 24HR 0.00 ON 1- 1 TO 1/4 MILE OR LESS
LOWEST: 60 ON 27 3 = THUNDER
SNOW, ICE PELLETS, HAIL 4 = ICE PELLETS
TOTAL MONTH: 0.0 INCH 5 = HAIL
GRTST 24HR 0.0 6 = FREEZING RAIN OR DRIZZLE
GRTST DEPTH: 0 7 = DUSTSTORM OR SANDSTORM:
VSBY 1/2 MILE OR LESS
8 = SMOKE OR HAZE
[NO. OF DAYS WITH] [WEATHER - DAYS WITH] 9 = BLOWING SNOW
X = TORNADO
MAX 32 OR BELOW: 0 0.01 INCH OR MORE: 0
MAX 90 OR ABOVE: 30 0.10 INCH OR MORE: 0
MIN 32 OR BELOW: 0 0.50 INCH OR MORE: 0
MIN 0 OR BELOW: 0 1.00 INCH OR MORE: 0
[HDD (BASE 65) ]
TOTAL THIS MO. 0 CLEAR (SCALE 0-3) 28
DPTR FM NORMAL 0 PTCLDY (SCALE 4-7) 1
TOTAL FM JUL 1 0 CLOUDY (SCALE 8-10) 2
DPTR FM NORMAL 0
[CDD (BASE 65) ]
TOTAL THIS MO. 612
DPTR FM NORMAL 15 [PRESSURE DATA]
TOTAL FM JAN 1 2251 HIGHEST SLP M ON M
DPTR FM NORMAL 338 LOWEST SLP M ON M
[REMARKS]
#FINAL-08-21#