000
CXUS55 KVEF 191041
CF6DRA
PRELIMINARY LOCAL CLIMATOLOGICAL DATA (WS FORM: F-6)
STATION: DESERT ROCK-MERCURY NV
MONTH: MAY
YEAR: 2021
LATITUDE: 36 37 N
LONGITUDE: 116 1 W
TEMPERATURE IN F: :PCPN: SNOW: WIND :SUNSHINE: SKY :PK WND
================================================================================
1 2 3 4 5 6A 6B 7 8 9 10 11 12 13 14 15 16 17 18
12Z AVG MX 2MIN
DY MAX MIN AVG DEP HDD CDD WTR SNW DPTH SPD SPD DIR MIN PSBL S-S WX SPD DR
================================================================================
1 90 65 78 14 0 13 0.00 0.0 0 15.5 25 200 M M 0 40 210
2 84 52 68 3 0 3 0.00 0.0 0 12.5 27 360 M M 0 43 290
3 80 56 68 3 0 3 0.00 0.0 0 14.5 23 20 M M 0 37 10
4 86 53 70 5 0 5 0.00 0.0 M 8.8 15 240 M M 0 21 210
5 93 56 75 9 0 10 0.00 0.0 M 7.8 18 30 M M 0 21 130
6 93 57 75 9 0 10 0.00 0.0 M 11.7 24 220 M M 0 40 220
7 88 63 76 10 0 11 0.00 0.0 0 12.4 24 210 M M 0 38 200
8 84 56 70 3 0 5 0.00 0.0 M 10.7 23 40 M M 0 36 40
9 84 57 71 4 0 6 0.00 0.0 0 10.0 18 50 M M 0 24 230
10 86 59 73 6 0 8 0.00 0.0 0 12.6 20 30 M M 0 31 40
11 85 59 72 4 0 7 0.00 0.0 0 10.3 20 30 M M 0 24 60
12 92 51 72 4 0 7 0.00 0.0 0 7.3 18 240 M M 0 31 180
13 94 60 77 9 0 12 0.00 0.0 0 7.2 17 210 M M 0 40 220
14 94 60 77 8 0 12 0.00 0.0 0 10.1 25 220 M M 0 38 220
15 88 64 76 7 0 11 0.00 0.0 0 17.6 33 170 M M 0 49 220
16 79 55 67 -3 0 2 0.00 0.0 0 10.0 22 130 M M M 32 230
17 85 50 68 -2 0 3 T 0.0 0 7.3 13 260 M M 1 35 30
18 94 55 75 5 0 10 0.00 0.0 0 7.8 18 230 M M 0 37 250
19 90 64 77 7 0 12 0.00 0.0 0 12.6 22 250 M M 0 39 250
20 80 55 68 -3 0 3 0.00 0.0 0 22.7 38 200 M M 0 60 200
21 61 42 52 -19 13 0 0.02 0.0 0 13.2 22 300 M M 4 37 180
22 64 43 54 -18 11 0 T 0.0 0 8.1 18 30 M M 4 33 290
23 74 38 56 -16 9 0 0.00 0.0 0 5.2 15 270 M M 0 23 270
24 84 56 70 -2 0 5 0.00 0.0 0 7.6 14 40 M M 0 23 40
25 90 54 72 -1 0 7 0.00 0.0 0 10.3 23 180 M M 0 36 200
26 88 64 76 3 0 11 0.00 0.0 0 8.5 15 230 M M 0 27 230
27 92 57 75 2 0 10 0.00 0.0 0 4.7 13 240 M M 0 23 170
28 94 57 76 2 0 11 0.00 0.0 0 6.3 13 220 M M 0 25 270
29 88 61 75 1 0 10 0.00 0.0 0 5.3 14 220 M M 0 M M
30 96 64 80 6 0 15 0.00 0.0 0 7.5 15 50 M M 0 30 100
31 95 67 81 6 0 16 0.00 0.0 0 7.5 15 30 M M 0 M M
================================================================================
SM 2675 1750 33 238 0.02 0.0 313.6 M 9
================================================================================
AV 86.3 56.5 10.1 FASTST M M 0 MAX(MPH)
MISC ----> 38 200 60 200
================================================================================
NOTES:
# LAST OF SEVERAL OCCURRENCES
COLUMN 17 PEAK WIND IN M.P.H.
PRELIMINARY LOCAL CLIMATOLOGICAL DATA (WS FORM: F-6) , PAGE 2
STATION: DESERT ROCK-MERCURY NV
MONTH: MAY
YEAR: 2021
LATITUDE: 36 37 N
LONGITUDE: 116 1 W
[TEMPERATURE DATA] [PRECIPITATION DATA] SYMBOLS USED IN COLUMN 16
AVERAGE MONTHLY: 71.4 TOTAL FOR MONTH: 0.02 1 = FOG OR MIST
DPTR FM NORMAL: 1.9 DPTR FM NORMAL: -0.16 2 = FOG REDUCING VISIBILITY
HIGHEST: 96 ON 30 GRTST 24HR 0.02 ON 21-21 TO 1/4 MILE OR LESS
LOWEST: 38 ON 23 3 = THUNDER
SNOW, ICE PELLETS, HAIL 4 = ICE PELLETS
TOTAL MONTH: 0.0 INCH 5 = HAIL
GRTST 24HR 0.0 6 = FREEZING RAIN OR DRIZZLE
GRTST DEPTH: 0 7 = DUSTSTORM OR SANDSTORM:
VSBY 1/2 MILE OR LESS
8 = SMOKE OR HAZE
[NO. OF DAYS WITH] [WEATHER - DAYS WITH] 9 = BLOWING SNOW
X = TORNADO
MAX 32 OR BELOW: 0 0.01 INCH OR MORE: 1
MAX 90 OR ABOVE: 13 0.10 INCH OR MORE: 0
MIN 32 OR BELOW: 0 0.50 INCH OR MORE: 0
MIN 0 OR BELOW: 0 1.00 INCH OR MORE: 0
[HDD (BASE 65) ]
TOTAL THIS MO. 33 CLEAR (SCALE 0-3) 28
DPTR FM NORMAL -16 PTCLDY (SCALE 4-7) 2
TOTAL FM JUL 1 2529 CLOUDY (SCALE 8-10) 1
DPTR FM NORMAL -310
[CDD (BASE 65) ]
TOTAL THIS MO. 238
DPTR FM NORMAL 49 [PRESSURE DATA]
TOTAL FM JAN 1 270 HIGHEST SLP M ON M
DPTR FM NORMAL 46 LOWEST SLP M ON M
[REMARKS]
#FINAL-05-21#