299
CXUS55 KGJT 010910
CF6DRO
PRELIMINARY LOCAL CLIMATOLOGICAL DATA (WS FORM: F-6)
STATION: DURANGO AIRPORT CO
MONTH: MARCH
YEAR: 2021
LATITUDE: 37 9 N
LONGITUDE: 107 45 W
TEMPERATURE IN F: :PCPN: SNOW: WIND :SUNSHINE: SKY :PK WND
================================================================================
1 2 3 4 5 6A 6B 7 8 9 10 11 12 13 14 15 16 17 18
12Z AVG MX 2MIN
DY MAX MIN AVG DEP HDD CDD WTR SNW DPTH SPD SPD DIR MIN PSBL S-S WX SPD DR
================================================================================
1 43 12 28 -5 37 0 0.00 M M 4.1 10 360 M M 0 14 350
2 50 17 34 1 31 0 0.00 M M 2.8 13 10 M M 0 14 360
3 55 21 38 4 27 0 0.00 M M 4.7 13 30 M M 1 21 90
4 44 29 37 3 28 0 0.11 M M 10.3 31 270 M M 5 1 43 270
5 55 22 39 5 26 0 0.00 M M 3.7 12 10 M M 0 15 210
6 55 25 40 5 25 0 0.00 M M 3.5 14 130 M M 0 19 130
7 60 25 43 8 22 0 0.00 M M 3.4 14 10 M M 0 17 250
8 59 30 45 10 20 0 T M M 4.8 21 240 M M 3 31 250
9 50 26 38 2 27 0 T M M 7.5 25 220 M M 4 37 220
10 46 27 37 1 28 0 0.00 M M 8.1 24 210 M M 5 35 250
11 47 21 34 -2 31 0 0.00 M M 6.5 21 210 M M 4 28 210
12 56 20 38 2 27 0 0.00 M M 8.1 26 170 M M 0 43 210
13 39 18 29 -8 36 0 T M M 9.6 24 250 M M 5 1 31 250
14 42 25 34 -3 31 0 T M M 16.6 38 280 M M 7 1 49 270
15 49 24 37 0 28 0 T M M 8.0 18 270 M M 4 30 250
16 45 26 36 -2 29 0 T M M 6.7 23 140 M M 6 1 30 160
17 53 20 37 -1 28 0 0.00 M M 7.3 24 290 M M 2 33 270
18 57 19 38 0 27 0 0.00 M M 4.2 13 220 M M 1 19 250
19 63 23 43 5 22 0 0.00 M M 5.5 15 260 M M 1 23 260
20 63 25 44 5 21 0 T M M 9.5 25 270 M M 2 34 270
21 53 32 43 4 22 0 0.02 M M 7.3 18 260 M M 5 25 250
22 51 25 38 -1 27 0 T M M 8.9 28 290 M M 3 36 10
23 42 22 32 -8 33 0 0.01 M M 4.6 16 230 M M 8 1 22 230
24 36 26 31 -9 34 0 0.23 M M 5.7 20 70 M M 8 12 26 70
25 37 27 32 -8 33 0 0.09 M M 6.1 24 250 M M 10 18 36 250
26 42 29 36 -4 29 0 0.17 M M 4.0 14 210 M M 8 1 19 210
27 51 21 36 -4 29 0 0.00 M M 4.9 16 230 M M 0 24 220
28 58 24 41 0 24 0 0.00 M M 3.6 15 230 M M 0 21 210
29 63 24 44 3 21 0 0.00 M M 7.3 25 270 M M 0 43 250
30 50 26 38 -3 27 0 0.00 M M 13.4 32 260 M M 0 46 260
31 55 16 36 -5 29 0 0.00 M M 4.9 13 10 M M 0 20 350
================================================================================
SM 1569 727 859 0 0.63 M 205.6 M 92
================================================================================
AV 50.6 23.5 6.6 FASTST M M 3 MAX(MPH)
MISC ----> 38 280 49 270
================================================================================
NOTES:
# LAST OF SEVERAL OCCURRENCES
COLUMN 17 PEAK WIND IN M.P.H.
PRELIMINARY LOCAL CLIMATOLOGICAL DATA (WS FORM: F-6) , PAGE 2
STATION: DURANGO AIRPORT CO
MONTH: MARCH
YEAR: 2021
LATITUDE: 37 9 N
LONGITUDE: 107 45 W
[TEMPERATURE DATA] [PRECIPITATION DATA] SYMBOLS USED IN COLUMN 16
AVERAGE MONTHLY: 37.0 TOTAL FOR MONTH: 0.63 1 = FOG OR MIST
DPTR FM NORMAL: -0.4 DPTR FM NORMAL: -0.62 2 = FOG REDUCING VISIBILITY
HIGHEST: 63 ON 29,20 GRTST 24HR 0.26 ON 25-26 TO 1/4 MILE OR LESS
LOWEST: 12 ON 1 3 = THUNDER
SNOW, ICE PELLETS, HAIL 4 = ICE PELLETS
TOTAL MONTH: M 5 = HAIL
GRTST 24HR M ON M 6 = FREEZING RAIN OR DRIZZLE
GRTST DEPTH: M ON M 7 = DUSTSTORM OR SANDSTORM:
VSBY 1/2 MILE OR LESS
8 = SMOKE OR HAZE
[NO. OF DAYS WITH] [WEATHER - DAYS WITH] 9 = BLOWING SNOW
X = TORNADO
MAX 32 OR BELOW: 0 0.01 INCH OR MORE: 6
MAX 90 OR ABOVE: 0 0.10 INCH OR MORE: 3
MIN 32 OR BELOW: 31 0.50 INCH OR MORE: 0
MIN 0 OR BELOW: 0 1.00 INCH OR MORE: 0
[HDD (BASE 65) ]
TOTAL THIS MO. 859 CLEAR (SCALE 0-3) 18
DPTR FM NORMAL 5 PTCLDY (SCALE 4-7) 11
TOTAL FM JUL 1 5964 CLOUDY (SCALE 8-10) 2
DPTR FM NORMAL -66
[CDD (BASE 65) ]
TOTAL THIS MO. 0
DPTR FM NORMAL 0 [PRESSURE DATA]
TOTAL FM JAN 1 0 HIGHEST SLP M ON M
DPTR FM NORMAL 0 LOWEST SLP 29.62 ON 16
[REMARKS]
#FINAL-03-21#