000
CXUS54 KEWX 011352
CF6DRT
PRELIMINARY LOCAL CLIMATOLOGICAL DATA (WS FORM: F-6)
STATION: DEL RIO
MONTH: SEPTEMBER
YEAR: 2021
LATITUDE: 29 22 N
LONGITUDE: 100 55 W
TEMPERATURE IN F: :PCPN: SNOW: WIND :SUNSHINE: SKY :PK WND
================================================================================
1 2 3 4 5 6A 6B 7 8 9 10 11 12 13 14 15 16 17 18
12Z AVG MX 2MIN
DY MAX MIN AVG DEP HDD CDD WTR SNW DPTH SPD SPD DIR MIN PSBL S-S WX SPD DR
================================================================================
1 103 78 91 6 0 26 0.00 0.0 0 10.7 16 100 M M 0 18 26 110
2 102 82 92 7 0 27 0.00 0.0 0 11.7 20 110 M M 1 27 100
3 101 81 91 7 0 26 0.00 0.0 0 10.9 18 160 M M 1 27 110
4 102 81 92 8 0 27 0.00 0.0 0 9.8 17 160 M M 1 23 130
5 102 78 90 6 0 25 0.00 0.0 0 6.9 17 140 M M 0 23 150
6 104 79 92 8 0 27 0.00 0.0 0 8.8 21 70 M M 0 29 70
7 103 77 90 6 0 25 0.00 0.0 0 7.2 23 30 M M 0 39 30
8 105 78 92 9 0 27 0.00 0.0 M 6.1 15 120 M M 1 23 70
9 104 78 91 8 0 26 0.00 0.0 0 7.1 14 150 M M 0 20 140
10 101 71 86 3 0 21 0.00 0.0 0 4.8 15 100 M M 0 24 100
11 97 75 86 4 0 21 0.00 0.0 0 9.7 16 120 M M 0 23 150
12 98 69 84 2 0 19 0.00 0.0 0 6.9 20 130 M M 3 27 120
13 95 77 86 4 0 21 T 0.0 0 6.5 15 100 M M 5 20 110
14 99 74 87 5 0 22 0.00 0.0 0 6.4 16 100 M M 0 24 120
15 100 75 88 6 0 23 0.00 0.0 0 6.7 15 100 M M 1 21 100
16 98 76 87 6 0 22 0.00 0.0 0 7.5 15 160 M M 0 19 160
17 103 72 88 7 0 23 0.00 0.0 0 8.3 20 150 M M 0 25 150
18 102 77 90 9 0 25 T 0.0 0 7.8 30 50 M M 1 38 48 50
19 102 73 88 8 0 23 0.00 0.0 0 5.3 16 150 M M 0 20 140
20 106 76 91 11 0 26 0.00 0.0 0 9.2 16 160 M M 1 22 120
21 96 80 88 8 0 23 0.00 0.0 0 8.0 20 340 M M 1 3 29 350
22 92 67 80 0 0 15 0.00 0.0 0 4.3 14 20 M M 3 24 30
23 91 63 77 -2 0 12 0.00 0.0 0 8.8 18 160 M M 0 24 160
24 93 62 78 -1 0 13 0.00 0.0 0 10.8 20 150 M M 0 27 160
25 92 65 79 0 0 14 0.00 0.0 0 9.5 16 150 M M 0 24 150
26 93 67 80 1 0 15 0.00 0.0 0 9.9 20 160 M M 0 26 150
27 97 72 85 7 0 20 T 0.0 0 9.4 17 150 M M 0 8 24 150
28 97 76 87 9 0 22 T 0.0 0 6.8 16 200 M M 0 22 200
29 91 74 83 5 0 18 0.00 0.0 0 9.0 20 110 M M 3 24 100
30 96 72 84 6 0 19 0.32 0.0 0 10.7 24 40 M M 5 13 37 40
================================================================================
SM 2965 2225 0 653 0.32 0.0 245.5 M 27
================================================================================
AV 98.8 74.2 8.2 FASTST M M 1 MAX(MPH)
MISC ----> 30 50 48 50
================================================================================
NOTES:
# LAST OF SEVERAL OCCURRENCES
COLUMN 17 PEAK WIND IN M.P.H.
PRELIMINARY LOCAL CLIMATOLOGICAL DATA (WS FORM: F-6) , PAGE 2
STATION: DEL RIO
MONTH: SEPTEMBER
YEAR: 2021
LATITUDE: 29 22 N
LONGITUDE: 100 55 W
[TEMPERATURE DATA] [PRECIPITATION DATA] SYMBOLS USED IN COLUMN 16
AVERAGE MONTHLY: 86.5 TOTAL FOR MONTH: 0.32 1 = FOG OR MIST
DPTR FM NORMAL: 5.1 DPTR FM NORMAL: -2.31 2 = FOG REDUCING VISIBILITY
HIGHEST: 106 ON 20 GRTST 24HR 0.32 ON 30-30 TO 1/4 MILE OR LESS
LOWEST: 62 ON 24 3 = THUNDER
SNOW, ICE PELLETS, HAIL 4 = ICE PELLETS
TOTAL MONTH: 0.0 INCH 5 = HAIL
GRTST 24HR 0.0 6 = FREEZING RAIN OR DRIZZLE
GRTST DEPTH: 0 7 = DUSTSTORM OR SANDSTORM:
VSBY 1/2 MILE OR LESS
8 = SMOKE OR HAZE
[NO. OF DAYS WITH] [WEATHER - DAYS WITH] 9 = BLOWING SNOW
X = TORNADO
MAX 32 OR BELOW: 0 0.01 INCH OR MORE: 1
MAX 90 OR ABOVE: 30 0.10 INCH OR MORE: 1
MIN 32 OR BELOW: 0 0.50 INCH OR MORE: 0
MIN 0 OR BELOW: 0 1.00 INCH OR MORE: 0
[HDD (BASE 65) ]
TOTAL THIS MO. 0 CLEAR (SCALE 0-3) 28
DPTR FM NORMAL -1 PTCLDY (SCALE 4-7) 2
TOTAL FM JUL 1 0 CLOUDY (SCALE 8-10) 0
DPTR FM NORMAL 0
[CDD (BASE 65) ]
TOTAL THIS MO. 653
DPTR FM NORMAL 161 [PRESSURE DATA]
TOTAL FM JAN 1 3761 HIGHEST SLP 30.35 ON 22
DPTR FM NORMAL 437 LOWEST SLP 29.66 ON 1
[REMARKS]
#FINAL-09-21#