000
CXUS55 KTWC 022357
CLMDUG
CLIMATE REPORT
NATIONAL WEATHER SERVICE TUCSON AZ
457 PM MST WED AUG 02 2023
...................................
...THE DOUGLAS AZ CLIMATE SUMMARY FOR THE MONTH OF JULY 2023...
CLIMATE NORMAL PERIOD 1991 TO 2020
CLIMATE RECORD PERIOD 1948 TO 2023
WEATHER OBSERVED NORMAL DEPART LAST YEAR`S
VALUE DATE(S) VALUE FROM VALUE
NORMAL
..............................................................
TEMPERATURE (F)
RECORD
HIGH 109 07/03/1989
LOW 53 07/01/2004
HIGHEST 107 07/19 102 5
LOWEST 58 07/01 59 -1
AVG. MAXIMUM 102.3 93.6 8.7
AVG. MINIMUM 67.4 65.1 2.3
MEAN 84.8 79.3 5.5
DAYS MAX >= 90 31 24.6 6.4
DAYS MAX >= 100 25
DAYS MIN <= 32 0 0.0 0.0
DAYS MIN >= 80 0
PRECIPITATION (INCHES)
RECORD
MAXIMUM 10.12 2013
MINIMUM 0.00 2021
TOTALS 0.87 3.07 -2.20 MM
DAILY AVG. 0.03 0.10 -0.07 T
DAYS >= .01 8 13.1 -5.1 0
DAYS >= .10 3 6.6 -3.6 0
DAYS >= .50 0 1.7 -1.7 0
DAYS >= 1.00 0 0.6 -0.6 0
GREATEST
24 HR. TOTAL 0.33 07/11 TO 07/12 MM
DEGREE DAYS
HEATING TOTAL 0 0 0 MM
SINCE 7/1 0 0 0 MM
COOLING TOTAL 622 445 177 MM
SINCE 1/1 1112 999 113 MM
..............................................................
WIND (MPH)
AVERAGE WIND SPEED 7.8
HIGHEST WIND SPEED/DIRECTION 40/050 DATE 07/27
HIGHEST GUST SPEED/DIRECTION 59/020 DATE 07/27
AVERAGE RH (PERCENT) 38
- INDICATES NEGATIVE NUMBERS.
R INDICATES RECORD WAS SET OR TIED.
MM INDICATES DATA IS MISSING.
T INDICATES TRACE AMOUNT.
$$