000
CXUS51 KPBZ 010730
CF6DUJ
PRELIMINARY LOCAL CLIMATOLOGICAL DATA (WS FORM: F-6)
STATION: DUBOIS PA
MONTH: MAY
YEAR: 2023
LATITUDE: 41 10 N
LONGITUDE: 78 54 W
TEMPERATURE IN F: :PCPN: SNOW: WIND :SUNSHINE: SKY :PK WND
================================================================================
1 2 3 4 5 6A 6B 7 8 9 10 11 12 13 14 15 16 17 18
12Z AVG MX 2MIN
DY MAX MIN AVG DEP HDD CDD WTR SNW DPTH SPD SPD DIR MIN PSBL S-S WX SPD DR
================================================================================
1 46 34 40 -13 25 0 0.22 M M 13.0 25 240 M M 9 18 35 230
2 44 34 39 -15 26 0 0.23 M M 11.8 20 260 M M 10 18 27 250
3 47 35 41 -13 24 0 0.27 M M 9.0 18 330 M M 10 1 27 320
4 54 41 48 -6 17 0 0.19 M M 6.6 20 350 M M 9 18 24 320
5 61 37 49 -5 16 0 0.00 M M 3.8 13 70 M M 5 12 16 80
6 71 37 54 -1 11 0 0.00 M M 3.7 8 250 M M 0 12 40
7 67 49 58 3 7 0 0.15 M M 6.0 16 240 M M 9 22 220
8 70 56 63 8 2 0 0.00 M M 6.7 13 290 M M 6 16 280
9 72 49 61 5 4 0 T M M 6.4 16 340 M M 3 25 320
10 72 42 57 1 8 0 0.00 M M 3.8 14 260 M M 0 18 260
11 80 44 62 6 3 0 0.00 M M 2.0 12 50 M M 0 8 17 30
12 81 67 74 18 0 9 0.00 M M 4.7 13 260 M M 0 16 260
13 72 58 65 8 0 0 0.00 M M 4.8 12 30 M M 5 15 20
14 73 49 61 4 4 0 0.00 M M 6.8 17 20 M M 0 21 20
15 74 M M M M M 0.00 M M 5.5 14 260 M M 0 17 250
16 72 41 57 -1 8 0 0.00 M M 8.2 21 240 M M 0 26 250
17 62 39 51 -7 14 0 0.00 M M 9.3 21 330 M M 1 26 310
18 69 33 51 -7 14 0 0.00 M M 8.0 14 120 M M 0 21 180
19 72 51 62 4 3 0 0.00 M M 8.1 15 230 M M 5 22 230
20 62 45 54 -4 11 0 0.64 M M 7.9 21 300 M M 8 18 27 310
21 73 44 59 0 6 0 0.00 M M 7.1 17 320 M M 2 1 23 300
22 75 45 60 1 5 0 0.00 M M 3.3 8 10 M M 2 11 360
23 75 50 63 4 2 0 0.00 M M 4.7 12 230 M M 2 15 230
24 77 47 62 3 3 0 0.00 M M 8.3 21 350 M M 2 27 30
25 68 38 53 -7 12 0 0.00 M M 8.2 15 40 M M 0 19 30
26 73 37 55 -5 10 0 0.00 M M 4.8 13 80 M M 0 17 30
27 79 48 64 4 1 0 0.00 M M 5.0 14 120 M M 0 19 80
28 81 50 66 6 0 1 0.00 M M 3.3 12 80 M M 0 16 140
29 87 54 71 10 0 6 0.00 M M 6.6 17 70 M M 0 25 80
30 82 56 69 8 0 4 0.00 M M 7.1 13 110 M M 0 18 110
31 84 54 69 8 0 4 0.00 M M 4.3 14 90 M M 0 20 60
================================================================================
SM 2175 1364 236 24 1.70 M 198.8 M 88
================================================================================
AV 70.2 45.5 6.4 FASTST M M 3 MAX(MPH)
MISC ----> 25 240 35 230
================================================================================
NOTES:
# LAST OF SEVERAL OCCURRENCES
COLUMN 17 PEAK WIND IN M.P.H.
PRELIMINARY LOCAL CLIMATOLOGICAL DATA (WS FORM: F-6) , PAGE 2
STATION: DUBOIS PA
MONTH: MAY
YEAR: 2023
LATITUDE: 41 10 N
LONGITUDE: 78 54 W
[TEMPERATURE DATA] [PRECIPITATION DATA] SYMBOLS USED IN COLUMN 16
AVERAGE MONTHLY: 57.8 TOTAL FOR MONTH: 1.70 1 = FOG OR MIST
DPTR FM NORMAL: 0.4 DPTR FM NORMAL: -1.99 2 = FOG REDUCING VISIBILITY
HIGHEST: 87 ON 29 GRTST 24HR 0.64 ON 20-20 TO 1/4 MILE OR LESS
LOWEST: 33 ON 18 3 = THUNDER
SNOW, ICE PELLETS, HAIL 4 = ICE PELLETS
TOTAL MONTH: M 5 = HAIL
GRTST 24HR M ON M 6 = FREEZING RAIN OR DRIZZLE
GRTST DEPTH: M ON M 7 = DUSTSTORM OR SANDSTORM:
VSBY 1/2 MILE OR LESS
8 = SMOKE OR HAZE
[NO. OF DAYS WITH] [WEATHER - DAYS WITH] 9 = BLOWING SNOW
X = TORNADO
MAX 32 OR BELOW: 0 0.01 INCH OR MORE: 6
MAX 90 OR ABOVE: 0 0.10 INCH OR MORE: 6
MIN 32 OR BELOW: 0 0.50 INCH OR MORE: 1
MIN 0 OR BELOW: 0 1.00 INCH OR MORE: 0
[HDD (BASE 65) ]
TOTAL THIS MO. 236 CLEAR (SCALE 0-3) 20
DPTR FM NORMAL -28 PTCLDY (SCALE 4-7) 6
TOTAL FM JUL 1 5493 CLOUDY (SCALE 8-10) 5
DPTR FM NORMAL -1108
[CDD (BASE 65) ]
TOTAL THIS MO. 24
DPTR FM NORMAL -4 [PRESSURE DATA]
TOTAL FM JAN 1 44 HIGHEST SLP 30.35 ON 27
DPTR FM NORMAL 12 LOWEST SLP 29.25 ON 1
[REMARKS]
#FINAL-05-23#