000
CXUS53 KFGF 010815
CF6DVL
PRELIMINARY LOCAL CLIMATOLOGICAL DATA (WS FORM: F-6)
STATION: DEVILS LAKE ND
MONTH: JULY
YEAR: 2021
LATITUDE: 48 7 N
LONGITUDE: 98 54 W
TEMPERATURE IN F: :PCPN: SNOW: WIND :SUNSHINE: SKY :PK WND
================================================================================
1 2 3 4 5 6A 6B 7 8 9 10 11 12 13 14 15 16 17 18
12Z AVG MX 2MIN
DY MAX MIN AVG DEP HDD CDD WTR SNW DPTH SPD SPD DIR MIN PSBL S-S WX SPD DR
================================================================================
1 89 63 76 10 0 11 0.00 M M 3.3 9 110 M M 2 M M
2 92 66 79 13 0 14 M M M 8.8 14 160 M M 0 21 170
3 88 68 78 12 0 13 0.61 M M 14.3 28 330 M M 1 3 40 330
4 86 66 76 10 0 11 0.00 M M 12.0 21 300 M M 0 28 330
5 84 58 71 4 0 6 T M M 7.5 15 50 M M 2 8 22 50
6 67 53 60 -7 5 0 0.16 M M 12.2 16 20 M M 10 18 M M
7 69 53 61 -6 4 0 M M M 5.2 9 100 M M 6 M M
8 77 59 68 1 0 3 0.00 0.0 0 9.9 14 160 M M 2 18 140
9 78 62 70 3 0 5 0.00 M M 6.4 15 130 M M 3 22 130
10 86 54 70 2 0 5 M M M 3.3 8 20 M M 1 M M
11 90 66 78 10 0 13 M M M 9.5 16 170 M M 2 21 180
12 84 62 73 5 0 8 T M M 12.0 18 180 M M 2 3 25 180
13 83 54 69 1 0 4 M M M 7.0 15 330 M M 0 8 18 330
14 80 61 71 3 0 6 M M M 7.6 12 70 M M 0 8 M M
15 86 61 74 6 0 9 M M M 8.8 18 160 M M 1 23 160
16 86 67 77 8 0 12 M M M 13.4 23 170 M M 0 29 170
17 86 67 77 8 0 12 M M M 12.6 18 150 M M 0 22 160
18 93 69 81 12 0 16 T M M 10.0 15 160 M M 1 18 180
19 86 67 77 8 0 12 0.04 M M 11.6 37 360 M M 2 13 48 360
20 83 68 76 7 0 11 0.03 M M 13.0 31 170 M M 2 138 46 170
21 85 72 79 10 0 14 0.03 M M 15.2 23 150 M M 2 18 32 150
22 87 69 78 8 0 13 M M M 6.1 12 150 M M 0 M M
23 91 68 80 10 0 15 0.11 M M 7.5 15 260 M M 1 M M
24 84 57 71 1 0 6 M M M 11.8 24 300 M M 0 33 320
25 89 58 74 4 0 9 M M M 6.5 13 60 M M 0 M M
26 89 65 77 7 0 12 M M M 10.4 16 50 M M 0 25 50
27 87 61 74 4 0 9 M M M 8.6 15 130 M M 0 8 22 130
28 86 68 77 7 0 12 M M M 11.6 25 10 M M 1 1 33 10
29 82 51 67 -3 0 2 M M M 5.8 12 20 M M 0 M M
30 85 66 76 6 0 11 M M M 10.8 18 270 M M 2 8 20 270
31 82 56 69 -1 0 4 M M M 11.2 21 360 M M 1 8 31 330
================================================================================
SM 2620 1935 9 278 0.98 0.0 293.9 M 44
================================================================================
AV 84.5 62.4 9.5 FASTST M M 1 MAX(MPH)
MISC ----> 37 360 48 360
================================================================================
NOTES:
# LAST OF SEVERAL OCCURRENCES
COLUMN 17 PEAK WIND IN M.P.H.
PRELIMINARY LOCAL CLIMATOLOGICAL DATA (WS FORM: F-6) , PAGE 2
STATION: DEVILS LAKE ND
MONTH: JULY
YEAR: 2021
LATITUDE: 48 7 N
LONGITUDE: 98 54 W
[TEMPERATURE DATA] [PRECIPITATION DATA] SYMBOLS USED IN COLUMN 16
AVERAGE MONTHLY: 73.5 TOTAL FOR MONTH: 0.98 1 = FOG OR MIST
DPTR FM NORMAL: 5.1 DPTR FM NORMAL: M 2 = FOG REDUCING VISIBILITY
HIGHEST: 93 ON 18 GRTST 24HR 0.61 ON 3- 3 TO 1/4 MILE OR LESS
LOWEST: 51 ON 29 3 = THUNDER
SNOW, ICE PELLETS, HAIL 4 = ICE PELLETS
TOTAL MONTH: 0.0 INCH 5 = HAIL
GRTST 24HR 0.0 6 = FREEZING RAIN OR DRIZZLE
GRTST DEPTH: 0 7 = DUSTSTORM OR SANDSTORM:
VSBY 1/2 MILE OR LESS
8 = SMOKE OR HAZE
[NO. OF DAYS WITH] [WEATHER - DAYS WITH] 9 = BLOWING SNOW
X = TORNADO
MAX 32 OR BELOW: 0 0.01 INCH OR MORE: 6
MAX 90 OR ABOVE: 4 0.10 INCH OR MORE: 3
MIN 32 OR BELOW: 0 0.50 INCH OR MORE: 1
MIN 0 OR BELOW: 0 1.00 INCH OR MORE: 0
[HDD (BASE 65) ]
TOTAL THIS MO. 9 CLEAR (SCALE 0-3) 29
DPTR FM NORMAL -1 PTCLDY (SCALE 4-7) 1
TOTAL FM JUL 1 9 CLOUDY (SCALE 8-10) 1
DPTR FM NORMAL 0
[CDD (BASE 65) ]
TOTAL THIS MO. 278
DPTR FM NORMAL 163 [PRESSURE DATA]
TOTAL FM JAN 1 454 HIGHEST SLP M ON M
DPTR FM NORMAL 306 LOWEST SLP M ON M
[REMARKS]
#FINAL-07-21#